000
CXUS53 KDMX 200920
CF6MIW
PRELIMINARY LOCAL CLIMATOLOGICAL DATA (WS FORM: F-6)

                                          STATION:   MARSHALLTOWN IA
                                          MONTH:     AUGUST
                                          YEAR:      2017
                                          LATITUDE:   42  6 N
                                          LONGITUDE:  92 55 W

  TEMPERATURE IN F:       :PCPN:    SNOW:  WIND      :SUNSHINE: SKY     :PK WND
================================================================================
1   2   3   4   5  6A  6B    7    8   9   10  11  12  13   14  15   16   17  18
                                     12Z  AVG MX 2MIN
DY MAX MIN AVG DEP HDD CDD  WTR  SNW DPTH SPD SPD DIR MIN PSBL S-S WX    SPD DR
================================================================================

 1  86  59  73   1   0   8 0.01  0.0    0  3.1 13 300   M    M   1 18     15 290
 2  86  58  72   0   0   7 0.00  0.0    0  5.4 13 340   M    M   0 1      16 340
 3  78  51  65  -7   0   0 0.15  0.0    0 12.0 28 320   M    M   4 1      34 310
 4  78  49  64  -8   1   0 0.00  0.0    0  9.5 21 320   M    M   1        26 310
 5  78  49  64  -8   1   0 0.00  0.0    0  4.5 13 220   M    M   3        16 220
 6  79  56  68  -4   0   3    T  0.0    0  6.2 14 110   M    M   7        17 110
 7  80  54  67  -5   0   2 0.00  0.0    0  5.8 13  30   M    M   3 8      16  30
 8  82  49  66  -6   0   1 0.00  0.0    0  2.8  8 190   M    M   0        11 200
 9  82  55  69  -3   0   4 0.00  0.0    0  7.3 16 190   M    M   2        20 180
10  84  59  72   0   0   7    T  0.0    0  8.2 18 300   M    M   2 3      24 270
11  79  53  66  -6   0   1 0.00  0.0    0  7.7 16 340   M    M   1 1      22  10
12  80  50  65  -6   0   0 0.00  0.0    0  4.3 12  20   M    M   2        14 360
13  77  55  66  -5   0   1    T  0.0    0  7.7 15 130   M    M   2        18 130
14  79  61  70  -1   0   5 0.98  0.0    0  9.2 21  10   M    M   4 13     29  10
15  71  59  65  -6   0   0    T  0.0    0  7.8 17 120   M    M   6 12     23 110
16  83  65  74   3   0   9 0.17  0.0    0 11.6 20 130   M    M   4 13     24 130
17  77  59  68  -3   0   3    T  0.0    0 11.3 22 280   M    M   7 1      29 290
18  80  57  69  -2   0   4 0.39  0.0    0  4.4 21 360   M    M   1 13     28 350
19  81  60  71   1   0   6 0.02  0.0    0  5.4 14 100   M    M   4 13     18 100
================================================================================
SM 1520 1058         2  61  1.72     0.0 134.2          M       54
================================================================================
AV 80.0 55.7                               7.1 FASTST   M    M   3    MAX(MPH)
                                 MISC ---->  # 28 320               # 34  310
================================================================================
NOTES:
# LAST OF SEVERAL OCCURRENCES

COLUMN 17 PEAK WIND IN M.P.H.

PRELIMINARY LOCAL CLIMATOLOGICAL DATA (WS FORM: F-6) , PAGE 2

                                          STATION:  MARSHALLTOWN IA
                                          MONTH:    AUGUST
                                          YEAR:     2017
                                          LATITUDE:   42  6 N
                                          LONGITUDE:  92 55 W

[TEMPERATURE DATA]      [PRECIPITATION DATA]       SYMBOLS USED IN COLUMN 16

AVERAGE MONTHLY: 67.8   TOTAL FOR MONTH:   1.72    1 = FOG OR MIST
DPTR FM NORMAL:  -3.7   DPTR FM NORMAL:   -0.90    2 = FOG REDUCING VISIBILITY
HIGHEST:    86 ON  2, 1 GRTST 24HR  0.98 ON 14-14      TO 1/4 MILE OR LESS
LOWEST:     49 ON  8, 5                            3 = THUNDER
                        SNOW, ICE PELLETS, HAIL    4 = ICE PELLETS
                        TOTAL MONTH:   0.0 INCH    5 = HAIL
                        GRTST 24HR     0.0         6 = FREEZING RAIN OR DRIZZLE
                        GRTST DEPTH:   0           7 = DUSTSTORM OR SANDSTORM:
                                                       VSBY 1/2 MILE OR LESS
                                                   8 = SMOKE OR HAZE
[NO. OF DAYS WITH]      [WEATHER - DAYS WITH]      9 = BLOWING SNOW
                                                   X = TORNADO
MAX 32 OR BELOW:   0    0.01 INCH OR MORE:   6
MAX 90 OR ABOVE:   0    0.10 INCH OR MORE:   4
MIN 32 OR BELOW:   0    0.50 INCH OR MORE:   1
MIN  0 OR BELOW:   0    1.00 INCH OR MORE:   0

[HDD (BASE 65) ]
TOTAL THIS MO.     2    CLEAR  (SCALE 0-3)  11
DPTR FM NORMAL     0    PTCLDY (SCALE 4-7)   8
TOTAL FM JUL 1     2    CLOUDY (SCALE 8-10)  0
DPTR FM NORMAL    -6

[CDD (BASE 65) ]
TOTAL THIS MO.    61
DPTR FM NORMAL   -69    [PRESSURE DATA]
TOTAL FM JAN 1   620    HIGHEST SLP M ON M
DPTR FM NORMAL    24    LOWEST  SLP 29.68 ON 16

[REMARKS]
