000
CXUS55 KEAX 010736
CF6MKC
PRELIMINARY LOCAL CLIMATOLOGICAL DATA (WS FORM: F-6)

                                          STATION:   Downtown Kansas City MO
                                          MONTH:     AUGUST
                                          YEAR:      2015
                                          LATITUDE:   39  7 N
                                          LONGITUDE:  94 36 W

  TEMPERATURE IN F:       :PCPN:    SNOW:  WIND      :SUNSHINE: SKY     :PK WND
================================================================================
1   2   3   4   5  6A  6B    7    8   9   10  11  12  13   14  15   16   17  18
                                     12Z  AVG MX 2MIN
DY MAX MIN AVG DEP HDD CDD  WTR  SNW DPTH SPD SPD DIR MIN PSBL S-S WX    SPD DR
================================================================================

 1  94  74  84   3   0  19 0.00    M    M  5.7 22 120   M    M   2 3      31 140
 2  93  74  84   3   0  19 0.00    M    M  8.7 17 220   M    M   0        23 260
 3  92  72  82   1   0  17 0.00    M    M  6.9 20  30   M    M   0        24  30
 4  88  72  80  -1   0  15 0.10    M    M  7.2 24 220   M    M   2 13     32 190
 5  78  69  74  -7   0   9 0.07    M    M  7.0 15  70   M    M   9 1      20 120
 6  83  69  76  -5   0  11 0.00    M    M  6.7 14 140   M    M   5        19 150
 7  94  74  84   3   0  19 0.00    M    M  4.8 10  50   M    M   3        14 320
 8  93  75  84   3   0  19 0.07    M    M  9.2 23  90   M    M   1 13     29  90
 9  91  80  86   5   0  21 0.02    M    M  6.4 15  90   M    M   2 1      20 190
10  89  74  82   2   0  17 0.14    M    M  6.4 15 310   M    M   3 13     19 310
11  87  68  78  -2   0  13 0.00    M    M  6.4 16  20   M    M   1        22  20
12  88  67  78  -2   0  13 0.00    M    M  1.5  9 360   M    M   2        12  50
13  89  68  79  -1   0  14 0.00    M    M  3.8 12 200   M    M   2        16 210
14  89  71  80   0   0  15 0.00    M    M  5.0 13 180   M    M   0        17 190
15  91  68  80   0   0  15 0.00    M    M  5.6 15 170   M    M   0        19 150
16  91  72  82   2   0  17 0.00    M    M  8.7 15 210   M    M   1        21 190
17  91  74  83   3   0  18 0.00    M    M  7.5 15  40   M    M   0        20 170
18  82  66  74  -5   0   9 1.14    M    M  7.7 24 360   M    M   6 138    29 360
19  75  59  67 -12   0   2 0.00    M    M  8.4 18 280   M    M   2        25 290
20  85  58  72  -7   0   7 0.00    M    M  6.9 16 180   M    M   0        21 170
21  85  64  75  -4   0  10 0.00    M    M 10.6 18 180   M    M   3        26 200
22  87  71  79   0   0  14 0.00    M    M  9.2 21 170   M    M   3        25 180
23  79  61  70  -8   0   5    T    M    M  7.9 22 310   M    M   3 13     28 310
24  82  56  69  -9   0   4 0.00    M    M  3.9 13 290   M    M   0        20 280
25  84  59  72  -6   0   7 0.00    M    M  3.1  9 320   M    M   1        12 290
26  84  62  73  -5   0   8 0.00    M    M  5.4 13 130   M    M   1        18 120
27  77  66  72  -6   0   7 0.06    M    M  7.0 23  60   M    M   3 13     31  40
28  83  70  77   0   0  12 0.05    M    M 12.2 24 190   M    M   3 13     34 190
29  81  70  76  -1   0  11 0.00    M    M  4.9 12 360   M    M   9        14  10
30  86  68  77   0   0  12 0.00    M    M  5.1 12  80   M    M   6 128    14  80
31  92  73  83   7   0  18 0.00    M    M  7.0 15 180   M    M   1 18     19 190
================================================================================
SM 2683 2124         0 397  1.65    M    206.8          M       74
================================================================================
AV 86.5 68.5                               6.7 FASTST   M    M   2    MAX(MPH)
                                 MISC ---->  # 24 220               # 34  190
================================================================================
NOTES:
# LAST OF SEVERAL OCCURRENCES

COLUMN 17 PEAK WIND IN M.P.H.

PRELIMINARY LOCAL CLIMATOLOGICAL DATA (WS FORM: F-6) , PAGE 2

                                          STATION:  Downtown Kansas City MO
                                          MONTH:    AUGUST
                                          YEAR:     2015
                                          LATITUDE:   39  7 N
                                          LONGITUDE:  94 36 W

[TEMPERATURE DATA]      [PRECIPITATION DATA]       SYMBOLS USED IN COLUMN 16

AVERAGE MONTHLY: 77.5   TOTAL FOR MONTH:   1.65    1 = FOG OR MIST
DPTR FM NORMAL:  -1.9   DPTR FM NORMAL:   -2.74    2 = FOG REDUCING VISIBILITY
HIGHEST:    94 ON  7, 1 GRTST 24HR  1.14 ON 18-18      TO 1/4 MILE OR LESS
LOWEST:     56 ON 24                               3 = THUNDER
                        SNOW, ICE PELLETS, HAIL    4 = ICE PELLETS
                        TOTAL MONTH:    M          5 = HAIL
                        GRTST 24HR    M  ON   M    6 = FREEZING RAIN OR DRIZZLE
                        GRTST DEPTH:  M  ON   M    7 = DUSTSTORM OR SANDSTORM:
                                                       VSBY 1/2 MILE OR LESS
                                                   8 = SMOKE OR HAZE
[NO. OF DAYS WITH]      [WEATHER - DAYS WITH]      9 = BLOWING SNOW
                                                   X = TORNADO
MAX 32 OR BELOW:   0    0.01 INCH OR MORE:   8
MAX 90 OR ABOVE:  10    0.10 INCH OR MORE:   3
MIN 32 OR BELOW:   0    0.50 INCH OR MORE:   1
MIN  0 OR BELOW:   0    1.00 INCH OR MORE:   1

[HDD (BASE 65) ]
TOTAL THIS MO.     0    CLEAR  (SCALE 0-3)  24
DPTR FM NORMAL    -1    PTCLDY (SCALE 4-7)   5
TOTAL FM JUL 1     0    CLOUDY (SCALE 8-10)  2
DPTR FM NORMAL    -1

[CDD (BASE 65) ]
TOTAL THIS MO.   397
DPTR FM NORMAL   -50    [PRESSURE DATA]
TOTAL FM JAN 1  1384    HIGHEST SLP  0.00 ON M
DPTR FM NORMAL   -48    LOWEST  SLP  0.00 ON M

[REMARKS]
#FINAL-08-15#
