000
CXUS53 KGRR 251017
CF6MKG
PRELIMINARY LOCAL CLIMATOLOGICAL DATA (WS FORM: F-6)

                                          STATION:   MUSKEGON
                                          MONTH:     JULY
                                          YEAR:      2017
                                          LATITUDE:   43 10 N
                                          LONGITUDE:  86 14 W

  TEMPERATURE IN F:       :PCPN:    SNOW:  WIND      :SUNSHINE: SKY     :PK WND
================================================================================
1   2   3   4   5  6A  6B    7    8   9   10  11  12  13   14  15   16   17  18
                                     12Z  AVG MX 2MIN
DY MAX MIN AVG DEP HDD CDD  WTR  SNW DPTH SPD SPD DIR MIN PSBL S-S WX    SPD DR
================================================================================

 1  75  64  70   0   0   5 0.00  0.0    0  5.2 13 250   M    M   6 1      17 250
 2  76  60  68  -2   0   3 0.13  0.0    0  7.3 15 300   M    M   6 13     20 310
 3  81  59  70   0   0   5 0.00  0.0    0  6.1 13 320   M    M   4 1      16  50
 4  85  59  72   1   0   7 0.00  0.0    0  4.7 16 120   M    M   2        19 120
 5  84  62  73   2   0   8 0.00  0.0    0  5.6 12 260   M    M   4        17 250
 6  84  63  74   3   0   9 0.00  0.0    0  7.1 16 220   M    M   4        19 200
 7  83  64  74   3   0   9 0.63  0.0    0 10.3 36 330   M    M   5 13     44 330
 8  74  59  67  -4   0   2 0.00  0.0    0  8.8 17 300   M    M   3        22 290
 9  79  61  70  -1   0   5    T  0.0    0 11.2 18 200   M    M   5        24 220
10  79  66  73   2   0   8 0.10  0.0    0  7.4 17 210   M    M   7 1      22 210
11  85  61  73   2   0   8 0.00  0.0    0  4.4 13 250   M    M   6 12     15 250
12  80  70  75   4   0  10 0.28  0.0    0 11.8 23 170   M    M   7 13     29 170
13  79  66  73   2   0   8    T  0.0    0  8.5 16 320   M    M   8 13     24 330
14  73  60  67  -4   0   2 0.04  0.0    0  7.3 17 330   M    M   7 1      25 230
15  76  55  66  -5   0   1 0.00  0.0    0  6.9 20 180   M    M   3        28 200
16  82  62  72   1   0   7 0.00  0.0    0  9.5 17 350   M    M   3 1      22  30
17  79  60  70  -1   0   5 0.00  0.0    0  5.3 12 280   M    M   6        14 100
18  81  57  69  -2   0   4 0.00  0.0    0  5.0 12 210   M    M   4 12     16 230
19  86  69  78   7   0  13 0.00  0.0    0  6.1 22 180   M    M   5        28 190
20  81  67  74   3   0   9 0.09  0.0    0  5.6 13 250   M    M   5 1      17 280
21  86  63  75   4   0  10 0.01  0.0    0  3.5 15 230   M    M   7 1      17 230
22  81  67  74   3   0   9 0.11  0.0    0  6.3 14 270   M    M   8 12     18 290
23  80  66  73   2   0   8 0.15  0.0    0  7.5 15 360   M    M   8 12     22 330
24  82  63  73   2   0   8 0.00  0.0    0  8.7 18  50   M    M   5        31  30
================================================================================
SM 1931 1503         0 163  1.54     0.0 170.1          M      128
================================================================================
AV 80.5 62.6                               7.1 FASTST   M    M   5    MAX(MPH)
                                 MISC ---->  # 36 330               # 44  330
================================================================================
NOTES:
# LAST OF SEVERAL OCCURRENCES

COLUMN 17 PEAK WIND IN M.P.H.

PRELIMINARY LOCAL CLIMATOLOGICAL DATA (WS FORM: F-6) , PAGE 2

                                          STATION:  MUSKEGON
                                          MONTH:    JULY
                                          YEAR:     2017
                                          LATITUDE:   43 10 N
                                          LONGITUDE:  86 14 W

[TEMPERATURE DATA]      [PRECIPITATION DATA]       SYMBOLS USED IN COLUMN 16

AVERAGE MONTHLY: 71.5   TOTAL FOR MONTH:   1.54    1 = FOG OR MIST
DPTR FM NORMAL:   0.7   DPTR FM NORMAL:   -0.22    2 = FOG REDUCING VISIBILITY
HIGHEST:    86 ON 21,19 GRTST 24HR  0.63 ON  7- 7      TO 1/4 MILE OR LESS
LOWEST:     55 ON 15                               3 = THUNDER
                        SNOW, ICE PELLETS, HAIL    4 = ICE PELLETS
                        TOTAL MONTH:   0.0 INCH    5 = HAIL
                        GRTST 24HR     0.0         6 = FREEZING RAIN OR DRIZZLE
                        GRTST DEPTH:   0           7 = DUSTSTORM OR SANDSTORM:
                                                       VSBY 1/2 MILE OR LESS
                                                   8 = SMOKE OR HAZE
[NO. OF DAYS WITH]      [WEATHER - DAYS WITH]      9 = BLOWING SNOW
                                                   X = TORNADO
MAX 32 OR BELOW:   0    0.01 INCH OR MORE:   9
MAX 90 OR ABOVE:   0    0.10 INCH OR MORE:   6
MIN 32 OR BELOW:   0    0.50 INCH OR MORE:   1
MIN  0 OR BELOW:   0    1.00 INCH OR MORE:   0

[HDD (BASE 65) ]
TOTAL THIS MO.     0    CLEAR  (SCALE 0-3)   3
DPTR FM NORMAL    -4    PTCLDY (SCALE 4-7)  20
TOTAL FM JUL 1     0    CLOUDY (SCALE 8-10)  1
DPTR FM NORMAL    -4

[CDD (BASE 65) ]
TOTAL THIS MO.   163
DPTR FM NORMAL     4    [PRESSURE DATA]
TOTAL FM JAN 1   315    HIGHEST SLP M ON M
DPTR FM NORMAL    22    LOWEST  SLP 29.74 ON 23

[REMARKS]
