000
CXUS53 KGRR 221017
CF6MKG
PRELIMINARY LOCAL CLIMATOLOGICAL DATA (WS FORM: F-6)

                                          STATION:   MUSKEGON
                                          MONTH:     MARCH
                                          YEAR:      2017
                                          LATITUDE:   43 10 N
                                          LONGITUDE:  86 14 W

  TEMPERATURE IN F:       :PCPN:    SNOW:  WIND      :SUNSHINE: SKY     :PK WND
================================================================================
1   2   3   4   5  6A  6B    7    8   9   10  11  12  13   14  15   16   17  18
                                     12Z  AVG MX 2MIN
DY MAX MIN AVG DEP HDD CDD  WTR  SNW DPTH SPD SPD DIR MIN PSBL S-S WX    SPD DR
================================================================================

 1  50  28  39   9  26   0 0.20  1.1    0 12.2 28 330   M    M  10 12     38 310
 2  30  26  28  -2  37   0    T    T    1 12.1 22 290   M    M  10        30 310
 3  29  15  22  -9  43   0 0.01  0.4    1 11.2 26 340   M    M   7 1      35 330
 4  35  14  25  -6  40   0 0.00  0.0    T 10.9 20 120   M    M   4        23 100
 5  53  27  40   9  25   0    T  0.0    0 16.2 24 130   M    M   6        28 120
 6  61  49  55  23  10   0    T  0.0    0 20.4 32 180   M    M  10 1      46 170
 7  62  38  50  18  15   0 0.04  0.0    0 18.9 36 210   M    M   6 1      52 200
 8  45  36  41   9  24   0    T  0.0    0 21.0 31 240   M    M   3        46 230
 9  39  30  35   3  30   0 0.00  0.0    0  9.8 24 280   M    M   7        31 290
10  32  19  26  -7  39   0    T    T    0 14.9 25 330   M    M   7 1      34 310
11  25  16  21 -12  44   0    T    T    0 12.6 23 340   M    M   9        29 340
12  32  19  26  -8  39   0    T    T    0  5.5 14 120   M    M   8        17 120
13  29  20  25  -9  40   0 0.17  1.8    1  9.2 16 110   M    M  10 1      20 120
14  28  16  22 -12  43   0 0.02  0.4    2 12.1 24 340   M    M   6 18     32 340
15  32  18  25  -9  40   0    T  0.1    1  9.9 23 300   M    M   6 18     30 320
16  39  17  28  -7  37   0 0.00  0.0    T  6.2 15 240   M    M   2        20 280
17  37  23  30  -5  35   0 0.11  0.7    0  8.8 17 130   M    M   8 1      24 130
18  40  36  38   2  27   0 0.07  0.0    0 10.7 18 320   M    M  10 1      25 290
19  45  33  39   3  26   0 0.00  0.0    0  6.4 25 340   M    M   8 3      30 340
20  52  38  45   9  20   0 0.18  0.0    0  6.7 16 190   M    M   7 13     21 190
21  48  25  37   0  28   0 0.00  0.0    0 12.6 25 340   M    M   3 1      33 330
================================================================================
SM  843  543       668   0  0.80     4.5 248.3          M      147
================================================================================
AV 40.1 25.9                              11.8 FASTST   M    M   7    MAX(MPH)
                                 MISC ---->  # 36 210               # 52  200
================================================================================
NOTES:
# LAST OF SEVERAL OCCURRENCES

COLUMN 17 PEAK WIND IN M.P.H.

PRELIMINARY LOCAL CLIMATOLOGICAL DATA (WS FORM: F-6) , PAGE 2

                                          STATION:  MUSKEGON
                                          MONTH:    MARCH
                                          YEAR:     2017
                                          LATITUDE:   43 10 N
                                          LONGITUDE:  86 14 W

[TEMPERATURE DATA]      [PRECIPITATION DATA]       SYMBOLS USED IN COLUMN 16

AVERAGE MONTHLY: 33.0   TOTAL FOR MONTH:   0.80    1 = FOG OR MIST
DPTR FM NORMAL:  -0.2   DPTR FM NORMAL:   -0.69    2 = FOG REDUCING VISIBILITY
HIGHEST:    62 ON  7    GRTST 24HR  0.20 ON  1- 1      TO 1/4 MILE OR LESS
LOWEST:     14 ON  4                               3 = THUNDER
                        SNOW, ICE PELLETS, HAIL    4 = ICE PELLETS
                        TOTAL MONTH:   4.5 INCHES  5 = HAIL
                        GRTST 24HR   1.8 ON   M    6 = FREEZING RAIN OR DRIZZLE
                        GRTST DEPTH:   2 ON 14     7 = DUSTSTORM OR SANDSTORM:
                                                       VSBY 1/2 MILE OR LESS
                                                   8 = SMOKE OR HAZE
[NO. OF DAYS WITH]      [WEATHER - DAYS WITH]      9 = BLOWING SNOW
                                                   X = TORNADO
MAX 32 OR BELOW:   8    0.01 INCH OR MORE:   8
MAX 90 OR ABOVE:   0    0.10 INCH OR MORE:   4
MIN 32 OR BELOW:  15    0.50 INCH OR MORE:   0
MIN  0 OR BELOW:   0    1.00 INCH OR MORE:   0

[HDD (BASE 65) ]
TOTAL THIS MO.   668    CLEAR  (SCALE 0-3)   2
DPTR FM NORMAL     1    PTCLDY (SCALE 4-7)  12
TOTAL FM JUL 1  4533    CLOUDY (SCALE 8-10)  7
DPTR FM NORMAL  -866

[CDD (BASE 65) ]
TOTAL THIS MO.     0
DPTR FM NORMAL     0    [PRESSURE DATA]
TOTAL FM JAN 1     0    HIGHEST SLP M ON M
DPTR FM NORMAL     0    LOWEST  SLP 29.34 ON  1

[REMARKS]
