078
CXUS54 KTSA 280840
CF6MKO
PRELIMINARY LOCAL CLIMATOLOGICAL DATA (WS FORM: F-6)

                                          STATION:   MUSKOGEE OKLAHOMA
                                          MONTH:     APRIL
                                          YEAR:      2016
                                          LATITUDE:   35 40 N
                                          LONGITUDE:  95 22 W

  TEMPERATURE IN F:       :PCPN:    SNOW:  WIND      :SUNSHINE: SKY     :PK WND
================================================================================
1   2   3   4   5  6A  6B    7    8   9   10  11  12  13   14  15   16   17  18
                                     12Z  AVG MX 2MIN
DY MAX MIN AVG DEP HDD CDD  WTR  SNW DPTH SPD SPD DIR MIN PSBL S-S WX    SPD DR
================================================================================

 1  64  42  53  -3  12   0 0.00  0.0    0 10.8 21 330   M    M   0        27  10
 2  71  33  52  -5  13   0 0.00  0.0    0  7.4 20 290   M    M   0        25 270
 3  78  43  61   4   4   0 0.00  0.0    0 11.2 24 220   M    M   0        33 200
 4  84  51  68  11   0   3 0.00  0.0    0  8.6 16  20   M    M   0        22  40
 5  86  49  68  10   0   3 0.00  0.0    0 13.0 24 180   M    M   0        32 160
 6  73  49  61   3   4   0    T    M    0 16.7 32 320   M    M   1        45 320
 7  78  44  61   3   4   0 0.00  0.0    0 11.8 30 340   M    M   0        36 340
 8  71  38  55  -3  10   0 0.00  0.0    0  5.9 15 310   M    M   0        19  10
 9  76  39  58  -1   7   0 0.03    M    0  9.6 23 200   M    M   2        29 190
10  75  55  65   6   0   0    T  0.0    0 16.4 31 200   M    M   7 3      43 210
11  71  50  61   2   4   0 0.27  0.0    0 12.3 24  30   M    M   6 13     31 150
12  70  45  58  -1   7   0 0.00  0.0    0  6.6 13  20   M    M   0        15  20
13  64  50  57  -3   8   0 0.10  0.0    0  4.6 10  60   M    M   8        13 140
14  73  47  60   0   5   0 0.00  0.0    0  4.0 12 140   M    M   4        14 160
15  75  49  62   2   3   0    T    M    0 11.1 22 130   M    M   2        28 120
16  71  61  66   6   0   1 0.00  0.0    0 16.1 24 110   M    M   9        32 110
17  74  62  68   7   0   3 1.26  0.0    0 14.1 28 130   M    M   6 13     35 140
18  69  62  66   5   0   1 0.81  0.0    0  6.8 18 130   M    M  10 13     25 130
19  69  58  64   3   1   0 0.79  0.0    0  4.2 22 240   M    M  10 123    35 230
20  70  54  62   1   3   0 0.10  0.0    0  4.3 13 300   M    M   6 13     17 320
21  76  49  63   1   2   0 0.00  0.0    0  7.0 15 340   M    M   2 12     23 300
22  81  49  65   3   0   0 0.00  0.0    0  3.9 13 350   M    M   1        18 350
23  83  50  67   5   0   2 0.00  0.0    0  6.6 16 190   M    M   1 12     18 180
24  80  55  68   6   0   3 0.00  0.0    0 11.6 24 180   M    M   1        31 180
25  82  60  71   8   0   6 0.00  0.0    0  8.8 16 170   M    M   7 8      23 170
26  86  60  73  10   0   8 0.76  0.0    0 11.9 32 270   M    M   7 13     41 270
27  79  54  67   4   0   2 0.09  0.0    0  8.6 26  90   M    M   1 13     33 100
================================================================================
SM 2029 1358        87  32  4.21     0.0 253.9          M       91
================================================================================
AV 75.1 50.3                               9.4 FASTST   M    M   3    MAX(MPH)
                                 MISC ---->  # 32 320               # 45  320
================================================================================
NOTES:
# LAST OF SEVERAL OCCURRENCES

COLUMN 17 PEAK WIND IN M.P.H.

PRELIMINARY LOCAL CLIMATOLOGICAL DATA (WS FORM: F-6) , PAGE 2

                                          STATION:  MUSKOGEE OKLAHOMA
                                          MONTH:    APRIL
                                          YEAR:     2016
                                          LATITUDE:   35 40 N
                                          LONGITUDE:  95 22 W

[TEMPERATURE DATA]      [PRECIPITATION DATA]       SYMBOLS USED IN COLUMN 16

AVERAGE MONTHLY: 62.7   TOTAL FOR MONTH:   4.21    1 = FOG OR MIST
DPTR FM NORMAL:   2.9   DPTR FM NORMAL:    0.72    2 = FOG REDUCING VISIBILITY
HIGHEST:    86 ON 26, 5 GRTST 24HR  1.86 ON 17-18      TO 1/4 MILE OR LESS
LOWEST:     33 ON  2                               3 = THUNDER
                        SNOW, ICE PELLETS, HAIL    4 = ICE PELLETS
                        TOTAL MONTH:   0.0 INCH    5 = HAIL
                        GRTST 24HR     0.0         6 = FREEZING RAIN OR DRIZZLE
                        GRTST DEPTH:   0           7 = DUSTSTORM OR SANDSTORM:
                                                       VSBY 1/2 MILE OR LESS
                                                   8 = SMOKE OR HAZE
[NO. OF DAYS WITH]      [WEATHER - DAYS WITH]      9 = BLOWING SNOW
                                                   X = TORNADO
MAX 32 OR BELOW:   0    0.01 INCH OR MORE:   9
MAX 90 OR ABOVE:   0    0.10 INCH OR MORE:   7
MIN 32 OR BELOW:   0    0.50 INCH OR MORE:   4
MIN  0 OR BELOW:   0    1.00 INCH OR MORE:   1

[HDD (BASE 65) ]
TOTAL THIS MO.    87    CLEAR  (SCALE 0-3)  16
DPTR FM NORMAL   -86    PTCLDY (SCALE 4-7)   8
TOTAL FM JUL 1  2679    CLOUDY (SCALE 8-10)  3
DPTR FM NORMAL  -775

[CDD (BASE 65) ]
TOTAL THIS MO.    32
DPTR FM NORMAL    -4    [PRESSURE DATA]
TOTAL FM JAN 1    42    HIGHEST SLP M ON M
DPTR FM NORMAL    -4    LOWEST  SLP 29.47 ON 27

[REMARKS]
