000
CXUS54 KTSA 220840
CF6MKO
PRELIMINARY LOCAL CLIMATOLOGICAL DATA (WS FORM: F-6)

                                          STATION:   MUSKOGEE OKLAHOMA
                                          MONTH:     OCTOBER
                                          YEAR:      2014
                                          LATITUDE:   35 40 N
                                          LONGITUDE:  95 22 W

  TEMPERATURE IN F:       :PCPN:    SNOW:  WIND      :SUNSHINE: SKY     :PK WND
================================================================================
1   2   3   4   5  6A  6B    7    8   9   10  11  12  13   14  15   16   17  18
                                     12Z  AVG MX 2MIN
DY MAX MIN AVG DEP HDD CDD  WTR  SNW DPTH SPD SPD DIR MIN PSBL S-S WX    SPD DR
================================================================================

 1  89  66  78  12   0  13 0.00  0.0    0 10.6 21 170   M    M   2        28 190
 2  82  59  71   5   0   6 1.23  0.0    0  8.4 23 220   M    M   6 13     29 210
 3  69  41  55 -11  10   0 0.00  0.0    0 10.5 29  10   M    M   1        35 340
 4  72  40  56 -10   9   0 0.00  0.0    0  5.8 14 240   M    M   0 8      17 250
 5  80  51  66   1   0   1 0.19  0.0    0  8.4 24 320   M    M   0 13     30 330
 6  80  54  67   2   0   2 0.00  0.0    0  5.2 15 210   M    M   1 12     19 200
 7  88  63  76  11   0  11 0.00  0.0    0  6.0 14 220   M    M   0        19 230
 8  85  68  77  13   0  12 0.00  0.0    0  7.7 17 160   M    M   3 1      22 190
 9  86  67  77  13   0  12 0.00  0.0    0  8.3 17 190   M    M   4 1      21 200
10  75  56  66   2   0   1 3.39  0.0    0 11.3 29  20   M    M   9 13     36  20
11  57  52  55  -8  10   0 0.16  0.0    0  9.6 16 360   M    M  10 1      20 350
12  67  54  61  -2   4   0    T  0.0    0  9.4 17 150   M    M   9 1      23 160
13  67  55  61  -2   4   0 0.84  0.0    0 11.6 30 340   M    M  10 13     37 330
14  70  49  60  -2   5   0 0.00  0.0    0 13.7 25 310   M    M   0        33 310
15  73  43  58  -4   7   0 0.00  0.0    0  6.0 15 300   M    M   0 8      21 320
16  84  44  64   2   1   0 0.00  0.0    0  8.4 18 170   M    M   0        23 180
17  80  51  66   4   0   1 0.00  0.0    0  7.8 17  10   M    M   0 18     21  10
18  71  49  60  -1   5   0 0.00  0.0    0  6.7 15  30   M    M   0        19  40
19  71  46  59  -2   6   0 0.00  0.0    0  5.5 14 170   M    M   0 1      17 170
20  78  53  66   5   0   1 0.01  0.0    0  4.2 10 120   M    M   4 1      13 230
21  80  56  68   8   0   3 0.00  0.0    0  3.5  9 180   M    M   2 12     12 150
================================================================================
SM 1604 1117        61  63  5.82     0.0 168.6          M       61
================================================================================
AV 76.4 53.2                               8.0 FASTST   M    M   3    MAX(MPH)
                                 MISC ---->  # 30 340               # 37  330
================================================================================
NOTES:
# LAST OF SEVERAL OCCURRENCES

COLUMN 17 PEAK WIND IN M.P.H.

PRELIMINARY LOCAL CLIMATOLOGICAL DATA (WS FORM: F-6) , PAGE 2

                                          STATION:  MUSKOGEE OKLAHOMA
                                          MONTH:    OCTOBER
                                          YEAR:     2014
                                          LATITUDE:   35 40 N
                                          LONGITUDE:  95 22 W

[TEMPERATURE DATA]      [PRECIPITATION DATA]       SYMBOLS USED IN COLUMN 16

AVERAGE MONTHLY: 64.8   TOTAL FOR MONTH:   5.82    1 = FOG OR MIST
DPTR FM NORMAL:   1.4   DPTR FM NORMAL:    2.49    2 = FOG REDUCING VISIBILITY
HIGHEST:    89 ON  1    GRTST 24HR  3.43 ON 10-11      TO 1/4 MILE OR LESS
LOWEST:     40 ON  4                               3 = THUNDER
                        SNOW, ICE PELLETS, HAIL    4 = ICE PELLETS
                        TOTAL MONTH:   0.0 INCH    5 = HAIL
                        GRTST 24HR     0.0         6 = FREEZING RAIN OR DRIZZLE
                        GRTST DEPTH:   0           7 = DUSTSTORM OR SANDSTORM:
                                                       VSBY 1/2 MILE OR LESS
                                                   8 = SMOKE OR HAZE
[NO. OF DAYS WITH]      [WEATHER - DAYS WITH]      9 = BLOWING SNOW
                                                   X = TORNADO
MAX 32 OR BELOW:   0    0.01 INCH OR MORE:   6
MAX 90 OR ABOVE:   0    0.10 INCH OR MORE:   5
MIN 32 OR BELOW:   0    0.50 INCH OR MORE:   3
MIN  0 OR BELOW:   0    1.00 INCH OR MORE:   2

[HDD (BASE 65) ]
TOTAL THIS MO.    61    CLEAR  (SCALE 0-3)  13
DPTR FM NORMAL   -22    PTCLDY (SCALE 4-7)   4
TOTAL FM JUL 1    72    CLOUDY (SCALE 8-10)  4
DPTR FM NORMAL   -30

[CDD (BASE 65) ]
TOTAL THIS MO.    63
DPTR FM NORMAL    10    [PRESSURE DATA]
TOTAL FM JAN 1  1732    HIGHEST SLP M ON M
DPTR FM NORMAL   -99    LOWEST  SLP 29.47 ON 13

[REMARKS]
