852
CXUS54 KTSA 210940
CF6MKO
PRELIMINARY LOCAL CLIMATOLOGICAL DATA (WS FORM: F-6)

                                          STATION:   MUSKOGEE OKLAHOMA
                                          MONTH:     NOVEMBER
                                          YEAR:      2017
                                          LATITUDE:   35 40 N
                                          LONGITUDE:  95 22 W

  TEMPERATURE IN F:       :PCPN:    SNOW:  WIND      :SUNSHINE: SKY     :PK WND
================================================================================
1   2   3   4   5  6A  6B    7    8   9   10  11  12  13   14  15   16   17  18
                                     12Z  AVG MX 2MIN
DY MAX MIN AVG DEP HDD CDD  WTR  SNW DPTH SPD SPD DIR MIN PSBL S-S WX    SPD DR
================================================================================

 1  72  39  56  -1   9   0    T  0.0    0 11.3 24 160   M    M   5        32 160
 2  85  58  72  16   0   7 0.00  0.0    0 11.1 22 220   M    M   0        32 220
 3  61  54  58   2   7   0 0.00  0.0    0  6.7 14 350   M    M   8 1      17 350
 4  83  54  69  13   0   4 0.00  0.0    0  7.9 20 200   M    M   6 12     24 200
 5  87  55  71  16   0   6 0.00  0.0    0 15.3 24 200   M    M   3        33 320
 6  55  44  50  -5  15   0 0.02  0.0    0  9.0 15 330   M    M   8 18     19 350
 7  46  44  45  -9  20   0    T  0.0    0 11.8 18 350   M    M  10 1      23 350
 8  55  37  46  -8  19   0    T  0.0    0  7.6 15 350   M    M   6        19  10
 9  62  29  46  -8  19   0 0.00  0.0    0  1.6  6  20   M    M   1 12      8 350
10  63  33  48  -5  17   0 0.00  0.0    0  7.2 17 130   M    M   0 1      26 120
11  56  44  50  -3  15   0 0.00  0.0    0 11.0 20 140   M    M   9        26 150
12  64  45  55   3  10   0    T  0.0    0  8.3 21 350   M    M   5        25  10
13  63  40  52   0  13   0 0.00  0.0    0  6.9 15 140   M    M   6 1      20 140
14  60  50  55   4  10   0 0.01  0.0    0 11.5 18 140   M    M   8        25 140
15  68  42  55   4  10   0 0.02  0.0    0  9.2 21 350   M    M   6 1      24 340
16  65  37  51   1  14   0    T  0.0    0  9.4 17 130   M    M   5        22 130
17  80  57  69  19   0   4    T  0.0    0 16.4 31 190   M    M   6        45 200
18  73  40  57   7   8   0 0.00  0.0    0 16.2 35 340   M    M   3        43 320
19  59  31  45  -4  20   0 0.00  0.0    0  3.8 10 320   M    M   0        13 330
20  63  32  48  -1  17   0    T    M    0 10.6 25 190   M    M   0        33 190
================================================================================
SM 1320  865       223  21  0.05     0.0 192.8          M       95
================================================================================
AV 66.0 43.3                               9.6 FASTST   M    M   5    MAX(MPH)
                                 MISC ---->  # 35 340               # 45  200
================================================================================
NOTES:
# LAST OF SEVERAL OCCURRENCES

COLUMN 17 PEAK WIND IN M.P.H.

PRELIMINARY LOCAL CLIMATOLOGICAL DATA (WS FORM: F-6) , PAGE 2

                                          STATION:  MUSKOGEE OKLAHOMA
                                          MONTH:    NOVEMBER
                                          YEAR:     2017
                                          LATITUDE:   35 40 N
                                          LONGITUDE:  95 22 W

[TEMPERATURE DATA]      [PRECIPITATION DATA]       SYMBOLS USED IN COLUMN 16

AVERAGE MONTHLY: 54.6   TOTAL FOR MONTH:   0.05    1 = FOG OR MIST
DPTR FM NORMAL:   1.8   DPTR FM NORMAL:   -2.99    2 = FOG REDUCING VISIBILITY
HIGHEST:    87 ON  5    GRTST 24HR  0.02 ON 15-15      TO 1/4 MILE OR LESS
LOWEST:     29 ON  9                               3 = THUNDER
                        SNOW, ICE PELLETS, HAIL    4 = ICE PELLETS
                        TOTAL MONTH:   0.0 INCH    5 = HAIL
                        GRTST 24HR     0.0         6 = FREEZING RAIN OR DRIZZLE
                        GRTST DEPTH:   0           7 = DUSTSTORM OR SANDSTORM:
                                                       VSBY 1/2 MILE OR LESS
                                                   8 = SMOKE OR HAZE
[NO. OF DAYS WITH]      [WEATHER - DAYS WITH]      9 = BLOWING SNOW
                                                   X = TORNADO
MAX 32 OR BELOW:   0    0.01 INCH OR MORE:   3
MAX 90 OR ABOVE:   0    0.10 INCH OR MORE:   0
MIN 32 OR BELOW:   3    0.50 INCH OR MORE:   0
MIN  0 OR BELOW:   0    1.00 INCH OR MORE:   0

[HDD (BASE 65) ]
TOTAL THIS MO.   223    CLEAR  (SCALE 0-3)   6
DPTR FM NORMAL   -27    PTCLDY (SCALE 4-7)  11
TOTAL FM JUL 1   390    CLOUDY (SCALE 8-10)  3
DPTR FM NORMAL   -36

[CDD (BASE 65) ]
TOTAL THIS MO.    21
DPTR FM NORMAL    17    [PRESSURE DATA]
TOTAL FM JAN 1  1911    HIGHEST SLP M ON M
DPTR FM NORMAL    68    LOWEST  SLP 29.46 ON 18

[REMARKS]
