000
CXUS52 KMLB 181122
CF6MLB
PRELIMINARY LOCAL CLIMATOLOGICAL DATA (WS FORM: F-6)

                                          STATION:   MELBOURNE
                                          MONTH:     APRIL
                                          YEAR:      2014
                                          LATITUDE:   28  6 N
                                          LONGITUDE:  80 39 W

  TEMPERATURE IN F:       :PCPN:    SNOW:  WIND      :SUNSHINE: SKY     :PK WND
================================================================================
1   2   3   4   5  6A  6B    7    8   9   10  11  12  13   14  15   16   17  18
                                     12Z  AVG MX 2MIN
DY MAX MIN AVG DEP HDD CDD  WTR  SNW DPTH SPD SPD DIR MIN PSBL S-S WX    SPD DR
================================================================================

 1  77  47  62  -6   3   0 0.00  0.0    0  5.3 12  70   M    M   0        16  70
 2  78  53  66  -2   0   1 0.00  0.0    0  7.8 18 100   M    M   0        22 100
 3  80  57  69   1   0   4 0.00  0.0    0  9.2 21 140   M    M   1        26 140
 4  83  59  71   3   0   6 0.00  0.0    0  9.1 17 120   M    M   2        22 120
 5  80  65  73   4   0   8 0.00  0.0    0  8.6 14  60   M    M   2 1      17  70
 6  85  68  77   8   0  12 0.00  0.0    0 10.8 18 140   M    M   1        23 140
 7  91  68  80  11   0  15 0.12  0.0    0 10.7 22 170   M    M   1        27 160
 8  80  64  72   3   0   7 0.73  0.0    0 12.9 30 240   M    M   7 13     43 210
 9  76  56  66  -3   0   1 0.00  0.0    0  9.9 22 310   M    M   3        28 280
10  76  53  65  -4   0   0 0.00  0.0    0  8.5 15  40   M    M   1        18  50
11  79  61  70   0   0   5 0.03  0.0    0 10.8 20 100   M    M   6 8      24 100
12  81  70  76   6   0  11 0.02  0.0    0 10.4 17  40   M    M   2        23  40
13  81  70  76   6   0  11 0.04  0.0    0 13.0 18 100   M    M   2 1      23 100
14  83  73  78   8   0  13    T  0.0    0 11.4 22 130   M    M   3        28 140
15  89  69  79   9   0  14 0.67  0.0    0 10.9 33 260   M    M   3 138    45 260
16  76  56  66  -4   0   1 0.00  0.0    0 15.0 22  50   M    M   8        27 360
17  76  71  74   3   0   9    T  0.0    0 16.4 23  60   M    M   9        28  60
================================================================================
SM 1371 1060         3 118  1.61     0.0 180.7          M       51
================================================================================
AV 80.6 62.4                              10.6 FASTST   M    M   3    MAX(MPH)
                                 MISC ---->  # 33 260               # 45  260
================================================================================
NOTES:
# LAST OF SEVERAL OCCURRENCES

COLUMN 17 PEAK WIND IN M.P.H.

PRELIMINARY LOCAL CLIMATOLOGICAL DATA (WS FORM: F-6) , PAGE 2

                                          STATION:  MELBOURNE
                                          MONTH:    APRIL
                                          YEAR:     2014
                                          LATITUDE:   28  6 N
                                          LONGITUDE:  80 39 W

[TEMPERATURE DATA]      [PRECIPITATION DATA]       SYMBOLS USED IN COLUMN 16

AVERAGE MONTHLY: 71.5   TOTAL FOR MONTH:   1.61    1 = FOG OR MIST
DPTR FM NORMAL:   2.3   DPTR FM NORMAL:    0.33    2 = FOG REDUCING VISIBILITY
HIGHEST:    91 ON  7    GRTST 24HR  0.85 ON  7- 8      TO 1/4 MILE OR LESS
LOWEST:     47 ON  1                               3 = THUNDER
                        SNOW, ICE PELLETS, HAIL    4 = ICE PELLETS
                        TOTAL MONTH:   0.0 INCH    5 = HAIL
                        GRTST 24HR     0.0         6 = FREEZING RAIN OR DRIZZLE
                        GRTST DEPTH:   0           7 = DUSTSTORM OR SANDSTORM:
                                                       VSBY 1/2 MILE OR LESS
                                                   8 = SMOKE OR HAZE
[NO. OF DAYS WITH]      [WEATHER - DAYS WITH]      9 = BLOWING SNOW
                                                   X = TORNADO
MAX 32 OR BELOW:   0    0.01 INCH OR MORE:   6
MAX 90 OR ABOVE:   1    0.10 INCH OR MORE:   3
MIN 32 OR BELOW:   0    0.50 INCH OR MORE:   2
MIN  0 OR BELOW:   0    1.00 INCH OR MORE:   0

[HDD (BASE 65) ]
TOTAL THIS MO.     3    CLEAR  (SCALE 0-3)  13
DPTR FM NORMAL   -12    PTCLDY (SCALE 4-7)   2
TOTAL FM JUL 1   358    CLOUDY (SCALE 8-10)  2
DPTR FM NORMAL  -217

[CDD (BASE 65) ]
TOTAL THIS MO.   118
DPTR FM NORMAL    33    [PRESSURE DATA]
TOTAL FM JAN 1   397    HIGHEST SLP M ON M
DPTR FM NORMAL   115    LOWEST  SLP 29.69 ON  8

[REMARKS]
