000
CXUS54 KTSA 230840
CF6MLC
PRELIMINARY LOCAL CLIMATOLOGICAL DATA (WS FORM: F-6)

                                          STATION:   MCALESTER OKLAHOMA
                                          MONTH:     OCTOBER
                                          YEAR:      2014
                                          LATITUDE:   34 52 N
                                          LONGITUDE:  95 47 W

  TEMPERATURE IN F:       :PCPN:    SNOW:  WIND      :SUNSHINE: SKY     :PK WND
================================================================================
1   2   3   4   5  6A  6B    7    8   9   10  11  12  13   14  15   16   17  18
                                     12Z  AVG MX 2MIN
DY MAX MIN AVG DEP HDD CDD  WTR  SNW DPTH SPD SPD DIR MIN PSBL S-S WX    SPD DR
================================================================================

 1  90  71  81  13   0  16 0.00  0.0    0  8.8 17 200   M    M   1        25 210
 2  86  61  74   7   0   9 2.21  0.0    0 10.0 23 330   M    M   5 138    34 280
 3  71  42  57 -10   8   0 0.00  0.0    0  7.5 24 360   M    M   2        29 320
 4  75  40  58  -9   7   0 0.00  0.0    0  5.5 14 260   M    M   3        17 250
 5  81  56  69   3   0   4    T  0.0    0  6.4 14 220   M    M   0 3      18 220
 6  85  59  72   6   0   7 0.15  0.0    0  4.8 18 330   M    M   1 13     25 330
 7  90  66  78  12   0  13 0.00  0.0    0  7.5 16 210   M    M   1        22 270
 8  86  71  79  14   0  14 0.00  0.0    0  6.8 13 190   M    M   2        21 180
 9  87  73  80  15   0  15    T  0.0    0  7.3 16 210   M    M   4        20 210
10  79  59  69   4   0   4 2.54  0.0    0  9.9 40 320   M    M   8 138    57 300
11  59  54  57  -7   8   0 0.11  0.0    0  9.0 17 360   M    M   9 13     21  10
12  70  54  62  -2   3   0    T  0.0    0  7.9 16 170   M    M   9 13     26 170
13  70  57  64   0   1   0 1.53  0.0    0 10.3 29 240   M    M   9 13     37 240
14  72  43  58  -6   7   0 0.00  0.0    0  9.2 24 330   M    M   2        31 300
15  76  41  59  -4   6   0 0.00  0.0    0  2.9 15 340   M    M   2 8      18 340
16  84  46  65   2   0   0 0.00  0.0    0  5.2 16 200   M    M   2        23 180
17  81  51  66   3   0   1 0.00  0.0    0  5.0 18  10   M    M   1 8      22  10
18  73  49  61  -1   4   0 0.00  0.0    0  4.7 15  10   M    M   2        18  20
19  73  47  60  -2   5   0 0.00  0.0    0  3.3  9 210   M    M   2        15 220
20  81  54  68   6   0   3 0.00  0.0    0  3.2 15 210   M    M   3 18     20 210
21  82  57  70   8   0   5 0.00  0.0    0  1.1  7 360   M    M   3 1       9 120
22  79  58  69   8   0   4 0.00  0.0    0  2.5 10 170   M    M   3 1      16 190
================================================================================
SM 1730 1209        49  95  6.54     0.0 138.8          M       74
================================================================================
AV 78.6 55.0                               6.3 FASTST   M    M   3    MAX(MPH)
                                 MISC ---->  # 40 320               # 57  300
================================================================================
NOTES:
# LAST OF SEVERAL OCCURRENCES

COLUMN 17 PEAK WIND IN M.P.H.

PRELIMINARY LOCAL CLIMATOLOGICAL DATA (WS FORM: F-6) , PAGE 2

                                          STATION:  MCALESTER OKLAHOMA
                                          MONTH:    OCTOBER
                                          YEAR:     2014
                                          LATITUDE:   34 52 N
                                          LONGITUDE:  95 47 W

[TEMPERATURE DATA]      [PRECIPITATION DATA]       SYMBOLS USED IN COLUMN 16

AVERAGE MONTHLY: 66.8   TOTAL FOR MONTH:   6.54    1 = FOG OR MIST
DPTR FM NORMAL:   2.4   DPTR FM NORMAL:    3.43    2 = FOG REDUCING VISIBILITY
HIGHEST:    90 ON  7, 1 GRTST 24HR  2.65 ON 10-11      TO 1/4 MILE OR LESS
LOWEST:     40 ON  4                               3 = THUNDER
                        SNOW, ICE PELLETS, HAIL    4 = ICE PELLETS
                        TOTAL MONTH:   0.0 INCH    5 = HAIL
                        GRTST 24HR     0.0         6 = FREEZING RAIN OR DRIZZLE
                        GRTST DEPTH:   0           7 = DUSTSTORM OR SANDSTORM:
                                                       VSBY 1/2 MILE OR LESS
                                                   8 = SMOKE OR HAZE
[NO. OF DAYS WITH]      [WEATHER - DAYS WITH]      9 = BLOWING SNOW
                                                   X = TORNADO
MAX 32 OR BELOW:   0    0.01 INCH OR MORE:   5
MAX 90 OR ABOVE:   2    0.10 INCH OR MORE:   5
MIN 32 OR BELOW:   0    0.50 INCH OR MORE:   3
MIN  0 OR BELOW:   0    1.00 INCH OR MORE:   3

[HDD (BASE 65) ]
TOTAL THIS MO.    49    CLEAR  (SCALE 0-3)  14
DPTR FM NORMAL   -30    PTCLDY (SCALE 4-7)   5
TOTAL FM JUL 1    56    CLOUDY (SCALE 8-10)  3
DPTR FM NORMAL   -44

[CDD (BASE 65) ]
TOTAL THIS MO.    95
DPTR FM NORMAL    29    [PRESSURE DATA]
TOTAL FM JAN 1  2025    HIGHEST SLP M ON M
DPTR FM NORMAL     0    LOWEST  SLP 29.43 ON 13

[REMARKS]
