000
CXUS51 KCAR 240600
CF6MLT
PRELIMINARY LOCAL CLIMATOLOGICAL DATA (WS FORM: F-6)

                                          STATION:   MILLINOCKET ME
                                          MONTH:     JUNE
                                          YEAR:      2017
                                          LATITUDE:   45 39 N
                                          LONGITUDE:  68 41 W

  TEMPERATURE IN F:       :PCPN:    SNOW:  WIND      :SUNSHINE: SKY     :PK WND
================================================================================
1   2   3   4   5  6A  6B    7    8   9   10  11  12  13   14  15   16   17  18
                                     12Z  AVG MX 2MIN
DY MAX MIN AVG DEP HDD CDD  WTR  SNW DPTH SPD SPD DIR MIN PSBL S-S WX    SPD DR
================================================================================

 1  71  52  62   4   3   0 0.35    M    M  3.2 17 280   M    M   8 18     24 270
 2  63  47  55  -3  10   0 0.01    M    M  5.5 17 290   M    M   7        24 290
 3  63  48  56  -3   9   0 0.18    M    M  4.6 17  10   M    M  10 1      25  20
 4  68  51  60   1   5   0 0.03    M    M  3.9 12 110   M    M   7 1      16  70
 5  60  48  54  -5  11   0 0.03    M    M  6.7 15  90   M    M   8 1      19 100
 6  67  43  55  -5  10   0 0.00    M    M  9.5 23  70   M    M   1        31  80
 7  80  37  59  -1   6   0 0.00    M    M  1.3  8 300   M    M   1        11 300
 8  87  51  69   9   0   4 0.00    M    M  3.9 12 300   M    M   1        17 240
 9  63  54  59  -2   6   0 0.04    M    M  3.0 10 300   M    M   6 1      15 280
10  78  43  61   0   4   0 0.00    M    M  3.1 12 320   M    M   1        18 280
11  93  55  74  13   0   9    T    M    M  6.3 22 270   M    M   1        32 270
12  90  63  77  15   0  12 0.61    M    M  2.2 43 340   M    M   2 1      53 340
13  82  57  70   8   0   5 0.00    M    M  6.7 16 290   M    M   1 1      26 320
14  67  46  57  -5   8   0 0.00    M    M  7.9 17  30   M    M   2        24 340
15  70  45  58  -5   7   0 0.00    M    M  2.5  9 340   M    M   5        13 260
16  56  49  53 -10  12   0 0.60    M    M  5.0 12 160   M    M   7 1      22 160
17  67  52  60  -3   5   0 0.07    M    M  2.4  7 170   M    M  10 1      10 160
18  75  61  68   4   0   3 0.00    M    M  4.8  8 200   M    M  10 1       M  M
19  85  67  76  12   0  11 1.46    M    M  4.6 12 250   M    M   9 12     21 160
20  77  56  67   3   0   2 0.89    M    M  3.7 20 270   M    M   5 1      32 270
21  73  54  64  -1   1   0 0.28    M    M  5.6 20 310   M    M   3 1      28 310
22  76  52  64  -1   1   0 0.00    M    M  6.2 18 300   M    M   0        28 290
23  68  51  60  -5   5   0 0.03    M    M  2.5  8 160   M    M   6 1      13 160
================================================================================
SM 1679 1182       103  46  4.58    M    105.1          M      111
================================================================================
AV 73.0 51.4                               4.6 FASTST   M    M   5    MAX(MPH)
                                 MISC ---->  # 43 340               # 53  340
================================================================================
NOTES:
# LAST OF SEVERAL OCCURRENCES

COLUMN 17 PEAK WIND IN M.P.H.

PRELIMINARY LOCAL CLIMATOLOGICAL DATA (WS FORM: F-6) , PAGE 2

                                          STATION:  MILLINOCKET ME
                                          MONTH:    JUNE
                                          YEAR:     2017
                                          LATITUDE:   45 39 N
                                          LONGITUDE:  68 41 W

[TEMPERATURE DATA]      [PRECIPITATION DATA]       SYMBOLS USED IN COLUMN 16

AVERAGE MONTHLY: 62.2   TOTAL FOR MONTH:   4.58    1 = FOG OR MIST
DPTR FM NORMAL:   0.5   DPTR FM NORMAL:    1.46    2 = FOG REDUCING VISIBILITY
HIGHEST:    93 ON 11    GRTST 24HR  1.46 ON 19-19      TO 1/4 MILE OR LESS
LOWEST:     37 ON  7                               3 = THUNDER
                        SNOW, ICE PELLETS, HAIL    4 = ICE PELLETS
                        TOTAL MONTH:    M          5 = HAIL
                        GRTST 24HR    M  ON   M    6 = FREEZING RAIN OR DRIZZLE
                        GRTST DEPTH:  M  ON   M    7 = DUSTSTORM OR SANDSTORM:
                                                       VSBY 1/2 MILE OR LESS
                                                   8 = SMOKE OR HAZE
[NO. OF DAYS WITH]      [WEATHER - DAYS WITH]      9 = BLOWING SNOW
                                                   X = TORNADO
MAX 32 OR BELOW:   0    0.01 INCH OR MORE:  13
MAX 90 OR ABOVE:   2    0.10 INCH OR MORE:   7
MIN 32 OR BELOW:   0    0.50 INCH OR MORE:   4
MIN  0 OR BELOW:   0    1.00 INCH OR MORE:   1

[HDD (BASE 65) ]
TOTAL THIS MO.   103    CLEAR  (SCALE 0-3)  10
DPTR FM NORMAL    -2    PTCLDY (SCALE 4-7)   8
TOTAL FM JUL 1  7967    CLOUDY (SCALE 8-10)  5
DPTR FM NORMAL  -428

[CDD (BASE 65) ]
TOTAL THIS MO.    46
DPTR FM NORMAL    15    [PRESSURE DATA]
TOTAL FM JAN 1    55    HIGHEST SLP M ON M
DPTR FM NORMAL    18    LOWEST  SLP 29.42 ON  9

[REMARKS]
