788
CXUS56 KPQR 281200
CF6MMV
PRELIMINARY LOCAL CLIMATOLOGICAL DATA (WS FORM: F-6)

                                          STATION:   MCMINNVILLE OR
                                          MONTH:     JULY
                                          YEAR:      2017
                                          LATITUDE:   45 11 N
                                          LONGITUDE: 123  8 W

  TEMPERATURE IN F:       :PCPN:    SNOW:  WIND      :SUNSHINE: SKY     :PK WND
================================================================================
1   2   3   4   5  6A  6B    7    8   9   10  11  12  13   14  15   16   17  18
                                     12Z  AVG MX 2MIN
DY MAX MIN AVG DEP HDD CDD  WTR  SNW DPTH SPD SPD DIR MIN PSBL S-S WX    SPD DR
================================================================================

 1  76  54  65   2   0   0 0.00  0.0    0  4.2 14 230   M    M   4        17 230
 2  85  51  68   4   0   3 0.00  0.0    0  5.4 15 220   M    M   0        17 220
 3  81  54  68   4   0   3 0.00  0.0    0  7.4 15 360   M    M   3        19 360
 4  87  50  69   5   0   4 0.00  0.0    0  3.7 10  10   M    M   0 8      14  20
 5  91  54  73   9   0   8 0.00  0.0    0  7.7 22 230   M    M   0        25 230
 6  89  50  70   6   0   5 0.00  0.0    0  6.3 21 230   M    M   0        25 220
 7  75  53  64  -1   1   0 0.00    M    M  5.6 14 210   M    M   3        18 210
 8  90  49  70   5   0   5 0.00    M    M  4.6 15 220   M    M   0        18  60
 9  87  50  69   4   0   4 0.00    M    M  4.9 15  10   M    M   1        20  20
10  81  55  68   3   0   3 0.00  0.0    0  5.7 16 360   M    M   2        22  10
11  82  46  64  -2   1   0 0.00  0.0    0  4.5 12 210   M    M   0 8      22 210
12  84  50  67   1   0   2 0.00  0.0    0  7.0 18 220   M    M   0        21 220
13  79  53  66   0   0   1 0.00  0.0    0  3.7 14 220   M    M   4        20 230
14  87  49  68   2   0   3 0.00  0.0    0  5.3 16 230   M    M   0 8      20 230
15  83  51  67   1   0   2 0.00  0.0    0  5.3 18 240   M    M   0        22 250
16  77  49  63  -3   2   0 0.00  0.0    0  6.8 17  40   M    M   3        21 360
17  83  48  66  -1   0   1 0.00  0.0    0  6.9 16  10   M    M   0        22 360
18  85  51  68   1   0   3 0.00  0.0    0  6.7 17 230   M    M   0 18     26 210
19  82  49  66  -1   0   1 0.00  0.0    0  6.3 21 230   M    M   0        27 210
20  76  52  64  -3   1   0 0.01  0.0    0  5.4 12 240   M    M   6 1      15 200
21  84  50  67   0   0   2 0.00  0.0    0  4.5 13 250   M    M   1        15 250
22  94  55  75   8   0  10 0.00  0.0    0  5.6 16  10   M    M   0        21 300
23  88  57  73   6   0   8 0.00  0.0    0  8.7 21  20   M    M   0        26  20
24  91  52  72   5   0   7 0.00  0.0    0  7.6 18  30   M    M   0        28 210
25  93  54  74   7   0   9 0.00  0.0    0  6.0 13 360   M    M   0        28  90
26  89  55  72   4   0   7 0.00  0.0    0  5.4 15 240   M    M   0        19 240
27  82  55  69   1   0   4 0.00  0.0    0  5.3 13  20   M    M   3        28 210
================================================================================
SM 2281 1396         5  95  0.01     0.0 156.5          M       30
================================================================================
AV 84.5 51.7                               5.8 FASTST   M    M   1    MAX(MPH)
                                 MISC ---->  # 22 230               # 28  210
================================================================================
NOTES:
# LAST OF SEVERAL OCCURRENCES

COLUMN 17 PEAK WIND IN M.P.H.

PRELIMINARY LOCAL CLIMATOLOGICAL DATA (WS FORM: F-6) , PAGE 2

                                          STATION:  MCMINNVILLE OR
                                          MONTH:    JULY
                                          YEAR:     2017
                                          LATITUDE:   45 11 N
                                          LONGITUDE: 123  8 W

[TEMPERATURE DATA]      [PRECIPITATION DATA]       SYMBOLS USED IN COLUMN 16

AVERAGE MONTHLY: 68.1   TOTAL FOR MONTH:   0.01    1 = FOG OR MIST
DPTR FM NORMAL:   2.2   DPTR FM NORMAL:   -0.46    2 = FOG REDUCING VISIBILITY
HIGHEST:    94 ON 22    GRTST 24HR  0.01 ON 20-20      TO 1/4 MILE OR LESS
LOWEST:     46 ON 11                               3 = THUNDER
                        SNOW, ICE PELLETS, HAIL    4 = ICE PELLETS
                        TOTAL MONTH:   0.0 INCH    5 = HAIL
                        GRTST 24HR     0.0         6 = FREEZING RAIN OR DRIZZLE
                        GRTST DEPTH:   0           7 = DUSTSTORM OR SANDSTORM:
                                                       VSBY 1/2 MILE OR LESS
                                                   8 = SMOKE OR HAZE
[NO. OF DAYS WITH]      [WEATHER - DAYS WITH]      9 = BLOWING SNOW
                                                   X = TORNADO
MAX 32 OR BELOW:   0    0.01 INCH OR MORE:   1
MAX 90 OR ABOVE:   5    0.10 INCH OR MORE:   0
MIN 32 OR BELOW:   0    0.50 INCH OR MORE:   0
MIN  0 OR BELOW:   0    1.00 INCH OR MORE:   0

[HDD (BASE 65) ]
TOTAL THIS MO.     5    CLEAR  (SCALE 0-3)  24
DPTR FM NORMAL   -36    PTCLDY (SCALE 4-7)   3
TOTAL FM JUL 1     5    CLOUDY (SCALE 8-10)  0
DPTR FM NORMAL   -36

[CDD (BASE 65) ]
TOTAL THIS MO.    95
DPTR FM NORMAL    30    [PRESSURE DATA]
TOTAL FM JAN 1   175    HIGHEST SLP M ON M
DPTR FM NORMAL    88    LOWEST  SLP 29.84 ON 24

[REMARKS]
