000
CXUS55 KBOU 300805
CF6MNH
PRELIMINARY LOCAL CLIMATOLOGICAL DATA (WS FORM: F-6)

                                          STATION:   ELBERT 6W CO
                                          MONTH:     MAY
                                          YEAR:      2016
                                          LATITUDE:   39 13 N
                                          LONGITUDE: 104 38 W

  TEMPERATURE IN F:       :PCPN:    SNOW:  WIND      :SUNSHINE: SKY     :PK WND
================================================================================
1   2   3   4   5  6A  6B    7    8   9   10  11  12  13   14  15   16   17  18
                                     12Z  AVG MX 2MIN
DY MAX MIN AVG DEP HDD CDD  WTR  SNW DPTH SPD SPD DIR MIN PSBL S-S WX    SPD DR
================================================================================

 1  32  21  27   M  38   0    M    M    M 12.0 23 350   M    M   8 12     32 350
 2  46  18  32   M  33   0    M    M    M  4.5  8 240   M    M   2         M  M
 3  55  32  44   M  21   0    M    M    M 10.9 20 360   M    M   2        25 360
 4  66  32  49   M  16   0    M    M    M  6.5 13 170   M    M   0         M  M
 5  70  37  54   M  11   0    M    M    M  9.9 17 160   M    M   0        21  90
 6  72  45  59   M   6   0    M    M    M 15.1 28 160   M    M   1        38 160
 7  52  32  42   M  23   0    M    M    M  9.9 20 310   M    M   5 23     27 310
 8  55  32  44   M  21   0    M    M    M  6.9 16 220   M    M   2        27 270
 9  61  32  47   M  18   0    M    M    M  9.1 16 340   M    M   3        30 350
10  59  36  48   M  17   0    M    M    M  9.7 16  80   M    M   6 3      24  40
11  52  30  41   M  24   0    M    M    M  6.9 14 180   M    M   3 3      21  80
12  61  30  46   M  19   0    M    M    M  9.1 16 140   M    M   0        24 140
13  64  36  50   M  15   0    M    M    M  9.4 15  70   M    M   1        23  70
14  54  34  44   M  21   0    M    M    M 11.2 21 200   M    M   9        28 200
15  63  32  48   M  17   0    M    M    M 13.0 24 190   M    M   7 1      30 190
16  45  32  39   M  26   0    M    M    M  8.1 14 330   M    M   9 123    20 350
17  43  32  38   M  27   0    M    M    M  6.0 13 170   M    M  10 1       M  M
18  54  34  44   M  21   0    M    M    M 15.4 23 190   M    M   4 3      29 190
19  63  36  50   M  15   0    M    M    M  9.1 16 180   M    M   1 3      21 170
20  72  41  57   M   8   0    M    M    M 12.5 22 190   M    M   1        32 190
21  73  45  59   M   6   0    M    M    M 13.2 24 190   M    M   0        33 190
22  72  41  57   M   8   0    M    M    M 11.9 23 190   M    M   0        31 180
23  63  36  50   M  15   0    M    M    M 11.0 23 170   M    M   2        32 160
24  68  37  53   M  12   0    M    M    M 11.3 25 190   M    M   3        41 190
25  70  37  54   M  11   0    M    M    M  6.1 25 240   M    M   1        33 240
26  59  36  48   M  17   0    M    M    M  5.7 14 240   M    M   8 3      17 240
27  50  34  42   M  23   0    M    M    M 13.8 24 360   M    M   6 3      41 360
28  61  36  49   M  16   0    M    M    M  6.7 17 180   M    M   2        23 180
29  68  41  55   M  10   0    M    M    M  8.0 17 200   M    M   1        23 200
================================================================================
SM 1723  997       515   0    M     M    282.9          M       97
================================================================================
AV 59.4 34.4                               9.8 FASTST   M    M   3    MAX(MPH)
                                 MISC ---->    28   M                 41    M
================================================================================
NOTES:
# LAST OF SEVERAL OCCURRENCES

COLUMN 17 PEAK WIND IN M.P.H.

PRELIMINARY LOCAL CLIMATOLOGICAL DATA (WS FORM: F-6) , PAGE 2

                                          STATION:  ELBERT 6W CO
                                          MONTH:    MAY
                                          YEAR:     2016
                                          LATITUDE:   39 13 N
                                          LONGITUDE: 104 38 W

[TEMPERATURE DATA]      [PRECIPITATION DATA]       SYMBOLS USED IN COLUMN 16

AVERAGE MONTHLY: 46.9   TOTAL FOR MONTH:      M    1 = FOG OR MIST
DPTR FM NORMAL:     M   DPTR FM NORMAL:       M    2 = FOG REDUCING VISIBILITY
HIGHEST:    73 ON 21    GRTST 24HR    M  ON   M        TO 1/4 MILE OR LESS
LOWEST:     18 ON  2                               3 = THUNDER
                        SNOW, ICE PELLETS, HAIL    4 = ICE PELLETS
                        TOTAL MONTH:    M          5 = HAIL
                        GRTST 24HR    M  ON   M    6 = FREEZING RAIN OR DRIZZLE
                        GRTST DEPTH:  M  ON   M    7 = DUSTSTORM OR SANDSTORM:
                                                       VSBY 1/2 MILE OR LESS
                                                   8 = SMOKE OR HAZE
[NO. OF DAYS WITH]      [WEATHER - DAYS WITH]      9 = BLOWING SNOW
                                                   X = TORNADO
MAX 32 OR BELOW:   1    0.01 INCH OR MORE:   0
MAX 90 OR ABOVE:   0    0.10 INCH OR MORE:   0
MIN 32 OR BELOW:  12    0.50 INCH OR MORE:   0
MIN  0 OR BELOW:   0    1.00 INCH OR MORE:   0

[HDD (BASE 65) ]
TOTAL THIS MO.   515    CLEAR  (SCALE 0-3)  18
DPTR FM NORMAL     M    PTCLDY (SCALE 4-7)   7
TOTAL FM JUL 1  6908    CLOUDY (SCALE 8-10)  4
DPTR FM NORMAL     M

[CDD (BASE 65) ]
TOTAL THIS MO.     0
DPTR FM NORMAL     M    [PRESSURE DATA]
TOTAL FM JAN 1     0    HIGHEST SLP M ON M
DPTR FM NORMAL     M    LOWEST  SLP M ON M

[REMARKS]
