000
CXUS54 KMOB 271416
CF6MOB
PRELIMINARY LOCAL CLIMATOLOGICAL DATA (WS FORM: F-6)

                                          STATION:   MOBILE
                                          MONTH:     FEBRUARY
                                          YEAR:      2015
                                          LATITUDE:   30 40 N
                                          LONGITUDE:  88 15 W

  TEMPERATURE IN F:       :PCPN:    SNOW:  WIND      :SUNSHINE: SKY     :PK WND
================================================================================
1   2   3   4   5  6A  6B    7    8   9   10  11  12  13   14  15   16   17  18
                                     12Z  AVG MX 2MIN
DY MAX MIN AVG DEP HDD CDD  WTR  SNW DPTH SPD SPD DIR MIN PSBL S-S WX    SPD DR
================================================================================

 1  67  43  55   4  10   0 0.43  0.0    0  7.6 21 290   M    M   8 1      30 300
 2  57  32  45  -7  20   0    T  0.0    0 12.6 25 350   M    M   4        33 340
 3  50  31  41 -11  24   0 0.00  0.0    0  5.7 12  10   M    M   7        17  20
 4  46  42  44  -8  21   0 0.47  0.0    0  6.0 16  20   M    M  10 1      20  20
 5  58  37  48  -4  17   0 0.06  0.0    0 11.5 22 350   M    M   5 1      26  20
 6  61  28  45  -7  20   0 0.00  0.0    0  3.5 10  20   M    M   1        14 360
 7  66  31  49  -3  16   0 0.00  0.0    0  5.2 15 170   M    M   1        20 180
 8  72  43  58   6   7   0 0.00  0.0    0  8.1 20 190   M    M   3 1      24 180
 9  74  52  63  10   2   0 0.00  0.0    0  9.2 23 340   M    M   6 18     30 330
10  60  36  48  -5  17   0 0.00  0.0    0 10.7 20 350   M    M   2        26 350
11  67  31  49  -4  16   0 0.00  0.0    0  3.6  8 190   M    M   1 8      13 210
12  62  36  49  -4  16   0 0.00  0.0    0 10.2 21 350   M    M   1        25 340
13  52  27  40 -13  25   0 0.00  0.0    0  6.5 13 360   M    M   3        19 360
14  69  30  50  -4  15   0 0.00  0.0    0  6.7 16 210   M    M   0        22 260
15  65  45  55   1  10   0 0.00  0.0    0  5.5 15  30   M    M   3 128    18  30
16  70  41  56   2   9   0 0.19  0.0    0 12.5 25 170   M    M   8 18     33 180
17  42  31  37 -17  28   0 0.12  0.0    0 12.3 23 350   M    M   7 1      30 330
18  51  26  39 -15  26   0 0.00  0.0    0  9.9 25 330   M    M   0        38 340
19  47  25  36 -19  29   0 0.00  0.0    0  7.1 16  30   M    M   2        21  20
20  57  26  42 -13  23   0    T  0.0    0 12.5 23 130   M    M   5        29 120
21  68  54  61   6   4   0 0.00  0.0    0 15.7 29 160   M    M   9        40 160
22  78  54  66  11   0   1    T  0.0    0  6.7 16 190   M    M   7 18     20 190
23  54  39  47  -9  18   0 0.10  0.0    0 13.0 22 340   M    M  10 18     28  20
24  44  35  40 -16  25   0 0.02  0.0    0  7.7 14 340   M    M  10 18     18 230
25  41  36  39 -17  26   0 0.77  0.0    0  9.6 20 340   M    M  10 13     23 350
26  47  34  41 -15  24   0 0.00  0.0    0 11.1 20 340   M    M   9 18     25 340
================================================================================
SM 1525  945       448   1  2.16     0.0 230.7          M      132
================================================================================
AV 58.7 36.3                               8.9 FASTST   M    M   5    MAX(MPH)
                                 MISC ---->  # 29 160               # 40  160
================================================================================
NOTES:
# LAST OF SEVERAL OCCURRENCES

COLUMN 17 PEAK WIND IN M.P.H.

PRELIMINARY LOCAL CLIMATOLOGICAL DATA (WS FORM: F-6) , PAGE 2

                                          STATION:  MOBILE
                                          MONTH:    FEBRUARY
                                          YEAR:     2015
                                          LATITUDE:   30 40 N
                                          LONGITUDE:  88 15 W

[TEMPERATURE DATA]      [PRECIPITATION DATA]       SYMBOLS USED IN COLUMN 16

AVERAGE MONTHLY: 47.5   TOTAL FOR MONTH:   2.16    1 = FOG OR MIST
DPTR FM NORMAL:  -6.1   DPTR FM NORMAL:   -2.59    2 = FOG REDUCING VISIBILITY
HIGHEST:    78 ON 22    GRTST 24HR  0.77 ON 25-25      TO 1/4 MILE OR LESS
LOWEST:     25 ON 19                               3 = THUNDER
                        SNOW, ICE PELLETS, HAIL    4 = ICE PELLETS
                        TOTAL MONTH:   0.0 INCH    5 = HAIL
                        GRTST 24HR     0.0         6 = FREEZING RAIN OR DRIZZLE
                        GRTST DEPTH:   0           7 = DUSTSTORM OR SANDSTORM:
                                                       VSBY 1/2 MILE OR LESS
                                                   8 = SMOKE OR HAZE
[NO. OF DAYS WITH]      [WEATHER - DAYS WITH]      9 = BLOWING SNOW
                                                   X = TORNADO
MAX 32 OR BELOW:   0    0.01 INCH OR MORE:   8
MAX 90 OR ABOVE:   0    0.10 INCH OR MORE:   6
MIN 32 OR BELOW:  11    0.50 INCH OR MORE:   1
MIN  0 OR BELOW:   0    1.00 INCH OR MORE:   0

[HDD (BASE 65) ]
TOTAL THIS MO.   448    CLEAR  (SCALE 0-3)  10
DPTR FM NORMAL   144    PTCLDY (SCALE 4-7)  10
TOTAL FM JUL 1  1664    CLOUDY (SCALE 8-10)  6
DPTR FM NORMAL   239

[CDD (BASE 65) ]
TOTAL THIS MO.     1
DPTR FM NORMAL     1    [PRESSURE DATA]
TOTAL FM JAN 1     4    HIGHEST SLP M ON M
DPTR FM NORMAL    -3    LOWEST  SLP 29.60 ON 25

[REMARKS]
