000
CXUS54 KMOB 211423
CF6MOB
PRELIMINARY LOCAL CLIMATOLOGICAL DATA (WS FORM: F-6)

                                          STATION:   MOBILE
                                          MONTH:     NOVEMBER
                                          YEAR:      2017
                                          LATITUDE:   30 40 N
                                          LONGITUDE:  88 15 W

  TEMPERATURE IN F:       :PCPN:    SNOW:  WIND      :SUNSHINE: SKY     :PK WND
================================================================================
1   2   3   4   5  6A  6B    7    8   9   10  11  12  13   14  15   16   17  18
                                     12Z  AVG MX 2MIN
DY MAX MIN AVG DEP HDD CDD  WTR  SNW DPTH SPD SPD DIR MIN PSBL S-S WX    SPD DR
================================================================================

 1  79  58  69   5   0   4 0.00  0.0    0 10.1 21 150   M    M   5        27 130
 2  83  67  75  12   0  10 0.00  0.0    0  6.6 14 150   M    M   5 1      18 210
 3  82  62  72   9   0   7 0.00  0.0    0  2.6 10 150   M    M   5 12     14 160
 4  83  62  73  10   0   8 0.00  0.0    0  2.4 12 140   M    M   3 12     15 130
 5  81  59  70   7   0   5 0.00  0.0    0  4.1 14 200   M    M   5 12     18 200
 6  82  62  72  10   0   7 0.00  0.0    0  3.7 10 210   M    M   6 12     13 170
 7  80  67  74  12   0   9    T  0.0    0  3.9  9 290   M    M   7 12     14 220
 8  71  59  65   3   0   0 0.00  0.0    0  6.9 14 350   M    M   9 128    17 360
 9  60  50  55  -6  10   0 0.15  0.0    0 10.7 18 350   M    M   8 18     22 360
10  69  45  57  -4   8   0 0.00  0.0    0  8.0 17  30   M    M   0 1      20  40
11  73  49  61   0   4   0 0.00  0.0    0  7.6 15 100   M    M   4        19 100
12  63  56  60  -1   5   0 0.09  0.0    0  8.6 14  60   M    M  10 1      18  60
13  73  53  63   3   2   0 0.00  0.0    0  9.5 18  10   M    M   6 1      24  30
14  71  49  60   0   5   0 0.00  0.0    0  5.3 10  40   M    M   2        13  30
15  71  49  60   0   5   0 0.00  0.0    0  4.6 14 120   M    M   3        17 100
16  76  47  62   3   3   0 0.00  0.0    0  1.0  8 310   M    M   2 1      10 320
17  76  55  66   7   0   1 0.00  0.0    0  4.4 12 190   M    M   3 1      13 180
18  80  60  70  11   0   5 0.08  0.0    0 11.4 25 340   M    M   5 1      33 340
19  62  42  52  -7  13   0 0.00  0.0    0 13.0 25 340   M    M   2        33 340
20  59  33  46 -12  19   0 0.00  0.0    0  3.2 10 100   M    M   4        14 100
================================================================================
SM 1474 1084        74  56  0.32     0.0 127.6          M       94
================================================================================
AV 73.7 54.2                               6.4 FASTST   M    M   5    MAX(MPH)
                                 MISC ---->  # 25 340               # 33  340
================================================================================
NOTES:
# LAST OF SEVERAL OCCURRENCES

COLUMN 17 PEAK WIND IN M.P.H.

PRELIMINARY LOCAL CLIMATOLOGICAL DATA (WS FORM: F-6) , PAGE 2

                                          STATION:  MOBILE
                                          MONTH:    NOVEMBER
                                          YEAR:     2017
                                          LATITUDE:   30 40 N
                                          LONGITUDE:  88 15 W

[TEMPERATURE DATA]      [PRECIPITATION DATA]       SYMBOLS USED IN COLUMN 16

AVERAGE MONTHLY: 64.0   TOTAL FOR MONTH:   0.32    1 = FOG OR MIST
DPTR FM NORMAL:   2.9   DPTR FM NORMAL:   -3.14    2 = FOG REDUCING VISIBILITY
HIGHEST:    83 ON  4, 2 GRTST 24HR  0.15 ON  9- 9      TO 1/4 MILE OR LESS
LOWEST:     33 ON 20                               3 = THUNDER
                        SNOW, ICE PELLETS, HAIL    4 = ICE PELLETS
                        TOTAL MONTH:   0.0 INCH    5 = HAIL
                        GRTST 24HR     0.0         6 = FREEZING RAIN OR DRIZZLE
                        GRTST DEPTH:   0           7 = DUSTSTORM OR SANDSTORM:
                                                       VSBY 1/2 MILE OR LESS
                                                   8 = SMOKE OR HAZE
[NO. OF DAYS WITH]      [WEATHER - DAYS WITH]      9 = BLOWING SNOW
                                                   X = TORNADO
MAX 32 OR BELOW:   0    0.01 INCH OR MORE:   3
MAX 90 OR ABOVE:   0    0.10 INCH OR MORE:   1
MIN 32 OR BELOW:   0    0.50 INCH OR MORE:   0
MIN  0 OR BELOW:   0    1.00 INCH OR MORE:   0

[HDD (BASE 65) ]
TOTAL THIS MO.    74    CLEAR  (SCALE 0-3)   6
DPTR FM NORMAL   -38    PTCLDY (SCALE 4-7)  12
TOTAL FM JUL 1   132    CLOUDY (SCALE 8-10)  2
DPTR FM NORMAL   -35

[CDD (BASE 65) ]
TOTAL THIS MO.    56
DPTR FM NORMAL    24    [PRESSURE DATA]
TOTAL FM JAN 1  2775    HIGHEST SLP M ON M
DPTR FM NORMAL   281    LOWEST  SLP 29.84 ON 18

[REMARKS]
