000
CXUS53 KBIS 300824
CF6MOT
PRELIMINARY LOCAL CLIMATOLOGICAL DATA (WS FORM: F-6)

                                          STATION:   MINOT ND
                                          MONTH:     JUNE
                                          YEAR:      2015
                                          LATITUDE:   48 15 N
                                          LONGITUDE: 101 16 W

  TEMPERATURE IN F:       :PCPN:    SNOW:  WIND      :SUNSHINE: SKY     :PK WND
================================================================================
1   2   3   4   5  6A  6B    7    8   9   10  11  12  13   14  15   16   17  18
                                     12Z  AVG MX 2MIN
DY MAX MIN AVG DEP HDD CDD  WTR  SNW DPTH SPD SPD DIR MIN PSBL S-S WX    SPD DR
================================================================================

 1  84  50  67   7   0   2    T    M    M 12.7 22 170   M    M   0 3      28 190
 2  67  51  59  -1   6   0 0.21    M    M 12.8 30 360   M    M   7 1      38 360
 3  64  46  55  -5  10   0 0.03    M    M 11.0 26  10   M    M   6 1      34  10
 4  68  40  54  -7  11   0    T    M    M  4.4 15  40   M    M   3        20  40
 5  76  55  66   5   0   1 0.00    M    M  7.4 18 120   M    M   8        23 110
 6  77  58  68   7   0   3 1.56    M    M  8.6 30 320   M    M   5 13     35 320
 7  81  57  69   7   0   4 0.00    M    M 12.5 25 300   M    M   1        32 290
 8  85  56  71   9   0   6 0.00    M    M  8.7 17 290   M    M   0        22 280
 9  79  60  70   8   0   5 0.00    M    M 14.3 28 330   M    M   0 3      34 340
10  73  52  63   1   2   0    T    M    M  4.1  9  20   M    M   4        13  20
11  76  49  63   0   2   0 0.00    M    M  4.2 13 160   M    M   3        17 170
12  82  55  69   6   0   4 0.00    M    M 16.4 30 170   M    M   0        41 160
13  75  54  65   2   0   0 0.16    M    M  9.7 28 200   M    M   2 3      35 200
14  76  52  64   0   1   0 0.00    M    M  8.3 18 310   M    M   2        25 220
15  66  46  56  -8   9   0 0.00    M    M  9.7 18 300   M    M   2        23 320
16  64  40  52 -12  13   0 0.00    M    M  6.3 14 160   M    M   4         M  M
17  77  53  65   1   0   0 0.07    M    M 10.1 21 340   M    M   3        28 340
18  66  49  58  -7   7   0 0.02    M    M  8.3 16  20   M    M   5        22  30
19  75  53  64  -1   1   0 1.05    M    M  7.0 16 340   M    M   6 138    20 330
20  78  57  68   3   0   3 0.00    M    M  9.0 22 280   M    M   4 12     27 270
21  81  52  67   1   0   2 0.83    M    M  7.7 24 340   M    M   2 138    33 320
22  74  56  65  -1   0   0 0.02    M    M 12.5 22 280   M    M   2 3      27 310
23  80  57  69   3   0   4 0.01    M    M  8.2 39 300   M    M   2 3      48 300
24  77  57  67   1   0   2 0.01    M    M  5.6 14 220   M    M   2        20 280
25  80  55  68   2   0   3 0.04    M    M  5.1 26 160   M    M   1 3      32 170
26  83  57  70   3   0   5 0.00    M    M  5.3 14 220   M    M   0        18 190
27  86  64  75   8   0  10 0.02    M    M 11.9 22 300   M    M   1 38     28 300
28  81  59  70   3   0   5 0.00    M    M  8.9 14 310   M    M   2        18 300
29  89  65  77  10   0  12 0.00    M    M  8.5 14 220   M    M   3 8      17 280
================================================================================
SM 2220 1555        62  71  4.03    M    259.2          M       80
================================================================================
AV 76.6 53.6                               8.9 FASTST   M    M   3    MAX(MPH)
                                 MISC ---->  # 39 300               # 48  300
================================================================================
NOTES:
# LAST OF SEVERAL OCCURRENCES

COLUMN 17 PEAK WIND IN M.P.H.

PRELIMINARY LOCAL CLIMATOLOGICAL DATA (WS FORM: F-6) , PAGE 2

                                          STATION:  MINOT ND
                                          MONTH:    JUNE
                                          YEAR:     2015
                                          LATITUDE:   48 15 N
                                          LONGITUDE: 101 16 W

[TEMPERATURE DATA]      [PRECIPITATION DATA]       SYMBOLS USED IN COLUMN 16

AVERAGE MONTHLY: 65.1   TOTAL FOR MONTH:   4.03    1 = FOG OR MIST
DPTR FM NORMAL:   1.3   DPTR FM NORMAL:    0.56    2 = FOG REDUCING VISIBILITY
HIGHEST:    89 ON 29    GRTST 24HR  1.56 ON  6- 6      TO 1/4 MILE OR LESS
LOWEST:     40 ON 16, 4                            3 = THUNDER
                        SNOW, ICE PELLETS, HAIL    4 = ICE PELLETS
                        TOTAL MONTH:    M          5 = HAIL
                        GRTST 24HR    M  ON   M    6 = FREEZING RAIN OR DRIZZLE
                        GRTST DEPTH:  M  ON   M    7 = DUSTSTORM OR SANDSTORM:
                                                       VSBY 1/2 MILE OR LESS
                                                   8 = SMOKE OR HAZE
[NO. OF DAYS WITH]      [WEATHER - DAYS WITH]      9 = BLOWING SNOW
                                                   X = TORNADO
MAX 32 OR BELOW:   0    0.01 INCH OR MORE:  13
MAX 90 OR ABOVE:   0    0.10 INCH OR MORE:   5
MIN 32 OR BELOW:   0    0.50 INCH OR MORE:   3
MIN  0 OR BELOW:   0    1.00 INCH OR MORE:   2

[HDD (BASE 65) ]
TOTAL THIS MO.    62    CLEAR  (SCALE 0-3)  19
DPTR FM NORMAL   -44    PTCLDY (SCALE 4-7)  10
TOTAL FM JUL 1  8712    CLOUDY (SCALE 8-10)  0
DPTR FM NORMAL   -89

[CDD (BASE 65) ]
TOTAL THIS MO.    71
DPTR FM NORMAL     2    [PRESSURE DATA]
TOTAL FM JAN 1    78    HIGHEST SLP M ON M
DPTR FM NORMAL    -7    LOWEST  SLP 29.64 ON  9

[REMARKS]
