000
CXUS53 KBIS 190721
CF6MOT
PRELIMINARY LOCAL CLIMATOLOGICAL DATA (WS FORM: F-6)

                                          STATION:   MINOT ND
                                          MONTH:     SEPTEMBER
                                          YEAR:      2014
                                          LATITUDE:   48 15 N
                                          LONGITUDE: 101 16 W

  TEMPERATURE IN F:       :PCPN:    SNOW:  WIND      :SUNSHINE: SKY     :PK WND
================================================================================
1   2   3   4   5  6A  6B    7    8   9   10  11  12  13   14  15   16   17  18
                                     12Z  AVG MX 2MIN
DY MAX MIN AVG DEP HDD CDD  WTR  SNW DPTH SPD SPD DIR MIN PSBL S-S WX    SPD DR
================================================================================

 1  73  51  62  -2   3   0 0.00    M    M  9.3 18 260   M    M   1        24 290
 2  77  53  65   1   0   0 0.01    M    M  9.8 22 260   M    M   1        28 260
 3  79  47  63   0   2   0 0.22    M    M  7.9 23  50   M    M   1 13     30  70
 4  65  47  56  -7   9   0 0.06    M    M 11.9 25 260   M    M   7 1      31 320
 5  74  45  60  -2   5   0 0.00    M    M 11.3 25 290   M    M   1        35 280
 6  79  49  64   2   1   0 0.00    M    M 10.1 22 240   M    M   1        27 230
 7  82  45  64   2   1   0 0.00    M    M  4.7 15 190   M    M   0        18 180
 8  71  50  61   0   4   0 0.00    M    M 12.5 21 350   M    M   4 1      27 350
 9  53  42  48 -13  17   0    T    M    M 14.9 23  20   M    M  10        29  20
10  51  40  46 -14  19   0 0.00    M    M 11.7 18 360   M    M  10 8      25  20
11  51  39  45 -15  20   0 0.00    M    M  8.8 16 320   M    M  10        22 330
12  57  40  49 -10  16   0 0.00    M    M  8.3 17 170   M    M   5        24 200
13  62  42  52  -7  13   0 0.00    M    M 13.1 25 280   M    M   4        33 260
14  57  38  48 -10  17   0 0.00    M    M  8.3 15 300   M    M   5        19 270
15  68  38  53  -5  12   0 0.00    M    M  9.0 18 250   M    M   2 8      23 260
16  74  47  61   3   4   0 0.00    M    M  6.0 13 210   M    M   0        15 220
17  70  42  56  -1   9   0 0.00    M    M  8.1 14  60   M    M   0        19 220
18  80  44  62   5   3   0 0.00    M    M 12.3 28 170   M    M   0        34 170
================================================================================
SM 1223  799       155   0  0.29    M    178.0          M       62
================================================================================
AV 67.9 44.4                               9.9 FASTST   M    M   3    MAX(MPH)
                                 MISC ---->  # 28 170               # 35  280
================================================================================
NOTES:
# LAST OF SEVERAL OCCURRENCES

COLUMN 17 PEAK WIND IN M.P.H.

PRELIMINARY LOCAL CLIMATOLOGICAL DATA (WS FORM: F-6) , PAGE 2

                                          STATION:  MINOT ND
                                          MONTH:    SEPTEMBER
                                          YEAR:     2014
                                          LATITUDE:   48 15 N
                                          LONGITUDE: 101 16 W

[TEMPERATURE DATA]      [PRECIPITATION DATA]       SYMBOLS USED IN COLUMN 16

AVERAGE MONTHLY: 56.2   TOTAL FOR MONTH:   0.29    1 = FOG OR MIST
DPTR FM NORMAL:  -4.3   DPTR FM NORMAL:   -0.60    2 = FOG REDUCING VISIBILITY
HIGHEST:    82 ON  7    GRTST 24HR  0.68 ON 31- 1      TO 1/4 MILE OR LESS
LOWEST:     38 ON 15,14                            3 = THUNDER
                        SNOW, ICE PELLETS, HAIL    4 = ICE PELLETS
                        TOTAL MONTH:    M          5 = HAIL
                        GRTST 24HR    M  ON   M    6 = FREEZING RAIN OR DRIZZLE
                        GRTST DEPTH:  M  ON   M    7 = DUSTSTORM OR SANDSTORM:
                                                       VSBY 1/2 MILE OR LESS
                                                   8 = SMOKE OR HAZE
[NO. OF DAYS WITH]      [WEATHER - DAYS WITH]      9 = BLOWING SNOW
                                                   X = TORNADO
MAX 32 OR BELOW:   0    0.01 INCH OR MORE:   3
MAX 90 OR ABOVE:   0    0.10 INCH OR MORE:   1
MIN 32 OR BELOW:   0    0.50 INCH OR MORE:   0
MIN  0 OR BELOW:   0    1.00 INCH OR MORE:   0

[HDD (BASE 65) ]
TOTAL THIS MO.   155    CLEAR  (SCALE 0-3)  10
DPTR FM NORMAL    43    PTCLDY (SCALE 4-7)   5
TOTAL FM JUL 1   223    CLOUDY (SCALE 8-10)  3
DPTR FM NORMAL    40

[CDD (BASE 65) ]
TOTAL THIS MO.     0
DPTR FM NORMAL   -27    [PRESSURE DATA]
TOTAL FM JAN 1   305    HIGHEST SLP M ON M
DPTR FM NORMAL  -133    LOWEST  SLP 29.52 ON  3

[REMARKS]
