000
CXUS53 KBIS 240740
CF6MOT
PRELIMINARY LOCAL CLIMATOLOGICAL DATA (WS FORM: F-6)

                                          STATION:   MINOT ND
                                          MONTH:     DECEMBER
                                          YEAR:      2014
                                          LATITUDE:   48 15 N
                                          LONGITUDE: 101 16 W

  TEMPERATURE IN F:       :PCPN:    SNOW:  WIND      :SUNSHINE: SKY     :PK WND
================================================================================
1   2   3   4   5  6A  6B    7    8   9   10  11  12  13   14  15   16   17  18
                                     12Z  AVG MX 2MIN
DY MAX MIN AVG DEP HDD CDD  WTR  SNW DPTH SPD SPD DIR MIN PSBL S-S WX    SPD DR
================================================================================

 1  15 -19  -2 -22  67   0 0.00    M    M  9.6 22 160   M    M   0        28 160
 2  17   2  10 -10  55   0 0.00    M    M 10.8 22 260   M    M   3        26 260
 3  16   1   9 -10  56   0 0.00    M    M  6.4 18 270   M    M   1 18     22 270
 4  23  -4  10  -9  55   0 0.00    M    M  2.8  8 250   M    M   0 1      11 240
 5  20   8  14  -5  51   0    T    M    M  7.7 17 300   M    M   4 1      21 290
 6  28  16  22   4  43   0 0.00    M    M 10.2 18 150   M    M   5 1      24 150
 7  39  20  30  12  35   0    T    M    M 13.8 36 290   M    M   3 18     42 280
 8  25   1  13  -4  52   0    T    M    M 12.0 26 290   M    M   5        34 290
 9  34   2  18   1  47   0 0.00    M    M 11.9 22 180   M    M   3 18     25 180
10  41  24  33  16  32   0 0.00    M    M 10.2 20 180   M    M   0        25 190
11  42  24  33  17  32   0 0.00    M    M  8.3 18 160   M    M   0        22 160
12  44  27  36  20  29   0 0.00    M    M  5.5 16 200   M    M   0 18     20 190
13  42  28  35  19  30   0 0.00    M    M  3.9  8 360   M    M   0 1      10 360
14  31  27  29  13  36   0    T    M    M 13.6 22 340   M    M  10 126    28 330
15  27  21  24   9  41   0    T    M    M 16.1 29 330   M    M  10 1      33 340
16  21   6  14  -1  51   0    T    M    M  4.6 13 320   M    M   7 18     16 320
17  17   4  11  -4  54   0    T    M    M  6.4 13 130   M    M   5 18     17 150
18  25   4  15   1  50   0    T    M    M  5.8 13 180   M    M   9 18     14 180
19  28  23  26  12  39   0    T    M    M  2.3  8 200   M    M  10 12     10 200
20  34  21  28  14  37   0 0.01    M    M  5.7 10 210   M    M   8 126    11 210
21  38  15  27  13  38   0 0.00    M    M  7.8 16 120   M    M   4 12     18 110
22  30  28  29  15  36   0    T    M    M 10.5 18 330   M    M  10 16     23 320
23  30  25  28  15  37   0    T    M    M 11.7 22 320   M    M  10 168    26 320
================================================================================
SM  667  304      1003   0  0.01    M    197.6          M      107
================================================================================
AV 29.0 13.2                               8.6 FASTST   M    M   5    MAX(MPH)
                                 MISC ---->  # 36 290               # 42  280
================================================================================
NOTES:
# LAST OF SEVERAL OCCURRENCES

COLUMN 17 PEAK WIND IN M.P.H.

PRELIMINARY LOCAL CLIMATOLOGICAL DATA (WS FORM: F-6) , PAGE 2

                                          STATION:  MINOT ND
                                          MONTH:    DECEMBER
                                          YEAR:     2014
                                          LATITUDE:   48 15 N
                                          LONGITUDE: 101 16 W

[TEMPERATURE DATA]      [PRECIPITATION DATA]       SYMBOLS USED IN COLUMN 16

AVERAGE MONTHLY: 21.1   TOTAL FOR MONTH:   0.01    1 = FOG OR MIST
DPTR FM NORMAL:   4.8   DPTR FM NORMAL:   -0.26    2 = FOG REDUCING VISIBILITY
HIGHEST:    44 ON 12    GRTST 24HR  0.01 ON 20-20      TO 1/4 MILE OR LESS
LOWEST:    -19 ON  1                               3 = THUNDER
                        SNOW, ICE PELLETS, HAIL    4 = ICE PELLETS
                        TOTAL MONTH:    M          5 = HAIL
                        GRTST 24HR    M  ON   M    6 = FREEZING RAIN OR DRIZZLE
                        GRTST DEPTH:  M  ON   M    7 = DUSTSTORM OR SANDSTORM:
                                                       VSBY 1/2 MILE OR LESS
                                                   8 = SMOKE OR HAZE
[NO. OF DAYS WITH]      [WEATHER - DAYS WITH]      9 = BLOWING SNOW
                                                   X = TORNADO
MAX 32 OR BELOW:  15    0.01 INCH OR MORE:   1
MAX 90 OR ABOVE:   0    0.10 INCH OR MORE:   0
MIN 32 OR BELOW:  23    0.50 INCH OR MORE:   0
MIN  0 OR BELOW:   2    1.00 INCH OR MORE:   0

[HDD (BASE 65) ]
TOTAL THIS MO.  1003    CLEAR  (SCALE 0-3)  10
DPTR FM NORMAL  -117    PTCLDY (SCALE 4-7)   7
TOTAL FM JUL 1  3182    CLOUDY (SCALE 8-10)  6
DPTR FM NORMAL     4

[CDD (BASE 65) ]
TOTAL THIS MO.     0
DPTR FM NORMAL     0    [PRESSURE DATA]
TOTAL FM JAN 1   341    HIGHEST SLP M ON M
DPTR FM NORMAL  -104    LOWEST  SLP 29.48 ON 22

[REMARKS]
