000
CXUS52 KMHX 260806
CF6MRH
PRELIMINARY LOCAL CLIMATOLOGICAL DATA (WS FORM: F-6)

                                          STATION:   BEAUFORT/SMITH FIELD NC
                                          MONTH:     JULY
                                          YEAR:      2014
                                          LATITUDE:   34 43 N
                                          LONGITUDE:  76 39 W

  TEMPERATURE IN F:       :PCPN:    SNOW:  WIND      :SUNSHINE: SKY     :PK WND
================================================================================
1   2   3   4   5  6A  6B    7    8   9   10  11  12  13   14  15   16   17  18
                                     12Z  AVG MX 2MIN
DY MAX MIN AVG DEP HDD CDD  WTR  SNW DPTH SPD SPD DIR MIN PSBL S-S WX    SPD DR
================================================================================

 1  85  70  78  -1   0  13 0.00  0.0    0  6.5 14 200   M    M   1         M  M
 2  87  80  84   5   0  19 0.00  0.0    0 12.7 20 220   M    M   3        26 240
 3  88  75  82   3   0  17 0.87  0.0    0 16.8 38 110   M    M   8 18     60 120
 4  86  77  82   3   0  17    M  0.0    0  8.7 18 300   M    M   2         M  M
 5  82  66  74  -6   0   9 0.00  0.0    0  8.4 17  50   M    M   2 1      25  20
 6  83  63  73  -7   0   8 0.00  0.0    0  3.5 10 160   M    M   0        16 160
 7  84  74  79  -1   0  14 0.00  0.0    0 10.8 21 220   M    M   1        25 230
 8  87  80  84   4   0  19 0.00  0.0    0 18.4 23 220   M    M   2        35 220
 9  87  81  84   4   0  19 0.00  0.0    0 17.4 24 200   M    M   3 8      30 200
10  87  74  81   1   0  16 0.02  0.0    0 13.6 21 220   M    M   6 1      26 210
11  83  74  79  -1   0  14 0.32  0.0    0  4.9 13 210   M    M   4 1      20 190
12  86  72  79  -1   0  14 0.06  0.0    0  4.7 12 110   M    M   4 1      15  40
13  85  72  79  -1   0  14 0.00  0.0    0  7.6 16 200   M    M   2 1      21 200
14  86  79  83   3   0  18    T  0.0    0 13.2 21 220   M    M   4        27 230
15  85  78  82   2   0  17 0.15  0.0    0 18.7 31 220   M    M   5 1      39 220
16  82  74  78  -2   0  13 0.88  0.0    0  9.5 25 230   M    M   8 1      30 240
17  85  71  78  -2   0  13 0.00  0.0    0  7.6 16  20   M    M   2 18     25  70
18  85  69  77  -3   0  12 0.00  0.0    0  9.4 18  40   M    M   4        28  50
19  82  73  78  -2   0  13    T  0.0    0  9.1 20  10   M    M   7        23  10
20  86  71  79  -1   0  14 0.00  0.0    0  3.7 14 170   M    M   3 1      25 180
21  84  73  79  -1   0  14 0.37  0.0    0  4.4 17 160   M    M   4 12     22 160
22  82  74  78  -2   0  13 0.09  0.0    0  8.4 16 190   M    M   5 1      20 180
23  86  76  81   1   0  16    T  0.0    0 10.2 20 230   M    M   3        24 220
24  87  71  79  -1   0  14 4.24  0.0    0 12.7 25 220   M    M   6 12     31 230
25  84  70  77  -3   0  12 0.04  0.0    0  6.5 14 340   M    M   7 1      17 340
================================================================================
SM 2124 1837         0 362  7.04     0.0 247.4          M       96
================================================================================
AV 85.0 73.5                               9.9 FASTST   M    M   4    MAX(MPH)
                                 MISC ---->  # 38 110               # 60  120
================================================================================
NOTES:
# LAST OF SEVERAL OCCURRENCES

COLUMN 17 PEAK WIND IN M.P.H.

PRELIMINARY LOCAL CLIMATOLOGICAL DATA (WS FORM: F-6) , PAGE 2

                                          STATION:  BEAUFORT/SMITH FIELD NC
                                          MONTH:    JULY
                                          YEAR:     2014
                                          LATITUDE:   34 43 N
                                          LONGITUDE:  76 39 W

[TEMPERATURE DATA]      [PRECIPITATION DATA]       SYMBOLS USED IN COLUMN 16

AVERAGE MONTHLY: 79.2   TOTAL FOR MONTH:   7.04    1 = FOG OR MIST
DPTR FM NORMAL:  -0.6   DPTR FM NORMAL:    2.43    2 = FOG REDUCING VISIBILITY
HIGHEST:    88 ON  3    GRTST 24HR  4.28 ON 24-25      TO 1/4 MILE OR LESS
LOWEST:     63 ON  6                               3 = THUNDER
                        SNOW, ICE PELLETS, HAIL    4 = ICE PELLETS
                        TOTAL MONTH:   0.0 INCH    5 = HAIL
                        GRTST 24HR     0.0         6 = FREEZING RAIN OR DRIZZLE
                        GRTST DEPTH:   0           7 = DUSTSTORM OR SANDSTORM:
                                                       VSBY 1/2 MILE OR LESS
                                                   8 = SMOKE OR HAZE
[NO. OF DAYS WITH]      [WEATHER - DAYS WITH]      9 = BLOWING SNOW
                                                   X = TORNADO
MAX 32 OR BELOW:   0    0.01 INCH OR MORE:  10
MAX 90 OR ABOVE:   0    0.10 INCH OR MORE:   6
MIN 32 OR BELOW:   0    0.50 INCH OR MORE:   3
MIN  0 OR BELOW:   0    1.00 INCH OR MORE:   1

[HDD (BASE 65) ]
TOTAL THIS MO.     0    CLEAR  (SCALE 0-3)  11
DPTR FM NORMAL     0    PTCLDY (SCALE 4-7)  13
TOTAL FM JUL 1     0    CLOUDY (SCALE 8-10)  1
DPTR FM NORMAL     0

[CDD (BASE 65) ]
TOTAL THIS MO.   362
DPTR FM NORMAL    -8    [PRESSURE DATA]
TOTAL FM JAN 1   949    HIGHEST SLP M ON M
DPTR FM NORMAL    74    LOWEST  SLP 29.25 ON  4

[REMARKS]
