000
CXUS52 KMHX 270806
CF6MRH
PRELIMINARY LOCAL CLIMATOLOGICAL DATA (WS FORM: F-6)

                                          STATION:   BEAUFORT/SMITH FIELD NC
                                          MONTH:     DECEMBER
                                          YEAR:      2014
                                          LATITUDE:   34 43 N
                                          LONGITUDE:  76 39 W

  TEMPERATURE IN F:       :PCPN:    SNOW:  WIND      :SUNSHINE: SKY     :PK WND
================================================================================
1   2   3   4   5  6A  6B    7    8   9   10  11  12  13   14  15   16   17  18
                                     12Z  AVG MX 2MIN
DY MAX MIN AVG DEP HDD CDD  WTR  SNW DPTH SPD SPD DIR MIN PSBL S-S WX    SPD DR
================================================================================

 1  65  50  58   6   7   0 0.00  0.0    0  6.8 13 220   M    M   0 1      15 220
 2  56  44  50  -2  15   0 0.00  0.0    0  7.5 15  30   M    M   8 12     22  40
 3  68  49  59   7   6   0 0.00  0.0    0  5.3  9 210   M    M   5 12     12  30
 4  58  49  54   3  11   0 0.00  0.0    0 10.3 16  40   M    M   2 1      24  40
 5  63  48  56   5   9   0 0.00  0.0    0  8.6 17  20   M    M   1        22  20
 6  67  51  59   8   6   0 0.28  0.0    0  4.9 16 140   M    M   7 12     20 140
 7  61  44  53   2  12   0 0.01    M    0 19.9 30  10   M    M  10 1      40  10
 8  58  44  51   1  14   0    T    M    0 18.6 29  20   M    M   6 1      37  20
 9  47  42  45  -5  20   0 0.11    M    0 14.6 23 330   M    M  10 1      27 330
10  54  41  48  -2  17   0    T    M    0 14.1 23 350   M    M   5        31 340
11  49  31  40  -9  25   0 0.00  0.0    0  9.6 18 300   M    M   0        22 250
12  55  33  44  -5  21   0 0.00  0.0    0  7.4 16 290   M    M   0        18 300
13  56  33  45  -4  20   0 0.00  0.0    0  3.6  9 320   M    M   0 1      12 320
14  57  33  45  -4  20   0 0.00  0.0    0  5.1 16  20   M    M   0 1      19  20
15  59  33  46  -2  19   0 0.00  0.0    0  2.5  8 160   M    M   0 1      11  90
16  64  36  50   2  15   0 0.02    M    0  8.0 17 200   M    M   2 1      22 210
17  61  47  54   6  11   0 0.00  0.0    0  8.2 17 300   M    M   1        21 300
18  52  35  44  -4  21   0 0.00  0.0    0  5.1 16  20   M    M   0        20  20
19  54  34  44  -3  21   0 0.00  0.0    0  5.6 13 340   M    M   2        17 350
20  45  40  43  -4  22   0 0.04    M    0  5.9 13  50   M    M   6 1      18  50
21  47  39  43  -4  22   0 0.02    M    0  9.8 15  30   M    M   9 1      22  40
22  54  45  50   3  15   0 0.13    M    0  9.3 16 320   M    M  10 1      23  50
23  63  44  54   8  11   0 0.14    M    0  5.8 10  60   M    M  10 1      13  60
24  68  63  66  20   0   1 0.81  0.0    0 12.2 24 250   M    M   9 1      34 200
25  66  40  53   7  12   0    T  0.0    0  9.2 22 280   M    M   4 1      25 230
26  60  35  48   2  17   0 0.00  0.0    0  1.5  7 290   M    M   0         9 300
================================================================================
SM 1507 1083       389   1  1.56     0.0 219.4          M      107
================================================================================
AV 58.0 41.7                               8.4 FASTST   M    M   4    MAX(MPH)
                                 MISC ---->  # 30  10               # 40   10
================================================================================
NOTES:
# LAST OF SEVERAL OCCURRENCES

COLUMN 17 PEAK WIND IN M.P.H.

PRELIMINARY LOCAL CLIMATOLOGICAL DATA (WS FORM: F-6) , PAGE 2

                                          STATION:  BEAUFORT/SMITH FIELD NC
                                          MONTH:    DECEMBER
                                          YEAR:     2014
                                          LATITUDE:   34 43 N
                                          LONGITUDE:  76 39 W

[TEMPERATURE DATA]      [PRECIPITATION DATA]       SYMBOLS USED IN COLUMN 16

AVERAGE MONTHLY: 49.8   TOTAL FOR MONTH:   1.56    1 = FOG OR MIST
DPTR FM NORMAL:   1.0   DPTR FM NORMAL:   -1.56    2 = FOG REDUCING VISIBILITY
HIGHEST:    68 ON 24, 3 GRTST 24HR  0.95 ON 23-24      TO 1/4 MILE OR LESS
LOWEST:     31 ON 11                               3 = THUNDER
                        SNOW, ICE PELLETS, HAIL    4 = ICE PELLETS
                        TOTAL MONTH:   0.0 INCH    5 = HAIL
                        GRTST 24HR     0.0         6 = FREEZING RAIN OR DRIZZLE
                        GRTST DEPTH:   0           7 = DUSTSTORM OR SANDSTORM:
                                                       VSBY 1/2 MILE OR LESS
                                                   8 = SMOKE OR HAZE
[NO. OF DAYS WITH]      [WEATHER - DAYS WITH]      9 = BLOWING SNOW
                                                   X = TORNADO
MAX 32 OR BELOW:   0    0.01 INCH OR MORE:   9
MAX 90 OR ABOVE:   0    0.10 INCH OR MORE:   5
MIN 32 OR BELOW:   1    0.50 INCH OR MORE:   1
MIN  0 OR BELOW:   0    1.00 INCH OR MORE:   0

[HDD (BASE 65) ]
TOTAL THIS MO.   389    CLEAR  (SCALE 0-3)  13
DPTR FM NORMAL   -31    PTCLDY (SCALE 4-7)   7
TOTAL FM JUL 1   821    CLOUDY (SCALE 8-10)  6
DPTR FM NORMAL    49

[CDD (BASE 65) ]
TOTAL THIS MO.     1
DPTR FM NORMAL     1    [PRESSURE DATA]
TOTAL FM JAN 1  1923    HIGHEST SLP M ON M
DPTR FM NORMAL   124    LOWEST  SLP 29.72 ON 25

[REMARKS]
