000
CXUS52 KMHX 200700
CF6MRH
PRELIMINARY LOCAL CLIMATOLOGICAL DATA (WS FORM: F-6)

                                          STATION:   BEAUFORT/SMITH FIELD NC
                                          MONTH:     AUGUST
                                          YEAR:      2017
                                          LATITUDE:   34 43 N
                                          LONGITUDE:  76 39 W

  TEMPERATURE IN F:       :PCPN:    SNOW:  WIND      :SUNSHINE: SKY     :PK WND
================================================================================
1   2   3   4   5  6A  6B    7    8   9   10  11  12  13   14  15   16   17  18
                                     12Z  AVG MX 2MIN
DY MAX MIN AVG DEP HDD CDD  WTR  SNW DPTH SPD SPD DIR MIN PSBL S-S WX    SPD DR
================================================================================

 1  84  62  73  -7   0   8 0.00  0.0    0  4.8 14 130   M    M   0        18 100
 2  86  63  75  -5   0  10 0.00  0.0    0  3.9 13 220   M    M   0        15 220
 3  84  67  76  -4   0  11 0.00  0.0    0  4.7 12 170   M    M   0        16 170
 4  83  76  80   0   0  15 0.06  0.0    0  8.8 20 230   M    M   5        25 230
 5  84  77  81   1   0  16 0.25  0.0    0 11.2 20 220   M    M   4 1      24 240
 6  86  73  80   0   0  15 0.00  0.0    0  6.3 15 100   M    M   4        19  60
 7  86  77  82   2   0  17 0.16  0.0    0 14.9 25 220   M    M   3 18     31 230
 8  82  73  78  -1   0  13 1.05  0.0    0 12.9 36 220   M    M   6 1      47 210
 9  75  71  73  -6   0   8 0.54  0.0    0  7.8 15  20   M    M   9 1      19  30
10  84  70  77  -2   0  12    T  0.0    0  4.0 10  20   M    M   7        13 160
11  83  73  78  -1   0  13 0.00  0.0    0  8.6 17 210   M    M   3        23 210
12  82  74  78  -1   0  13 0.10  0.0    0 11.0 23 190   M    M   4 1      32 190
13  84  75  80   1   0  15 0.01  0.0    0  8.1 16 280   M    M   7 1      23 300
14  84  75  80   1   0  15 0.00  0.0    0  5.8 13 180   M    M   2 18     17 160
15  87  74  81   2   0  16 0.00  0.0    0  6.9 16 220   M    M   2        19 240
16  89  77  83   4   0  18 0.00  0.0    0  4.7 15 150   M    M   4        19 150
17  87  74  81   2   0  16 0.00  0.0    0  5.6 13 170   M    M   1        17 190
18  88  82  85   6   0  20 0.00  0.0    0 14.8 24 220   M    M   4        27 210
19  89  76  83   4   0  18 0.14  0.0    0  9.8 24 310   M    M   4 1      29 310
================================================================================
SM 1607 1389         0 269  2.31     0.0 154.6          M       69
================================================================================
AV 84.6 73.1                               8.1 FASTST   M    M   4    MAX(MPH)
                                 MISC ---->  # 36 220               # 47  210
================================================================================
NOTES:
# LAST OF SEVERAL OCCURRENCES

COLUMN 17 PEAK WIND IN M.P.H.

PRELIMINARY LOCAL CLIMATOLOGICAL DATA (WS FORM: F-6) , PAGE 2

                                          STATION:  BEAUFORT/SMITH FIELD NC
                                          MONTH:    AUGUST
                                          YEAR:     2017
                                          LATITUDE:   34 43 N
                                          LONGITUDE:  76 39 W

[TEMPERATURE DATA]      [PRECIPITATION DATA]       SYMBOLS USED IN COLUMN 16

AVERAGE MONTHLY: 78.8   TOTAL FOR MONTH:   2.31    1 = FOG OR MIST
DPTR FM NORMAL:  -0.5   DPTR FM NORMAL:   -2.60    2 = FOG REDUCING VISIBILITY
HIGHEST:    89 ON 19,16 GRTST 24HR  1.05 ON  8- 8      TO 1/4 MILE OR LESS
LOWEST:     62 ON  1                               3 = THUNDER
                        SNOW, ICE PELLETS, HAIL    4 = ICE PELLETS
                        TOTAL MONTH:   0.0 INCH    5 = HAIL
                        GRTST 24HR     0.0         6 = FREEZING RAIN OR DRIZZLE
                        GRTST DEPTH:   0           7 = DUSTSTORM OR SANDSTORM:
                                                       VSBY 1/2 MILE OR LESS
                                                   8 = SMOKE OR HAZE
[NO. OF DAYS WITH]      [WEATHER - DAYS WITH]      9 = BLOWING SNOW
                                                   X = TORNADO
MAX 32 OR BELOW:   0    0.01 INCH OR MORE:   8
MAX 90 OR ABOVE:   0    0.10 INCH OR MORE:   6
MIN 32 OR BELOW:   0    0.50 INCH OR MORE:   2
MIN  0 OR BELOW:   0    1.00 INCH OR MORE:   1

[HDD (BASE 65) ]
TOTAL THIS MO.     0    CLEAR  (SCALE 0-3)   8
DPTR FM NORMAL     0    PTCLDY (SCALE 4-7)  10
TOTAL FM JUL 1     0    CLOUDY (SCALE 8-10)  1
DPTR FM NORMAL     0

[CDD (BASE 65) ]
TOTAL THIS MO.   269
DPTR FM NORMAL    -4    [PRESSURE DATA]
TOTAL FM JAN 1  1519    HIGHEST SLP M ON M
DPTR FM NORMAL   276    LOWEST  SLP 29.83 ON 15

[REMARKS]
