000
CXUS53 KMKX 260900
CF6MSN
PRELIMINARY LOCAL CLIMATOLOGICAL DATA (WS FORM: F-6)

                                          STATION:   MADISON WI
                                          MONTH:     SEPTEMBER
                                          YEAR:      2017
                                          LATITUDE:   43  7 N
                                          LONGITUDE:  89 20 W

  TEMPERATURE IN F:       :PCPN:    SNOW:  WIND      :SUNSHINE: SKY     :PK WND
================================================================================
1   2   3   4   5  6A  6B    7    8   9   10  11  12  13   14  15   16   17  18
                                     12Z  AVG MX 2MIN
DY MAX MIN AVG DEP HDD CDD  WTR  SNW DPTH SPD SPD DIR MIN PSBL S-S WX    SPD DR
================================================================================

 1  69  48  59  -7   6   0 0.00  0.0    0  6.8 15 100   M    M   3        21 130
 2  67  45  56 -10   9   0 0.07  0.0    0  3.5 14 190   M    M   6 12     18 190
 3  81  49  65  -1   0   0 0.00  0.0    0  5.0 16 200   M    M   6 12     22 190
 4  74  54  64  -2   1   0    T  0.0    0  7.6 21 330   M    M   8        27 330
 5  63  49  56  -9   9   0 0.02  0.0    0  8.6 21 360   M    M   5        27 360
 6  64  45  55 -10  10   0 0.00  0.0    0  6.4 15 360   M    M   5        22  10
 7  66  49  58  -7   7   0 0.01  0.0    0  2.0 10 300   M    M   8 1      14 310
 8  64  50  57  -7   8   0 0.04  0.0    0  7.1 14  80   M    M   6 1      19  80
 9  72  44  58  -6   7   0 0.00  0.0    0  7.1 16 120   M    M   2        22 130
10  71  45  58  -6   7   0 0.00  0.0    0  5.8 15 140   M    M   0 1      20 150
11  76  41  59  -4   6   0 0.00  0.0    0  1.7  9 170   M    M   1 1      12 160
12  81  51  66   3   0   1 0.00  0.0    0  1.9  8  60   M    M   2 1      10 100
13  82  50  66   4   0   1 0.00  0.0    0  1.6  7 150   M    M   0 128    20  80
14  82  52  67   5   0   2 0.00  0.0    0  5.9 14 170   M    M   2 12     23 190
15  87  64  76  15   0  11    T  0.0    0  9.5 18 170   M    M   2        24 170
16  87  66  77  16   0  12 0.00  0.0    0  9.8 20 170   M    M   5        24 170
17  74  50  62   2   3   0 0.02  0.0    0  4.3 13 310   M    M   6 1      23  50
18  77  46  62   2   3   0 0.00  0.0    0  5.4 15 100   M    M   5        19 100
19  81  55  68   8   0   3 0.00  0.0    0  6.5 15 130   M    M   2        21 160
20  91  61  76  17   0  11 0.39  0.0    0 10.8 24 170   M    M   5 138    31 160
21  84  68  76  17   0  11    T  0.0    0  5.0 12 140   M    M   6 123    16 130
22  91  70  81  23   0  16 0.00  0.0    0  7.7 18 180   M    M   1        23 180
23  92  65  79  21   0  14 0.00  0.0    0  4.7 15 170   M    M   1        18 170
24  89  64  77  20   0  12 0.00  0.0    0  6.9 18 180   M    M   0 18     24 170
25  90  62  76  19   0  11 0.00  0.0    0  4.2 14 180   M    M   1        19 170
================================================================================
SM 1955 1343        76 105  0.55     0.0 145.8          M       88
================================================================================
AV 78.2 53.7                               5.8 FASTST   M    M   4    MAX(MPH)
                                 MISC ---->  # 24 170               # 31  160
================================================================================
NOTES:
# LAST OF SEVERAL OCCURRENCES

COLUMN 17 PEAK WIND IN M.P.H.

PRELIMINARY LOCAL CLIMATOLOGICAL DATA (WS FORM: F-6) , PAGE 2

                                          STATION:  MADISON WI
                                          MONTH:    SEPTEMBER
                                          YEAR:     2017
                                          LATITUDE:   43  7 N
                                          LONGITUDE:  89 20 W

[TEMPERATURE DATA]      [PRECIPITATION DATA]       SYMBOLS USED IN COLUMN 16

AVERAGE MONTHLY: 66.0   TOTAL FOR MONTH:   0.55    1 = FOG OR MIST
DPTR FM NORMAL:   3.9   DPTR FM NORMAL:   -2.13    2 = FOG REDUCING VISIBILITY
HIGHEST:    92 ON 23    GRTST 24HR  0.39 ON 20-20      TO 1/4 MILE OR LESS
LOWEST:     41 ON 11                               3 = THUNDER
                        SNOW, ICE PELLETS, HAIL    4 = ICE PELLETS
                        TOTAL MONTH:   0.0 INCH    5 = HAIL
                        GRTST 24HR     0.0         6 = FREEZING RAIN OR DRIZZLE
                        GRTST DEPTH:   0           7 = DUSTSTORM OR SANDSTORM:
                                                       VSBY 1/2 MILE OR LESS
                                                   8 = SMOKE OR HAZE
[NO. OF DAYS WITH]      [WEATHER - DAYS WITH]      9 = BLOWING SNOW
                                                   X = TORNADO
MAX 32 OR BELOW:   0    0.01 INCH OR MORE:   6
MAX 90 OR ABOVE:   4    0.10 INCH OR MORE:   1
MIN 32 OR BELOW:   0    0.50 INCH OR MORE:   0
MIN  0 OR BELOW:   0    1.00 INCH OR MORE:   0

[HDD (BASE 65) ]
TOTAL THIS MO.    76    CLEAR  (SCALE 0-3)  13
DPTR FM NORMAL   -47    PTCLDY (SCALE 4-7)  11
TOTAL FM JUL 1   101    CLOUDY (SCALE 8-10)  1
DPTR FM NORMAL   -59

[CDD (BASE 65) ]
TOTAL THIS MO.   105
DPTR FM NORMAL    56    [PRESSURE DATA]
TOTAL FM JAN 1   565    HIGHEST SLP M ON M
DPTR FM NORMAL     3    LOWEST  SLP 29.65 ON  4

[REMARKS]
