000
CXUS53 KMKX 200800
CF6MSN
PRELIMINARY LOCAL CLIMATOLOGICAL DATA (WS FORM: F-6)

                                          STATION:   MADISON WI
                                          MONTH:     OCTOBER
                                          YEAR:      2014
                                          LATITUDE:   43  7 N
                                          LONGITUDE:  89 20 W

  TEMPERATURE IN F:       :PCPN:    SNOW:  WIND      :SUNSHINE: SKY     :PK WND
================================================================================
1   2   3   4   5  6A  6B    7    8   9   10  11  12  13   14  15   16   17  18
                                     12Z  AVG MX 2MIN
DY MAX MIN AVG DEP HDD CDD  WTR  SNW DPTH SPD SPD DIR MIN PSBL S-S WX    SPD DR
================================================================================

 1  70  49  60   6   5   0 0.00  0.0    0  9.9 20 140   M    M   9        25 130
 2  71  59  65  11   0   0 0.09  0.0    0  4.8 15 160   M    M  10 138    18 160
 3  63  41  52  -2  13   0 0.64  0.0    0 10.9 21 290   M    M  10 1      32 290
 4  48  36  42 -11  23   0 0.07    T    0  7.7 17 290   M    M   8 14     26 290
 5  53  37  45  -8  20   0    T  0.0    0  5.8 13 250   M    M   7        20 230
 6  57  44  51  -1  14   0    T  0.0    0  5.0 15 240   M    M   6        24 230
 7  65  48  57   5   8   0    T  0.0    0  6.0 15 300   M    M   5        25 290
 8  65  45  55   3  10   0 0.00  0.0    0  6.7 22 290   M    M   2        32 290
 9  59  34  47  -4  18   0 0.00  0.0    0  4.2 12 320   M    M   2        22 150
10  58  33  46  -5  19   0 0.00  0.0    0  3.0 13  50   M    M   5        16  70
11  60  30  45  -5  20   0 0.00  0.0    0  2.8  9 170   M    M   1 1      12 250
12  64  36  50   0  15   0 0.02  0.0    0  9.5 21 160   M    M   5 1      26 140
13  61  51  56   6   9   0 1.40  0.0    0  6.5 16  50   M    M  10 1      21  50
14  63  50  57   7   8   0 0.63  0.0    0 13.3 30  10   M    M  10 1      38  10
15  52  49  51   2  14   0 0.03  0.0    0  9.8 17  10   M    M  10 1      23  10
16  66  50  58   9   7   0 0.00  0.0    0  4.4 10 190   M    M   7        14 200
17  58  47  53   5  12   0    T  0.0    0  9.1 18 320   M    M   6        28 340
18  53  33  43  -5  22   0    T  0.0    0  7.1 22  20   M    M   7        27  20
19  57  30  44  -4  21   0    T  0.0    0  7.1 18 190   M    M   5 1      26 200
================================================================================
SM 1143  802       258   0  2.88    T    133.6          M      125
================================================================================
AV 60.2 42.2                               7.0 FASTST   M    M   7    MAX(MPH)
                                 MISC ---->  # 30  10               # 38   10
================================================================================
NOTES:
# LAST OF SEVERAL OCCURRENCES

COLUMN 17 PEAK WIND IN M.P.H.

PRELIMINARY LOCAL CLIMATOLOGICAL DATA (WS FORM: F-6) , PAGE 2

                                          STATION:  MADISON WI
                                          MONTH:    OCTOBER
                                          YEAR:     2014
                                          LATITUDE:   43  7 N
                                          LONGITUDE:  89 20 W

[TEMPERATURE DATA]      [PRECIPITATION DATA]       SYMBOLS USED IN COLUMN 16

AVERAGE MONTHLY: 51.2   TOTAL FOR MONTH:   2.88    1 = FOG OR MIST
DPTR FM NORMAL:   0.2   DPTR FM NORMAL:    1.43    2 = FOG REDUCING VISIBILITY
HIGHEST:    71 ON  2    GRTST 24HR  2.03 ON 13-14      TO 1/4 MILE OR LESS
LOWEST:     30 ON 19,11                            3 = THUNDER
                        SNOW, ICE PELLETS, HAIL    4 = ICE PELLETS
                        TOTAL MONTH:    T          5 = HAIL
                        GRTST 24HR    T  ON  4- 4  6 = FREEZING RAIN OR DRIZZLE
                        GRTST DEPTH:   0           7 = DUSTSTORM OR SANDSTORM:
                                                       VSBY 1/2 MILE OR LESS
                                                   8 = SMOKE OR HAZE
[NO. OF DAYS WITH]      [WEATHER - DAYS WITH]      9 = BLOWING SNOW
                                                   X = TORNADO
MAX 32 OR BELOW:   0    0.01 INCH OR MORE:   7
MAX 90 OR ABOVE:   0    0.10 INCH OR MORE:   3
MIN 32 OR BELOW:   2    0.50 INCH OR MORE:   3
MIN  0 OR BELOW:   0    1.00 INCH OR MORE:   1

[HDD (BASE 65) ]
TOTAL THIS MO.   258    CLEAR  (SCALE 0-3)   3
DPTR FM NORMAL   -13    PTCLDY (SCALE 4-7)  10
TOTAL FM JUL 1   441    CLOUDY (SCALE 8-10)  6
DPTR FM NORMAL   -38

[CDD (BASE 65) ]
TOTAL THIS MO.     0
DPTR FM NORMAL     0    [PRESSURE DATA]
TOTAL FM JAN 1   620    HIGHEST SLP M ON M
DPTR FM NORMAL    56    LOWEST  SLP 29.44 ON M

[REMARKS]
