000
CXUS55 KMSO 220900
CF6MSO
PRELIMINARY LOCAL CLIMATOLOGICAL DATA (WS FORM: F-6)

                                          STATION:   MISSOULA MT
                                          MONTH:     FEBRUARY
                                          YEAR:      2017
                                          LATITUDE:   46 55 N
                                          LONGITUDE: 114  5 W

  TEMPERATURE IN F:       :PCPN:    SNOW:  WIND      :SUNSHINE: SKY     :PK WND
================================================================================
1   2   3   4   5  6A  6B    7    8   9   10  11  12  13   14  15   16   17  18
                                     12Z  AVG MX 2MIN
DY MAX MIN AVG DEP HDD CDD  WTR  SNW DPTH SPD SPD DIR MIN PSBL S-S WX    SPD DR
================================================================================

 1  20   6  13 -15  52   0 0.00  0.0   12 10.6 22 130   M    M   3        25 140
 2  21  -3   9 -19  56   0 0.00  0.0   12  4.9 16 120   M    M   2        18 120
 3  17  -8   5 -23  60   0 0.12  1.6   12  1.7  7 280   M    M   8 18      8 280
 4  30  16  23  -5  42   0 0.28  3.3   16  1.8  8 100   M    M   8 12      9 250
 5  47  21  34   6  31   0    T    T   13  6.3 18 210   M    M   6 1      25 220
 6  46  26  36   8  29   0 0.05    T   13  8.3 36 290   M    M   7 1      43 290
 7  28  14  21  -7  44   0 0.06  0.7   11  2.8  9 230   M    M   6 1      12 230
 8  28  23  26  -2  39   0 0.25  3.2   12  0.4  5 290   M    M  10 16      6 160
 9  45  28  37   8  28   0 0.46    T   14  4.0 17 330   M    M  10 16     22 310
10  41  32  37   8  28   0 0.14    T    8  5.4 25 310   M    M   8 1      33 300
11  37  26  32   3  33   0 0.01  0.4    8  7.1 21 320   M    M   9 1      26 310
12  32  14  23  -6  42   0 0.00  0.0    8  2.7 10 100   M    M   0        11 100
13  32  10  21  -8  44   0 0.00  0.0    8  1.3  7 260   M    M   0 18      8 230
14  37  12  25  -5  40   0 0.00  0.0    8   M   M   M   M    M   M 1       M  M
15  37   9  23  -7  42   0 0.00  0.0    8   M   M   M   M    M   M 1       M  M
16  47  32  40  10  25   0 0.03  0.0    7  2.6 18 350   M    M   8 18     23 340
17  45  31  38   8  27   0 0.02  0.0    6  4.2 12  10   M    M   5 1      14 340
18  43  28  36   6  29   0    T    T    6  2.1 10 160   M    M   9        12 160
19  46  33  40   9  25   0 0.05    T    5  5.6 24 290   M    M   8 1      36 280
20  39  29  34   3  31   0 0.36  0.1    4  6.5 20 300   M    M   8 12     24 300
21  43  32  38   7  27   0 0.33    T    3  4.0 16 300   M    M  10 128    20 330
================================================================================
SM  761  411       774   0  2.16     9.3  82.3          M      125
================================================================================
AV 36.2 19.6                               4.3 FASTST   M    M   7    MAX(MPH)
                                 MISC ---->  # 36 290               # 43  290
================================================================================
NOTES:
# LAST OF SEVERAL OCCURRENCES

COLUMN 17 PEAK WIND IN M.P.H.

PRELIMINARY LOCAL CLIMATOLOGICAL DATA (WS FORM: F-6) , PAGE 2

                                          STATION:  MISSOULA MT
                                          MONTH:    FEBRUARY
                                          YEAR:     2017
                                          LATITUDE:   46 55 N
                                          LONGITUDE: 114  5 W

[TEMPERATURE DATA]      [PRECIPITATION DATA]       SYMBOLS USED IN COLUMN 16

AVERAGE MONTHLY: 27.9   TOTAL FOR MONTH:   2.16    1 = FOG OR MIST
DPTR FM NORMAL:  -1.2   DPTR FM NORMAL:    1.64    2 = FOG REDUCING VISIBILITY
HIGHEST:    47 ON 16, 5 GRTST 24HR  0.57 ON 20-21      TO 1/4 MILE OR LESS
LOWEST:     -8 ON  3                               3 = THUNDER
                        SNOW, ICE PELLETS, HAIL    4 = ICE PELLETS
                        TOTAL MONTH:   9.3 INCHES  5 = HAIL
                        GRTST 24HR   3.3 ON   M    6 = FREEZING RAIN OR DRIZZLE
                        GRTST DEPTH:  16 ON  4     7 = DUSTSTORM OR SANDSTORM:
                                                       VSBY 1/2 MILE OR LESS
                                                   8 = SMOKE OR HAZE
[NO. OF DAYS WITH]      [WEATHER - DAYS WITH]      9 = BLOWING SNOW
                                                   X = TORNADO
MAX 32 OR BELOW:   8    0.01 INCH OR MORE:  13
MAX 90 OR ABOVE:   0    0.10 INCH OR MORE:   7
MIN 32 OR BELOW:  20    0.50 INCH OR MORE:   0
MIN  0 OR BELOW:   2    1.00 INCH OR MORE:   0

[HDD (BASE 65) ]
TOTAL THIS MO.   774    CLEAR  (SCALE 0-3)   3
DPTR FM NORMAL    22    PTCLDY (SCALE 4-7)   6
TOTAL FM JUL 1  5525    CLOUDY (SCALE 8-10) 10
DPTR FM NORMAL   384

[CDD (BASE 65) ]
TOTAL THIS MO.     0
DPTR FM NORMAL     0    [PRESSURE DATA]
TOTAL FM JAN 1     0    HIGHEST SLP M ON M
DPTR FM NORMAL     0    LOWEST  SLP 29.26 ON  6

[REMARKS]
