000
CXUS52 KKEY 300621
CF6MTH
PRELIMINARY LOCAL CLIMATOLOGICAL DATA (WS FORM: F-6)

                                          STATION:   MARATHON
                                          MONTH:     JULY
                                          YEAR:      2016
                                          LATITUDE:   24 43 N
                                          LONGITUDE:  81  5 W

  TEMPERATURE IN F:       :PCPN:    SNOW:  WIND      :SUNSHINE: SKY     :PK WND
================================================================================
1   2   3   4   5  6A  6B    7    8   9   10  11  12  13   14  15   16   17  18
                                     12Z  AVG MX 2MIN
DY MAX MIN AVG DEP HDD CDD  WTR  SNW DPTH SPD SPD DIR MIN PSBL S-S WX    SPD DR
================================================================================

 1  93  84  89   4   0  24 0.11  0.0    0  3.7  9 150   M    M   1 138    16 110
 2  92  84  88   3   0  23 0.03  0.0    0  5.6 10 110   M    M   2 3      17 120
 3  93  84  89   4   0  24 0.00  0.0    0  6.4 12 110   M    M   1        19 110
 4  93  84  89   4   0  24 0.00  0.0    0  6.9 12 110   M    M   2        19 100
 5  93  84  89   4   0  24 0.00  0.0    0  7.1 12  90   M    M   2        19 130
 6  92  84  88   3   0  23    T  0.0    0  7.4 12 110   M    M   1        19 180
 7  93  83  88   3   0  23 0.00  0.0    0  6.2 12 200   M    M   1        17 160
 8  93  83  88   3   0  23 0.00  0.0    0  4.8  9 120   M    M   1        14 130
 9  92  80  86   1   0  21 0.11  0.0    0  4.6  9 140   M    M   1        14 140
10  92  82  87   2   0  22    T  0.0    0  6.3 12 110   M    M   2        19  90
11  92  78  85   0   0  20 0.16  0.0    0  6.8 17 130   M    M   2 1      28 140
12  94  83  89   4   0  24    T  0.0    0  6.3 14 130   M    M   2 3      21 140
13  93  78  86   1   0  21 0.11  0.0    0  6.5 16  70   M    M   2 13     20  40
14  92  81  87   2   0  22 0.02  0.0    0  7.2 13 100   M    M   2 8      20 140
15  87  82  85   0   0  20    T  0.0    0  7.2 18  50   M    M   2 3      22  40
16  93  81  87   2   0  22    T  0.0    0  8.1 15 130   M    M   1 3      22 130
17  91  78  85   0   0  20 0.41  0.0    0  9.3 20  80   M    M   2 138    28 120
18  91  78  85   0   0  20 0.42  0.0    0 10.7 20  70   M    M   2 138    26  70
19  91  82  87   2   0  22    T  0.0    0 11.7 20  70   M    M   2 3      27  60
20  91  82  87   2   0  22    T  0.0    0 10.4 16  80   M    M   2 3      24  80
21  86  75  81  -4   0  16 0.93  0.0    0  4.1 16 130   M    M   2 138    25 130
22  89  81  85   0   0  20    T  0.0    0  5.6 15  50   M    M   2 38     18  40
23  90  79  85   0   0  20 0.01  0.0    0  3.0  8 140   M    M   2 38     13 140
24  87  72  80  -5   0  15 1.61  0.0    0  3.2 14  70   M    M   4 13     20  60
25  91  81  86   1   0  21 0.01  0.0    0  6.4 12  80   M    M   2 1      16 130
26  90  81  86   1   0  21    T  0.0    0  7.6 14  80   M    M   1 3      20  90
27  89  73  81  -4   0  16 0.83  0.0    0  8.5 15 170   M    M   3 13     23  90
28  88  79  84  -1   0  19 0.01  0.0    0  6.9 13 140   M    M   1 3      21 140
29  90  82  86   1   0  21    T  0.0    0  3.5  9 130   M    M   1        12 150
================================================================================
SM 2641 2338         0 613  4.77     0.0 192.0          M       51
================================================================================
AV 91.1 80.6                               6.6 FASTST   M    M   2    MAX(MPH)
                                 MISC ---->  # 20  80               # 28  140
================================================================================
NOTES:
# LAST OF SEVERAL OCCURRENCES

COLUMN 17 PEAK WIND IN M.P.H.

PRELIMINARY LOCAL CLIMATOLOGICAL DATA (WS FORM: F-6) , PAGE 2

                                          STATION:  MARATHON
                                          MONTH:    JULY
                                          YEAR:     2016
                                          LATITUDE:   24 43 N
                                          LONGITUDE:  81  5 W

[TEMPERATURE DATA]      [PRECIPITATION DATA]       SYMBOLS USED IN COLUMN 16

AVERAGE MONTHLY: 85.8   TOTAL FOR MONTH:   4.77    1 = FOG OR MIST
DPTR FM NORMAL:   0.8   DPTR FM NORMAL:    0.80    2 = FOG REDUCING VISIBILITY
HIGHEST:    94 ON 12    GRTST 24HR  1.62 ON 23-24      TO 1/4 MILE OR LESS
LOWEST:     72 ON 24                               3 = THUNDER
                        SNOW, ICE PELLETS, HAIL    4 = ICE PELLETS
                        TOTAL MONTH:   0.0 INCH    5 = HAIL
                        GRTST 24HR     0.0         6 = FREEZING RAIN OR DRIZZLE
                        GRTST DEPTH:   0           7 = DUSTSTORM OR SANDSTORM:
                                                       VSBY 1/2 MILE OR LESS
                                                   8 = SMOKE OR HAZE
[NO. OF DAYS WITH]      [WEATHER - DAYS WITH]      9 = BLOWING SNOW
                                                   X = TORNADO
MAX 32 OR BELOW:   0    0.01 INCH OR MORE:  14
MAX 90 OR ABOVE:  23    0.10 INCH OR MORE:   9
MIN 32 OR BELOW:   0    0.50 INCH OR MORE:   3
MIN  0 OR BELOW:   0    1.00 INCH OR MORE:   1

[HDD (BASE 65) ]
TOTAL THIS MO.     0    CLEAR  (SCALE 0-3)  28
DPTR FM NORMAL     0    PTCLDY (SCALE 4-7)   1
TOTAL FM JUL 1     0    CLOUDY (SCALE 8-10)  0
DPTR FM NORMAL     0

[CDD (BASE 65) ]
TOTAL THIS MO.   613
DPTR FM NORMAL    33    [PRESSURE DATA]
TOTAL FM JAN 1  2820    HIGHEST SLP M ON M
DPTR FM NORMAL   103    LOWEST  SLP 29.98 ON 15

[REMARKS]
