000
CXUS52 KKEY 310541
CF6MTH
PRELIMINARY LOCAL CLIMATOLOGICAL DATA (WS FORM: F-6)

                                          STATION:   MARATHON
                                          MONTH:     JULY
                                          YEAR:      2015
                                          LATITUDE:   24 43 N
                                          LONGITUDE:  81  5 W

  TEMPERATURE IN F:       :PCPN:    SNOW:  WIND      :SUNSHINE: SKY     :PK WND
================================================================================
1   2   3   4   5  6A  6B    7    8   9   10  11  12  13   14  15   16   17  18
                                     12Z  AVG MX 2MIN
DY MAX MIN AVG DEP HDD CDD  WTR  SNW DPTH SPD SPD DIR MIN PSBL S-S WX    SPD DR
================================================================================

 1  94  83  89   4   0  24 0.00  0.0    0  7.8 13 100   M    M   1        19 100
 2  94  84  89   4   0  24 0.00  0.0    0  7.9 13 120   M    M   1        21 110
 3  93  83  88   3   0  23 0.00  0.0    0  7.7 14 130   M    M   1 3      20 100
 4  93  83  88   3   0  23 0.00  0.0    0  7.8 13  90   M    M   3        19  70
 5  93  84  89   4   0  24 0.00  0.0    0  8.4 13 120   M    M   3        20 120
 6  93  80  87   2   0  22    T  0.0    0  8.1 20  60   M    M   2 3      26  40
 7  93  84  89   4   0  24 0.00  0.0    0  7.2 13  80   M    M   2        19 120
 8  93  83  88   3   0  23    T  0.0    0  8.3 16  90   M    M   2        22  80
 9  93  77  85   0   0  20 0.02  0.0    0  9.1 16  90   M    M   1 3      21 100
10  93  83  88   3   0  23 0.00  0.0    0  8.6 13  80   M    M   1        18 100
11  91  81  86   1   0  21 0.06  0.0    0  6.9 13  70   M    M   2        17  70
12  91  78  85   0   0  20    T  0.0    0  3.9 10  50   M    M   3        14  60
13  92  79  86   1   0  21 0.27  0.0    0  3.7  8 180   M    M   1 18     13 150
14  93  81  87   2   0  22 0.00  0.0    0  6.0 12 290   M    M   2 3      17 270
15  90  81  86   1   0  21 0.03  0.0    0  3.8  8 210   M    M   2 138    13 190
16  90  82  86   1   0  21 0.00  0.0    0  2.6  6 210   M    M   0        10 180
17  93  78  86   1   0  21 0.00  0.0    0  3.0  8 150   M    M   0        13 140
18  93  84  89   4   0  24 0.00  0.0    0  4.3  8 140   M    M   1        12 170
19  93  83  88   3   0  23 0.00  0.0    0  4.6 10 160   M    M   1        16 150
20  93  80  87   2   0  22 0.00  0.0    0  3.3  8 200   M    M   1        12 190
21  93  83  88   3   0  23 0.00  0.0    0  4.3  8 190   M    M   1        12 210
22  93  82  88   3   0  23    T  0.0    0  3.3  7 190   M    M   4 3      11 170
23  94  80  87   2   0  22    T  0.0    0  3.7  8 350   M    M   1 3      12 200
24  93  81  87   2   0  22 0.21  0.0    0  4.9 13 300   M    M   4        18 290
25  89  75  82  -3   0  17 0.68  0.0    0  6.5 17 250   M    M   3 3      23 260
26  90  80  85   0   0  20    T  0.0    0  5.7 20 280   M    M   1 3      27 290
27  94  82  88   3   0  23 0.00  0.0    0  4.7 10 190   M    M   1        17 200
28  92  81  87   2   0  22 0.00  0.0    0  1.9  7 170   M    M   2        10 170
29  93  79  86   1   0  21 0.00  0.0    0  2.2  9 320   M    M   1        13 340
30  94  79  87   2   0  22    T  0.0    0  3.0 13 330   M    M   1 3      16 320
================================================================================
SM 2776 2433         0 661  1.27     0.0 163.2          M       49
================================================================================
AV 92.5 81.1                               5.4 FASTST   M    M   2    MAX(MPH)
                                 MISC ---->  # 20  60               # 27  290
================================================================================
NOTES:
# LAST OF SEVERAL OCCURRENCES

COLUMN 17 PEAK WIND IN M.P.H.

PRELIMINARY LOCAL CLIMATOLOGICAL DATA (WS FORM: F-6) , PAGE 2

                                          STATION:  MARATHON
                                          MONTH:    JULY
                                          YEAR:     2015
                                          LATITUDE:   24 43 N
                                          LONGITUDE:  81  5 W

[TEMPERATURE DATA]      [PRECIPITATION DATA]       SYMBOLS USED IN COLUMN 16

AVERAGE MONTHLY: 86.8   TOTAL FOR MONTH:   1.27    1 = FOG OR MIST
DPTR FM NORMAL:   1.8   DPTR FM NORMAL:   -2.85    2 = FOG REDUCING VISIBILITY
HIGHEST:    94 ON 30,27 GRTST 24HR  0.68 ON 25-25      TO 1/4 MILE OR LESS
LOWEST:     75 ON 25                               3 = THUNDER
                        SNOW, ICE PELLETS, HAIL    4 = ICE PELLETS
                        TOTAL MONTH:   0.0 INCH    5 = HAIL
                        GRTST 24HR     0.0         6 = FREEZING RAIN OR DRIZZLE
                        GRTST DEPTH:   0           7 = DUSTSTORM OR SANDSTORM:
                                                       VSBY 1/2 MILE OR LESS
                                                   8 = SMOKE OR HAZE
[NO. OF DAYS WITH]      [WEATHER - DAYS WITH]      9 = BLOWING SNOW
                                                   X = TORNADO
MAX 32 OR BELOW:   0    0.01 INCH OR MORE:   6
MAX 90 OR ABOVE:  29    0.10 INCH OR MORE:   3
MIN 32 OR BELOW:   0    0.50 INCH OR MORE:   1
MIN  0 OR BELOW:   0    1.00 INCH OR MORE:   0

[HDD (BASE 65) ]
TOTAL THIS MO.     0    CLEAR  (SCALE 0-3)  28
DPTR FM NORMAL     0    PTCLDY (SCALE 4-7)   2
TOTAL FM JUL 1     0    CLOUDY (SCALE 8-10)  0
DPTR FM NORMAL     0

[CDD (BASE 65) ]
TOTAL THIS MO.   661
DPTR FM NORMAL    61    [PRESSURE DATA]
TOTAL FM JAN 1  3110    HIGHEST SLP M ON M
DPTR FM NORMAL   373    LOWEST  SLP 29.90 ON 26

[REMARKS]
