000
CXUS55 KGJT 271000
CF6MTJ
PRELIMINARY LOCAL CLIMATOLOGICAL DATA (WS FORM: F-6)

                                          STATION:   MONTROSE CO
                                          MONTH:     JULY
                                          YEAR:      2016
                                          LATITUDE:   38 30 N
                                          LONGITUDE: 107 53 W

  TEMPERATURE IN F:       :PCPN:    SNOW:  WIND      :SUNSHINE: SKY     :PK WND
================================================================================
1   2   3   4   5  6A  6B    7    8   9   10  11  12  13   14  15   16   17  18
                                     12Z  AVG MX 2MIN
DY MAX MIN AVG DEP HDD CDD  WTR  SNW DPTH SPD SPD DIR MIN PSBL S-S WX    SPD DR
================================================================================

 1  67  60  64  -8   1   0 0.18    M    M  4.7 10 150   M    M   9 13     26 210
 2  73  60  67  -6   0   2 0.12    M    M  3.9 18  20   M    M   7 13     24  20
 3  80  56  68  -5   0   3    T    M    M  5.3 15  80   M    M   3 3      17  80
 4  88  53  71  -2   0   6 0.00    M    M  7.3 25 140   M    M   0        29 140
 5  91  60  76   3   0  11 0.00    M    M 10.1 22 240   M    M   0        28 240
 6  91  63  77   4   0  12 0.00    M    M 11.4 24 210   M    M   0        32 220
 7  91  65  78   5   0  13 0.00    M    M  9.2 21 230   M    M   0        25 230
 8  97  58  78   4   0  13 0.00    M    M  8.8 21 230   M    M   0        25 230
 9  93  58  76   2   0  11 0.00    M    M  9.3 21 270   M    M   0        26 240
10  92  62  77   3   0  12 0.00    M    M 12.7 30 190   M    M   0        40 210
11  85  60  73  -1   0   8 0.00    M    M  9.4 16 350   M    M   0        22 280
12  91  50  71  -3   0   6 0.00    M    M  8.9 23 210   M    M   0        34 180
13  92  54  73  -1   0   8 0.00    M    M  6.5 13 130   M    M   0        18 360
14  93  58  76   2   0  11 0.00    M    M  8.3 15 130   M    M   0        19 330
15  96  55  76   2   0  11    T    M    M  7.7 24 270   M    M   0        32 290
16  95  63  79   5   0  14 0.00    M    M 11.7 26 200   M    M   0        38 200
17  94  61  78   4   0  13 0.00    M    M  9.2 21 230   M    M   0        30 220
18  89  63  76   2   0  11 0.06    M    M  9.4 22 210   M    M   2 3      31 210
19  82  61  72  -2   0   7 0.19    M    M  5.7 22 240   M    M   4 13     28 240
20  88  61  75   1   0  10 0.03    M    M  8.0 36 160   M    M   3 3      46 150
21  88  62  75   1   0  10    T    M    M  5.6 17 160   M    M   4 3      21 160
22  88  59  74   0   0   9 0.00    M    M  8.0 21 110   M    M   0 3      26 110
23  94  57  76   2   0  11 0.00    M    M  5.9 14 130   M    M   0        16 130
24  97  63  80   6   0  15    T    M    M  8.1 30 310   M    M   0 8      36 320
25  92  65  79   5   0  14 0.00    M    M  8.7 23 160   M    M   0        27 160
26  90  65  78   4   0  13 0.00    M    M  5.9 17  80   M    M   0        21  70
================================================================================
SM 2317 1552         1 254  0.58    M    209.7          M       32
================================================================================
AV 89.1 59.7                               8.1 FASTST   M    M   1    MAX(MPH)
                                 MISC ---->  # 36 160               # 46  150
================================================================================
NOTES:
# LAST OF SEVERAL OCCURRENCES

COLUMN 17 PEAK WIND IN M.P.H.

PRELIMINARY LOCAL CLIMATOLOGICAL DATA (WS FORM: F-6) , PAGE 2

                                          STATION:  MONTROSE CO
                                          MONTH:    JULY
                                          YEAR:     2016
                                          LATITUDE:   38 30 N
                                          LONGITUDE: 107 53 W

[TEMPERATURE DATA]      [PRECIPITATION DATA]       SYMBOLS USED IN COLUMN 16

AVERAGE MONTHLY: 74.4   TOTAL FOR MONTH:   0.58    1 = FOG OR MIST
DPTR FM NORMAL:   0.7   DPTR FM NORMAL:   -0.19    2 = FOG REDUCING VISIBILITY
HIGHEST:    97 ON 24, 8 GRTST 24HR  0.25 ON 18-19      TO 1/4 MILE OR LESS
LOWEST:     50 ON 12                               3 = THUNDER
                        SNOW, ICE PELLETS, HAIL    4 = ICE PELLETS
                        TOTAL MONTH:    M          5 = HAIL
                        GRTST 24HR    M  ON   M    6 = FREEZING RAIN OR DRIZZLE
                        GRTST DEPTH:  M  ON   M    7 = DUSTSTORM OR SANDSTORM:
                                                       VSBY 1/2 MILE OR LESS
                                                   8 = SMOKE OR HAZE
[NO. OF DAYS WITH]      [WEATHER - DAYS WITH]      9 = BLOWING SNOW
                                                   X = TORNADO
MAX 32 OR BELOW:   0    0.01 INCH OR MORE:   5
MAX 90 OR ABOVE:  16    0.10 INCH OR MORE:   3
MIN 32 OR BELOW:   0    0.50 INCH OR MORE:   0
MIN  0 OR BELOW:   0    1.00 INCH OR MORE:   0

[HDD (BASE 65) ]
TOTAL THIS MO.     1    CLEAR  (SCALE 0-3)  21
DPTR FM NORMAL     1    PTCLDY (SCALE 4-7)   4
TOTAL FM JUL 1     1    CLOUDY (SCALE 8-10)  1
DPTR FM NORMAL     1

[CDD (BASE 65) ]
TOTAL THIS MO.   254
DPTR FM NORMAL    28    [PRESSURE DATA]
TOTAL FM JAN 1   483    HIGHEST SLP M ON M
DPTR FM NORMAL   105    LOWEST  SLP 29.58 ON 10

[REMARKS]
