000
CXUS55 KGJT 281000
CF6MTJ
PRELIMINARY LOCAL CLIMATOLOGICAL DATA (WS FORM: F-6)

                                          STATION:   MONTROSE CO
                                          MONTH:     MAY
                                          YEAR:      2015
                                          LATITUDE:   38 30 N
                                          LONGITUDE: 107 53 W

  TEMPERATURE IN F:       :PCPN:    SNOW:  WIND      :SUNSHINE: SKY     :PK WND
================================================================================
1   2   3   4   5  6A  6B    7    8   9   10  11  12  13   14  15   16   17  18
                                     12Z  AVG MX 2MIN
DY MAX MIN AVG DEP HDD CDD  WTR  SNW DPTH SPD SPD DIR MIN PSBL S-S WX    SPD DR
================================================================================

 1  80  48  64  11   1   0 0.00    M    M  7.3 20 330   M    M   1        28 350
 2  79  46  63   9   2   0 0.00    M    M  8.0 26 150   M    M   1        33 150
 3  74  49  62   8   3   0    T    M    M  8.8 26 150   M    M   6 3      32 150
 4  69  45  57   3   8   0 0.03    M    M  8.0 28 150   M    M   4 8      38 150
 5  57  49  53  -2  12   0 0.15    M    M  5.2 12 240   M    M   9 1      14 250
 6  62  48  55   0  10   0 0.17    M    M  8.1 24 270   M    M   8 3      30 280
 7  67  41  54  -1  11   0    T    M    M  6.3 24 170   M    M   4        30 160
 8  67  43  55  -1  10   0 0.16    M    M  8.5 26 240   M    M   7 3      35 210
 9  46  37  42 -14  23   0 0.19    M    M  6.7 18 210   M    M   8 1      25 150
10  56  39  48  -8  17   0 0.02    M    M  7.5 25 300   M    M   8 3      33 290
11  67  33  50  -7  15   0 0.00    M    M  5.6 13 140   M    M   1        15  20
12  76  39  58   1   7   0 0.00    M    M  9.5 30 180   M    M   4 3      40 170
13  73  51  62   5   3   0 0.00    M    M  8.6 20 250   M    M   3        26 260
14  66  48  57  -1   8   0    T    M    M 10.3 29 120   M    M   4 3      37 130
15  56  42  49  -9  16   0 0.27    M    M  9.7 24 260   M    M   8 13     33 240
16  53  40  47 -11  18   0 0.06    M    M  7.6 21 310   M    M   8 3      25 300
17  66  44  55  -4  10   0    T    M    M  4.6 16 310   M    M   6        20 290
18  73  41  57  -2   8   0 0.19    M    M  6.2 22 250   M    M   4 13     30 250
19  59  41  50  -9  15   0 0.20    M    M  9.0 31 240   M    M   5 13     40 230
20  71  37  54  -6  11   0 0.00    M    M  6.2 12 140   M    M   1        15 330
21  68  47  58  -2   7   0    T    M    M  6.3 29 190   M    M   3 8      41 220
22  70  45  58  -2   7   0 0.02    M    M  7.5 35 190   M    M   5        43 220
23  60  42  51 -10  14   0 0.12    M    M  7.6 24 310   M    M   6 13     29 310
24  59  39  49 -12  16   0 0.06    M    M  5.5 22 310   M    M   8 12     27 310
25  64  45  55  -6  10   0 0.14    M    M  6.2 15 250   M    M   5 1      19 250
26  71  42  57  -5   8   0 0.02    M    M  6.9 26 190   M    M   4 3      31 190
27  76  44  60  -2   5   0 0.01    M    M  7.8 26 140   M    M   3 3      31 290
================================================================================
SM 1785 1165       275   0  1.81    M    199.5          M      134
================================================================================
AV 66.1 43.1                               7.4 FASTST   M    M   5    MAX(MPH)
                                 MISC ---->  # 35 190               # 43  220
================================================================================
NOTES:
# LAST OF SEVERAL OCCURRENCES

COLUMN 17 PEAK WIND IN M.P.H.

PRELIMINARY LOCAL CLIMATOLOGICAL DATA (WS FORM: F-6) , PAGE 2

                                          STATION:  MONTROSE CO
                                          MONTH:    MAY
                                          YEAR:     2015
                                          LATITUDE:   38 30 N
                                          LONGITUDE: 107 53 W

[TEMPERATURE DATA]      [PRECIPITATION DATA]       SYMBOLS USED IN COLUMN 16

AVERAGE MONTHLY: 54.6   TOTAL FOR MONTH:   1.81    1 = FOG OR MIST
DPTR FM NORMAL:  -3.0   DPTR FM NORMAL:    0.80    2 = FOG REDUCING VISIBILITY
HIGHEST:    80 ON  1    GRTST 24HR  0.39 ON 18-19      TO 1/4 MILE OR LESS
LOWEST:     33 ON 11                               3 = THUNDER
                        SNOW, ICE PELLETS, HAIL    4 = ICE PELLETS
                        TOTAL MONTH:    M          5 = HAIL
                        GRTST 24HR    M  ON   M    6 = FREEZING RAIN OR DRIZZLE
                        GRTST DEPTH:  M  ON   M    7 = DUSTSTORM OR SANDSTORM:
                                                       VSBY 1/2 MILE OR LESS
                                                   8 = SMOKE OR HAZE
[NO. OF DAYS WITH]      [WEATHER - DAYS WITH]      9 = BLOWING SNOW
                                                   X = TORNADO
MAX 32 OR BELOW:   0    0.01 INCH OR MORE:  16
MAX 90 OR ABOVE:   0    0.10 INCH OR MORE:   9
MIN 32 OR BELOW:   0    0.50 INCH OR MORE:   0
MIN  0 OR BELOW:   0    1.00 INCH OR MORE:   0

[HDD (BASE 65) ]
TOTAL THIS MO.   275    CLEAR  (SCALE 0-3)   6
DPTR FM NORMAL    64    PTCLDY (SCALE 4-7)  20
TOTAL FM JUL 1  5377    CLOUDY (SCALE 8-10)  1
DPTR FM NORMAL  -772

[CDD (BASE 65) ]
TOTAL THIS MO.     0
DPTR FM NORMAL    -9    [PRESSURE DATA]
TOTAL FM JAN 1     0    HIGHEST SLP M ON M
DPTR FM NORMAL    -9    LOWEST  SLP 29.53 ON 15

[REMARKS]
