000
CXUS53 KILX 210900
CF6MTO
PRELIMINARY LOCAL CLIMATOLOGICAL DATA (WS FORM: F-6)

                                          STATION:   MATTOON IL AIRPORT
                                          MONTH:     OCTOBER
                                          YEAR:      2014
                                          LATITUDE:   39 28 N
                                          LONGITUDE:  88 17 W

  TEMPERATURE IN F:       :PCPN:    SNOW:  WIND      :SUNSHINE: SKY     :PK WND
================================================================================
1   2   3   4   5  6A  6B    7    8   9   10  11  12  13   14  15   16   17  18
                                     12Z  AVG MX 2MIN
DY MAX MIN AVG DEP HDD CDD  WTR  SNW DPTH SPD SPD DIR MIN PSBL S-S WX    SPD DR
================================================================================

 1  82  50  66   6   0   1 0.00    M    M  6.6 16 160   M    M   1        20 170
 2  79  64  72  12   0   7 2.17    M    M  9.8 24 170   M    M   7 3      34 170
 3  66  42  54  -6  11   0 0.31    M    M 15.1 29 300   M    M   9        37 290
 4  53  38  46 -13  19   0 0.00    M    M 11.0 25 290   M    M   6        33 280
 5  63  39  51  -8  14   0    T    M    M  7.9 17 160   M    M   5        23 160
 6  66  48  57  -1   8   0    T    M    M  8.4 22 280   M    M   3 3      31 290
 7  72  52  62   4   3   0 0.94    M    M  8.0 21 310   M    M   5 3      26 280
 8  70  48  59   1   6   0 0.00    M    M  6.0 18 300   M    M   0        22 290
 9  57  50  54  -3  11   0    T    M    M  4.4 12  50   M    M  10        14  60
10  55  47  51  -6  14   0    M    M    M  6.3 12  40   M    M   8        15  70
11  59  40  50  -6  15   0 0.00    M    M  6.8 15  50   M    M   0        18  50
12  62  40  51  -5  14   0    T    M    M  7.5 14 150   M    M   8        25 140
13  72  62  67  11   0   2 0.65    M    M 11.1 24 160   M    M   9 3      32 150
14  64  54  59   4   6   0 0.01    M    M  9.3 20 200   M    M  10        28 210
15  55  51  53  -2  12   0 0.10    M    M 10.3 18 320   M    M  10        23 320
16  60  51  56   1   9   0 0.00    M    M  7.7 13 170   M    M   7        17 170
17  65  51  58   4   7   0 0.00    M    M 12.8 23 320   M    M   5        31 310
18  56  45  51  -3  14   0 0.00    M    M 10.5 21 340   M    M   8        24 340
19  54  41  48  -6  17   0 0.00    M    M  5.8 12 190   M    M   6        16 200
20  69  47  58   5   7   0 0.00    M    M 10.2 22 300   M    M   3        26 310
================================================================================
SM 1279  960       187  10  4.18    M    175.5          M      120
================================================================================
AV 64.0 48.0                               8.8 FASTST   M    M   6    MAX(MPH)
                                 MISC ---->  # 29 300               # 37  290
================================================================================
NOTES:
# LAST OF SEVERAL OCCURRENCES

COLUMN 17 PEAK WIND IN M.P.H.

PRELIMINARY LOCAL CLIMATOLOGICAL DATA (WS FORM: F-6) , PAGE 2

                                          STATION:  MATTOON IL AIRPORT
                                          MONTH:    OCTOBER
                                          YEAR:     2014
                                          LATITUDE:   39 28 N
                                          LONGITUDE:  88 17 W

[TEMPERATURE DATA]      [PRECIPITATION DATA]       SYMBOLS USED IN COLUMN 16

AVERAGE MONTHLY: 56.0   TOTAL FOR MONTH:   4.18    1 = FOG OR MIST
DPTR FM NORMAL:  -0.7   DPTR FM NORMAL:    2.37    2 = FOG REDUCING VISIBILITY
HIGHEST:    82 ON  1    GRTST 24HR  2.18 ON  2- 3      TO 1/4 MILE OR LESS
LOWEST:     38 ON  4                               3 = THUNDER
                        SNOW, ICE PELLETS, HAIL    4 = ICE PELLETS
                        TOTAL MONTH:    M          5 = HAIL
                        GRTST 24HR    M  ON   M    6 = FREEZING RAIN OR DRIZZLE
                        GRTST DEPTH:  M  ON   M    7 = DUSTSTORM OR SANDSTORM:
                                                       VSBY 1/2 MILE OR LESS
                                                   8 = SMOKE OR HAZE
[NO. OF DAYS WITH]      [WEATHER - DAYS WITH]      9 = BLOWING SNOW
                                                   X = TORNADO
MAX 32 OR BELOW:   0    0.01 INCH OR MORE:   6
MAX 90 OR ABOVE:   0    0.10 INCH OR MORE:   5
MIN 32 OR BELOW:   0    0.50 INCH OR MORE:   3
MIN  0 OR BELOW:   0    1.00 INCH OR MORE:   1

[HDD (BASE 65) ]
TOTAL THIS MO.   187    CLEAR  (SCALE 0-3)   5
DPTR FM NORMAL     4    PTCLDY (SCALE 4-7)  10
TOTAL FM JUL 1   288    CLOUDY (SCALE 8-10)  5
DPTR FM NORMAL    34

[CDD (BASE 65) ]
TOTAL THIS MO.    10
DPTR FM NORMAL    -5    [PRESSURE DATA]
TOTAL FM JAN 1   928    HIGHEST SLP M ON M
DPTR FM NORMAL  -125    LOWEST  SLP 29.50 ON 14

[REMARKS]
