000
CXUS53 KILX 190900
CF6MTO
PRELIMINARY LOCAL CLIMATOLOGICAL DATA (WS FORM: F-6)

                                          STATION:   MATTOON IL AIRPORT
                                          MONTH:     NOVEMBER
                                          YEAR:      2017
                                          LATITUDE:   39 28 N
                                          LONGITUDE:  88 17 W

  TEMPERATURE IN F:       :PCPN:    SNOW:  WIND      :SUNSHINE: SKY     :PK WND
================================================================================
1   2   3   4   5  6A  6B    7    8   9   10  11  12  13   14  15   16   17  18
                                     12Z  AVG MX 2MIN
DY MAX MIN AVG DEP HDD CDD  WTR  SNW DPTH SPD SPD DIR MIN PSBL S-S WX    SPD DR
================================================================================

 1  57  35  46  -3  19   0 0.06    M    M 10.4 16 170   M    M  10 1      23 160
 2  68  52  60  11   5   0 0.19    M    M  9.5 18 360   M    M   9 1      23 160
 3  55  43  49   0  16   0 0.00    M    M 11.1 21 360   M    M   4 1      26  10
 4  63  47  55   7  10   0 0.02    M    M  7.8 16 150   M    M  10 1      21 170
 5  72  49  61  13   4   0 1.04    M    M 12.7 26 350   M    M   9 138    32 340
 6  49  41  45  -2  20   0 0.03    M    M 11.3 21  10   M    M   9 1      27  10
 7  51  39  45  -2  20   0 0.14    M    M 13.6 22  30   M    M   7 1      27  30
 8  50  31  41  -6  24   0 0.00    M    M  5.4 14 350   M    M   0        18  30
 9  55  28  42  -4  23   0 0.00    M    M  9.8 23 310   M    M   0 1      30 320
10  37  21  29 -17  36   0 0.00    M    M  9.6 18  60   M    M   0        24  70
11  45  25  35 -10  30   0 0.00    M    M  8.1 14 170   M    M   1        19 150
12  42  36  39  -6  26   0 0.04    M    M  6.0 14 350   M    M  10 1      18 340
13  47  35  41  -3  24   0 0.00    M    M  3.6 13 320   M    M   6 1      14 310
14  52  30  41  -3  24   0 0.00    M    M  9.7 18 160   M    M   3 1      23 160
15  56  35  46   2  19   0 0.37    M    M 12.0 21 290   M    M   6 13     25 270
16  41  30  36  -7  29   0 0.00    M    M  8.9 17 310   M    M   5        22 300
17  55  30  43   0  22   0    T    M    M 13.2 21 160   M    M   6 18     30 150
18  67  36  52  10  13   0 0.60    M    M 18.9 36 340   M    M   9 138    45 350
================================================================================
SM  962  643       364   0  2.49    M    181.6          M      104
================================================================================
AV 53.4 35.7                              10.1 FASTST   M    M   6    MAX(MPH)
                                 MISC ---->  # 36 340               # 45  350
================================================================================
NOTES:
# LAST OF SEVERAL OCCURRENCES

COLUMN 17 PEAK WIND IN M.P.H.

PRELIMINARY LOCAL CLIMATOLOGICAL DATA (WS FORM: F-6) , PAGE 2

                                          STATION:  MATTOON IL AIRPORT
                                          MONTH:    NOVEMBER
                                          YEAR:     2017
                                          LATITUDE:   39 28 N
                                          LONGITUDE:  88 17 W

[TEMPERATURE DATA]      [PRECIPITATION DATA]       SYMBOLS USED IN COLUMN 16

AVERAGE MONTHLY: 44.6   TOTAL FOR MONTH:   2.49    1 = FOG OR MIST
DPTR FM NORMAL:  -1.3   DPTR FM NORMAL:    0.37    2 = FOG REDUCING VISIBILITY
HIGHEST:    72 ON  5    GRTST 24HR  1.04 ON  5- 5      TO 1/4 MILE OR LESS
LOWEST:     21 ON 10                               3 = THUNDER
                        SNOW, ICE PELLETS, HAIL    4 = ICE PELLETS
                        TOTAL MONTH:    M          5 = HAIL
                        GRTST 24HR    M  ON   M    6 = FREEZING RAIN OR DRIZZLE
                        GRTST DEPTH:  M  ON   M    7 = DUSTSTORM OR SANDSTORM:
                                                       VSBY 1/2 MILE OR LESS
                                                   8 = SMOKE OR HAZE
[NO. OF DAYS WITH]      [WEATHER - DAYS WITH]      9 = BLOWING SNOW
                                                   X = TORNADO
MAX 32 OR BELOW:   0    0.01 INCH OR MORE:   9
MAX 90 OR ABOVE:   0    0.10 INCH OR MORE:   5
MIN 32 OR BELOW:   7    0.50 INCH OR MORE:   2
MIN  0 OR BELOW:   0    1.00 INCH OR MORE:   1

[HDD (BASE 65) ]
TOTAL THIS MO.   364    CLEAR  (SCALE 0-3)   5
DPTR FM NORMAL    20    PTCLDY (SCALE 4-7)   6
TOTAL FM JUL 1   663    CLOUDY (SCALE 8-10)  7
DPTR FM NORMAL   -85

[CDD (BASE 65) ]
TOTAL THIS MO.     0
DPTR FM NORMAL     0    [PRESSURE DATA]
TOTAL FM JAN 1  1161    HIGHEST SLP M ON M
DPTR FM NORMAL   104    LOWEST  SLP 29.25 ON 18

[REMARKS]
