000
CXUS54 KFWD 220730
CF6MWL
PRELIMINARY LOCAL CLIMATOLOGICAL DATA (WS FORM: F-6)

                                          STATION:   MINERAL WELLS
                                          MONTH:     DECEMBER
                                          YEAR:      2014
                                          LATITUDE:   32 46 N
                                          LONGITUDE:  98  4 W

  TEMPERATURE IN F:       :PCPN:    SNOW:  WIND      :SUNSHINE: SKY     :PK WND
================================================================================
1   2   3   4   5  6A  6B    7    8   9   10  11  12  13   14  15   16   17  18
                                     12Z  AVG MX 2MIN
DY MAX MIN AVG DEP HDD CDD  WTR  SNW DPTH SPD SPD DIR MIN PSBL S-S WX    SPD DR
================================================================================

 1  47  28  38 -11  27   0 0.00  0.0    0 15.0 25 340   M    M   6        31 340
 2  49  29  39  -9  26   0 0.00  0.0    0  6.5 13 150   M    M   9        17 160
 3  59  46  53   5  12   0 0.00  0.0    0 11.8 17 140   M    M   9 18     23 140
 4  67  56  62  14   3   0 0.00  0.0    0  9.9 16 150   M    M  10 18     20 160
 5  79  56  68  21   0   3 0.02  0.0    0 11.4 21 330   M    M   6 1      27 230
 6  67  47  57  10   8   0 0.00  0.0    0  9.1 24 230   M    M   4        28 220
 7  50  46  48   1  17   0    T  0.0    0  4.4 14 130   M    M  10 1      17 160
 8  56  38  47   1  18   0 0.00  0.0    0  2.3  9 320   M    M   8 12     11 320
 9  62  39  51   5  14   0 0.00  0.0    0  2.6 12  80   M    M   5 12     14  90
10  61  38  50   4  15   0 0.00  0.0    0  6.9 13 120   M    M   7 128    15 150
11  65  51  58  12   7   0 0.01  0.0    0  6.3 12 150   M    M  10 18     14 150
12  73  57  65  19   0   0    T  0.0    0  8.5 16 190   M    M   8 12     22 200
13  72  56  64  19   1   0 0.00  0.0    0 10.3 21 190   M    M   8 1      27 180
14  66  57  62  17   3   0 0.48  0.0    0 13.1 24 220   M    M   8 1      31 220
15  63  43  53   8  12   0 0.00  0.0    0  9.9 21 300   M    M   0        26 320
16  56  36  46   1  19   0 0.00  0.0    0  7.5 16 340   M    M   0        21 340
17  46  43  45   0  20   0 0.24  0.0    0  7.5 16 120   M    M  10 138    21 120
18  51  43  47   3  18   0 0.00  0.0    0  5.4 12 140   M    M   9 1      14 130
19  49  44  47   3  18   0 0.08  0.0    0  6.4 14  10   M    M  10 1      17  10
20  47  43  45   1  20   0    T  0.0    0  4.0  8 140   M    M  10 1      10 120
21  54  46  50   6  15   0 0.00  0.0    0 10.9 17 140   M    M   8 18     21 180
================================================================================
SM 1239  942       273   3  0.83     0.0 169.7          M      155
================================================================================
AV 59.0 44.9                               8.1 FASTST   M    M   7    MAX(MPH)
                                 MISC ---->  # 25 340               # 31  340
================================================================================
NOTES:
# LAST OF SEVERAL OCCURRENCES

COLUMN 17 PEAK WIND IN M.P.H.

PRELIMINARY LOCAL CLIMATOLOGICAL DATA (WS FORM: F-6) , PAGE 2

                                          STATION:  MINERAL WELLS
                                          MONTH:    DECEMBER
                                          YEAR:     2014
                                          LATITUDE:   32 46 N
                                          LONGITUDE:  98  4 W

[TEMPERATURE DATA]      [PRECIPITATION DATA]       SYMBOLS USED IN COLUMN 16

AVERAGE MONTHLY: 51.9   TOTAL FOR MONTH:   0.83    1 = FOG OR MIST
DPTR FM NORMAL:   6.0   DPTR FM NORMAL:   -0.47    2 = FOG REDUCING VISIBILITY
HIGHEST:    79 ON  5    GRTST 24HR  0.48 ON 14-14      TO 1/4 MILE OR LESS
LOWEST:     28 ON  1                               3 = THUNDER
                        SNOW, ICE PELLETS, HAIL    4 = ICE PELLETS
                        TOTAL MONTH:   0.0 INCH    5 = HAIL
                        GRTST 24HR     0.0         6 = FREEZING RAIN OR DRIZZLE
                        GRTST DEPTH:   0           7 = DUSTSTORM OR SANDSTORM:
                                                       VSBY 1/2 MILE OR LESS
                                                   8 = SMOKE OR HAZE
[NO. OF DAYS WITH]      [WEATHER - DAYS WITH]      9 = BLOWING SNOW
                                                   X = TORNADO
MAX 32 OR BELOW:   0    0.01 INCH OR MORE:   5
MAX 90 OR ABOVE:   0    0.10 INCH OR MORE:   2
MIN 32 OR BELOW:   2    0.50 INCH OR MORE:   0
MIN  0 OR BELOW:   0    1.00 INCH OR MORE:   0

[HDD (BASE 65) ]
TOTAL THIS MO.   273    CLEAR  (SCALE 0-3)   2
DPTR FM NORMAL  -126    PTCLDY (SCALE 4-7)   9
TOTAL FM JUL 1   709    CLOUDY (SCALE 8-10) 10
DPTR FM NORMAL  -109

[CDD (BASE 65) ]
TOTAL THIS MO.     3
DPTR FM NORMAL     3    [PRESSURE DATA]
TOTAL FM JAN 1  2502    HIGHEST SLP M ON M
DPTR FM NORMAL   145    LOWEST  SLP 29.69 ON 21

[REMARKS]
