000
CXUS54 KLZK 251130
CF6MWT
PRELIMINARY LOCAL CLIMATOLOGICAL DATA (WS FORM: F-6)

                                          STATION:   Mount Ida
                                          MONTH:     JULY
                                          YEAR:      2016
                                          LATITUDE:   34 32 N
                                          LONGITUDE:  93 35 W

  TEMPERATURE IN F:       :PCPN:    SNOW:  WIND      :SUNSHINE: SKY     :PK WND
================================================================================
1   2   3   4   5  6A  6B    7    8   9   10  11  12  13   14  15   16   17  18
                                     12Z  AVG MX 2MIN
DY MAX MIN AVG DEP HDD CDD  WTR  SNW DPTH SPD SPD DIR MIN PSBL S-S WX    SPD DR
================================================================================

 1  93  68  81   2   0  16 0.01  0.0    0  1.2 10 130   M    M   2 1      15 140
 2  93  73  83   3   0  18 0.00  0.0    0  1.9  8 200   M    M   2 1      14 210
 3  93  80  87   7   0  22 0.00  0.0    0  4.0 10 240   M    M   1        17 230
 4  90  70  80   0   0  15 0.21  0.0    0  2.4 20 310   M    M   6 1      38 330
 5  93  74  84   4   0  19 0.00  0.0    0  3.5  9 180   M    M   3        18 260
 6  94  80  87   7   0  22 0.00  0.0    0  5.5 10 200   M    M   1        20 210
 7  95  79  87   7   0  22 0.00  0.0    0  4.8 12 170   M    M   0        21 240
 8  94  76  85   5   0  20 0.00  0.0    0  2.8  9 230   M    M   1        17 240
 9  88  71  80   0   0  15 0.29  0.0    0  0.8  7 320   M    M   2 1      13 320
10  93  73  83   3   0  18 0.02  0.0    0  2.2 14 150   M    M   2 1      22 120
11  92  71  82   2   0  17 0.00  0.0    0  3.5 10 180   M    M   3        18 150
12  93  78  86   6   0  21 0.00  0.0    0  3.6 10 170   M    M   0        18 190
13  95  79  87   7   0  22 0.00  0.0    0  3.1 10 180   M    M   1        19 200
14  97  79  88   8   0  23 0.00  0.0    0  1.9  8 260   M    M   2         M  M
15   M   M   M   M   M   M    M    M    M   M   M   M   M    M   M         M  M
16   M   M   M   M   M   M    M    M    M   M   M   M   M    M   M         M  M
17   M   M   M   M   M   M    M    M    M   M   M   M   M    M   M         M  M
18  94  73  84   4   0  19 0.00  0.0    M  1.3 12 330   M    M   2 18     47 280
19  97  73  85   5   0  20 0.00  0.0    0  1.3  9 140   M    M   2 1      14 130
20  98  75  87   7   0  22 0.00  0.0    0  1.1  9 140   M    M   2 1      15  80
21 100  74  87   7   0  22 0.00  0.0    0  1.0  8 190   M    M   1 1      13 210
22 102  75  89   9   0  24    T  0.0    0  1.3 10 330   M    M   1        15 320
23 101  75  88   8   0  23 0.41  0.0    0  0.6 10 350   M    M   1 13     19 360
24  99  73  86   6   0  21    T  0.0    0  1.0  8  10   M    M   1 1      17  10
================================================================================
SM 1994 1569         0 421  0.94     0.0  48.8          M       36
================================================================================
AV 95.0 74.7                               2.3 FASTST   M    M   2    MAX(MPH)
                                 MISC ---->  # 20 310               # 47  280
================================================================================
NOTES:
# LAST OF SEVERAL OCCURRENCES

COLUMN 17 PEAK WIND IN M.P.H.

PRELIMINARY LOCAL CLIMATOLOGICAL DATA (WS FORM: F-6) , PAGE 2

                                          STATION:  Mount Ida
                                          MONTH:    JULY
                                          YEAR:     2016
                                          LATITUDE:   34 32 N
                                          LONGITUDE:  93 35 W

[TEMPERATURE DATA]      [PRECIPITATION DATA]       SYMBOLS USED IN COLUMN 16

AVERAGE MONTHLY: 84.8   TOTAL FOR MONTH:   0.94    1 = FOG OR MIST
DPTR FM NORMAL:   4.9   DPTR FM NORMAL:   -2.23    2 = FOG REDUCING VISIBILITY
HIGHEST:   102 ON 22    GRTST 24HR  0.41 ON 23-23      TO 1/4 MILE OR LESS
LOWEST:     68 ON  1                               3 = THUNDER
                        SNOW, ICE PELLETS, HAIL    4 = ICE PELLETS
                        TOTAL MONTH:   0.0 INCH    5 = HAIL
                        GRTST 24HR     0.0         6 = FREEZING RAIN OR DRIZZLE
                        GRTST DEPTH:   0           7 = DUSTSTORM OR SANDSTORM:
                                                       VSBY 1/2 MILE OR LESS
                                                   8 = SMOKE OR HAZE
[NO. OF DAYS WITH]      [WEATHER - DAYS WITH]      9 = BLOWING SNOW
                                                   X = TORNADO
MAX 32 OR BELOW:   0    0.01 INCH OR MORE:   5
MAX 90 OR ABOVE:  20    0.10 INCH OR MORE:   3
MIN 32 OR BELOW:   0    0.50 INCH OR MORE:   0
MIN  0 OR BELOW:   0    1.00 INCH OR MORE:   0

[HDD (BASE 65) ]
TOTAL THIS MO.     0    CLEAR  (SCALE 0-3)  19
DPTR FM NORMAL     0    PTCLDY (SCALE 4-7)   2
TOTAL FM JUL 1     0    CLOUDY (SCALE 8-10)  0
DPTR FM NORMAL     0

[CDD (BASE 65) ]
TOTAL THIS MO.   421
DPTR FM NORMAL    62    [PRESSURE DATA]
TOTAL FM JAN 1  1032    HIGHEST SLP M ON M
DPTR FM NORMAL   141    LOWEST  SLP 29.80 ON  3

[REMARKS]
ALL SNOWFALL DATA IS FROM THE MT IDA 4 S COOPERATIVE OBSERVER SITE
