000
CXUS56 KSGX 211445
CF6MYF
PRELIMINARY LOCAL CLIMATOLOGICAL DATA (WS FORM: F-6)

                                          STATION:   SAN DIEGO/MONTGOMERY FLD CA
                                          MONTH:     AUGUST
                                          YEAR:      2014
                                          LATITUDE:   32 49 N
                                          LONGITUDE: 117  9 W

  TEMPERATURE IN F:       :PCPN:    SNOW:  WIND      :SUNSHINE: SKY     :PK WND
================================================================================
1   2   3   4   5  6A  6B    7    8   9   10  11  12  13   14  15   16   17  18
                                     12Z  AVG MX 2MIN
DY MAX MIN AVG DEP HDD CDD  WTR  SNW DPTH SPD SPD DIR MIN PSBL S-S WX    SPD DR
================================================================================

 1  81  68  75   3   0  10 0.00  0.0    0  4.4 13 220   M    M   3        16 220
 2  79  69  74   2   0   9 0.07  0.0    0  3.9 15 320   M    M   8 18     18 320
 3  80  71  76   4   0  11 0.01  0.0    0  4.3 13 210   M    M   8 18     16 250
 4  86  68  77   4   0  12 0.00  0.0    0  5.4 13 300   M    M   1 1      16 310
 5  85  66  76   3   0  11 0.00  0.0    0  6.1 13 310   M    M   3 1      17 310
 6  79  66  73   0   0   8 0.00  0.0    0  6.1 14 280   M    M   3        18 310
 7  77  64  71  -2   0   6 0.00  0.0    0  5.0 15 250   M    M   3        20 240
 8  77  68  73   0   0   8 0.00  0.0    0  5.0 13 240   M    M   7        16 220
 9  79  67  73   0   0   8 0.00  0.0    0  5.0 14 240   M    M   5        18 240
10  81  64  73   0   0   8 0.00  0.0    0  4.6 13 260   M    M   0        17 240
11  83  69  76   3   0  11 0.00  0.0    0  4.7 14 250   M    M   4 8      21 280
12  80  69  75   2   0  10 0.00  0.0    0  5.7 16 280   M    M   6        18 280
13  80  68  74   1   0   9 0.00  0.0    0  5.8 14 290   M    M   6        22 300
14  84  67  76   3   0  11 0.00  0.0    0  4.6 12 300   M    M   3        17 220
15  87  67  77   4   0  12 0.00  0.0    0  6.1 13 300   M    M   0        16 320
16  88  68  78   5   0  13 0.00  0.0    0  7.2 15 300   M    M   0        18 300
17  88  68  78   5   0  13 0.00  0.0    0  4.4 12 270   M    M   0        16 270
18  80  68  74   1   0   9 0.00  0.0    0  5.6 12 230   M    M   4        18 220
19  77  67  72  -1   0   7 0.00  0.0    0  6.4 14 200   M    M   5        18 210
20  79  67  73   0   0   8    T  0.0    0  4.8 13 300   M    M   4 3      17 290
================================================================================
SM 1630 1349         0 194  0.08     0.0 105.1          M       73
================================================================================
AV 81.5 67.4                               5.3 FASTST   M    M   4    MAX(MPH)
                                 MISC ---->  # 16 280               # 22  300
================================================================================
NOTES:
# LAST OF SEVERAL OCCURRENCES

COLUMN 17 PEAK WIND IN M.P.H.

PRELIMINARY LOCAL CLIMATOLOGICAL DATA (WS FORM: F-6) , PAGE 2

                                          STATION:  SAN DIEGO/MONTGOMERY FLD CA
                                          MONTH:    AUGUST
                                          YEAR:     2014
                                          LATITUDE:   32 49 N
                                          LONGITUDE: 117  9 W

[TEMPERATURE DATA]      [PRECIPITATION DATA]       SYMBOLS USED IN COLUMN 16

AVERAGE MONTHLY: 74.5   TOTAL FOR MONTH:   0.08    1 = FOG OR MIST
DPTR FM NORMAL:   1.6   DPTR FM NORMAL:    0.07    2 = FOG REDUCING VISIBILITY
HIGHEST:    88 ON 17,16 GRTST 24HR  0.08 ON  2- 3      TO 1/4 MILE OR LESS
LOWEST:     64 ON 10, 7                            3 = THUNDER
                        SNOW, ICE PELLETS, HAIL    4 = ICE PELLETS
                        TOTAL MONTH:   0.0 INCH    5 = HAIL
                        GRTST 24HR     0.0         6 = FREEZING RAIN OR DRIZZLE
                        GRTST DEPTH:   0           7 = DUSTSTORM OR SANDSTORM:
                                                       VSBY 1/2 MILE OR LESS
                                                   8 = SMOKE OR HAZE
[NO. OF DAYS WITH]      [WEATHER - DAYS WITH]      9 = BLOWING SNOW
                                                   X = TORNADO
MAX 32 OR BELOW:   0    0.01 INCH OR MORE:   2
MAX 90 OR ABOVE:   0    0.10 INCH OR MORE:   0
MIN 32 OR BELOW:   0    0.50 INCH OR MORE:   0
MIN  0 OR BELOW:   0    1.00 INCH OR MORE:   0

[HDD (BASE 65) ]
TOTAL THIS MO.     0    CLEAR  (SCALE 0-3)   7
DPTR FM NORMAL     0    PTCLDY (SCALE 4-7)  13
TOTAL FM JUL 1     0    CLOUDY (SCALE 8-10)  0
DPTR FM NORMAL    -1

[CDD (BASE 65) ]
TOTAL THIS MO.   194
DPTR FM NORMAL    36    [PRESSURE DATA]
TOTAL FM JAN 1   791    HIGHEST SLP M ON M
DPTR FM NORMAL   322    LOWEST  SLP 29.77 ON 18

[REMARKS]
