016
CXUS56 KMTR 181000
CF6NUQ
PRELIMINARY LOCAL CLIMATOLOGICAL DATA (WS FORM: F-6)

                                          STATION:   MOFFETT FIELD
                                          MONTH:     NOVEMBER
                                          YEAR:      2017
                                          LATITUDE:   37 25 N
                                          LONGITUDE: 122  3 W

  TEMPERATURE IN F:       :PCPN:    SNOW:  WIND      :SUNSHINE: SKY     :PK WND
================================================================================
1   2   3   4   5  6A  6B    7    8   9   10  11  12  13   14  15   16   17  18
                                     12Z  AVG MX 2MIN
DY MAX MIN AVG DEP HDD CDD  WTR  SNW DPTH SPD SPD DIR MIN PSBL S-S WX    SPD DR
================================================================================

 1  69  49  59  -1   6   0 0.00  0.0    0  4.5 15 350   M    M   0        18 350
 2  69  51  60   0   5   0 0.00  0.0    0  1.9  9  30   M    M   5        11 330
 3  68  57  63   3   2   0    T  0.0    0  7.0 15 150   M    M  10        20 160
 4  61  47  54  -5  11   0 0.20  0.0    0  5.4 15 350   M    M   8 1      17 350
 5  61  44  53  -6  12   0 0.00  0.0    0  4.3 14 350   M    M   2        17 360
 6  64  47  56  -3   9   0 0.00  0.0    0  4.6 13 330   M    M   3        15 330
 7  68  42  55  -3  10   0 0.00  0.0    0  2.3  9 350   M    M   0        11 350
 8  66  49  58   0   7   0    T    M    0  6.7 18 210   M    M   5        28 190
 9  69  54  62   4   3   0 0.01  0.0    0  4.5 12 180   M    M   7 1      16 170
10  68  51  60   2   5   0 0.13  0.0    0  4.3 10 140   M    M   5 1      13 250
11  65  49  57   0   8   0 0.00  0.0    0  2.3 10 330   M    M   4        14 320
12  66  47  57   0   8   0 0.00  0.0    0  3.7  9 320   M    M   1        12 350
13  70  50  60   3   5   0 0.08  0.0    0  5.1 13 350   M    M   7 1      14 350
14  65  52  59   3   6   0 0.00  0.0    0  4.5 10 350   M    M   3        12 350
15  70  49  60   4   5   0    T  0.0    0  4.4 20 120   M    M   3        25 110
16  62  54  58   2   7   0 1.08  0.0    0  7.2 21 130   M    M   9 1      30 140
17  61  49  55  -1  10   0 0.01    M    0  5.2 14  20   M    M   2 1      19  50
================================================================================
SM 1122  841       119   0  1.51     0.0  77.9          M       74
================================================================================
AV 66.0 49.5                               4.6 FASTST   M    M   4    MAX(MPH)
                                 MISC ---->  # 21 130               # 30  140
================================================================================
NOTES:
# LAST OF SEVERAL OCCURRENCES

COLUMN 17 PEAK WIND IN M.P.H.

PRELIMINARY LOCAL CLIMATOLOGICAL DATA (WS FORM: F-6) , PAGE 2

                                          STATION:  MOFFETT FIELD
                                          MONTH:    NOVEMBER
                                          YEAR:     2017
                                          LATITUDE:   37 25 N
                                          LONGITUDE: 122  3 W

[TEMPERATURE DATA]      [PRECIPITATION DATA]       SYMBOLS USED IN COLUMN 16

AVERAGE MONTHLY: 57.7   TOTAL FOR MONTH:   1.51    1 = FOG OR MIST
DPTR FM NORMAL:  -0.1   DPTR FM NORMAL:    0.65    2 = FOG REDUCING VISIBILITY
HIGHEST:    70 ON 15,13 GRTST 24HR  1.08 ON 16-16      TO 1/4 MILE OR LESS
LOWEST:     42 ON  7                               3 = THUNDER
                        SNOW, ICE PELLETS, HAIL    4 = ICE PELLETS
                        TOTAL MONTH:   0.0 INCH    5 = HAIL
                        GRTST 24HR     0.0         6 = FREEZING RAIN OR DRIZZLE
                        GRTST DEPTH:   0           7 = DUSTSTORM OR SANDSTORM:
                                                       VSBY 1/2 MILE OR LESS
                                                   8 = SMOKE OR HAZE
[NO. OF DAYS WITH]      [WEATHER - DAYS WITH]      9 = BLOWING SNOW
                                                   X = TORNADO
MAX 32 OR BELOW:   0    0.01 INCH OR MORE:   6
MAX 90 OR ABOVE:   0    0.10 INCH OR MORE:   3
MIN 32 OR BELOW:   0    0.50 INCH OR MORE:   1
MIN  0 OR BELOW:   0    1.00 INCH OR MORE:   1

[HDD (BASE 65) ]
TOTAL THIS MO.   119    CLEAR  (SCALE 0-3)   7
DPTR FM NORMAL    -3    PTCLDY (SCALE 4-7)   7
TOTAL FM JUL 1   186    CLOUDY (SCALE 8-10)  3
DPTR FM NORMAL   -51

[CDD (BASE 65) ]
TOTAL THIS MO.     0
DPTR FM NORMAL     0    [PRESSURE DATA]
TOTAL FM JAN 1   689    HIGHEST SLP M ON M
DPTR FM NORMAL   222    LOWEST  SLP 29.81 ON 16

[REMARKS]
