000
CXUS56 KMTR 211000
CF6NUQ
PRELIMINARY LOCAL CLIMATOLOGICAL DATA (WS FORM: F-6)

                                          STATION:   MOFFETT FIELD
                                          MONTH:     FEBRUARY
                                          YEAR:      2017
                                          LATITUDE:   37 25 N
                                          LONGITUDE: 122  3 W

  TEMPERATURE IN F:       :PCPN:    SNOW:  WIND      :SUNSHINE: SKY     :PK WND
================================================================================
1   2   3   4   5  6A  6B    7    8   9   10  11  12  13   14  15   16   17  18
                                     12Z  AVG MX 2MIN
DY MAX MIN AVG DEP HDD CDD  WTR  SNW DPTH SPD SPD DIR MIN PSBL S-S WX    SPD DR
================================================================================

 1  61  44  53   1  12   0 0.04    M    0  5.8 25 160   M    M   3 18     37 170
 2  64  50  57   5   8   0 0.06  0.0    0  9.9 21 130   M    M   7 1      25 130
 3  63  55  59   7   6   0 0.17  0.0    0  7.5 21 120   M    M   8 1      25 140
 4  63  51  57   5   8   0    T  0.0    0  4.6 13 110   M    M   4        16 120
 5  61  47  54   2  11   0 0.21    M    0  8.3 24 120   M    M   4 1      32 130
 6  62  53  58   5   7   0 0.22  0.0    0  6.7 17 150   M    M  10 1      27 150
 7  65  56  61   8   4   0 0.38  0.0    0  6.6 23 120   M    M   9 1      30 130
 8  67  56  62   9   3   0 0.04  0.0    0  6.8 15 130   M    M   7 1      20 190
 9  64  57  61   8   4   0 0.65  0.0    0 10.8 24 130   M    M   8 1      34 130
10  62  51  57   4   8   0 0.02  0.0    0  5.1 14 350   M    M   6 1      16 300
11  60  45  53   0  12   0 0.00  0.0    0  5.3 17 330   M    M   1        22 340
12  66  41  54   1  11   0 0.00  0.0    0  3.3 14 350   M    M   0        16 350
13  62  43  53   0  12   0 0.00  0.0    0  2.6  8 280   M    M   2 12     11 280
14  67  44  56   2   9   0 0.00  0.0    0  2.7  9 360   M    M   0        11  20
15  71  49  60   6   5   0 0.00  0.0    0  4.8 16 130   M    M   3        23 150
16  66  53  60   6   5   0 0.10  0.0    0  8.0 26 130   M    M   6 1      38 130
17  59  51  55   1  10   0 0.90  0.0    0 11.5 36 140   M    M   7 1      50 140
18  56  48  52  -2  13   0 0.15    M    0  7.9 17 270   M    M   9 1      25 280
19  56  47  52  -2  13   0 0.01  0.0    0 11.8 23 140   M    M   8        32 150
20  61  53  57   3   8   0 1.83  0.0    0  9.1 21 210   M    M  10 1      34 200
================================================================================
SM 1256  994       169   0  4.78     0.0 139.1          M      112
================================================================================
AV 62.8 49.7                               7.0 FASTST   M    M   6    MAX(MPH)
                                 MISC ---->  # 36 140               # 50  140
================================================================================
NOTES:
# LAST OF SEVERAL OCCURRENCES

COLUMN 17 PEAK WIND IN M.P.H.

PRELIMINARY LOCAL CLIMATOLOGICAL DATA (WS FORM: F-6) , PAGE 2

                                          STATION:  MOFFETT FIELD
                                          MONTH:    FEBRUARY
                                          YEAR:     2017
                                          LATITUDE:   37 25 N
                                          LONGITUDE: 122  3 W

[TEMPERATURE DATA]      [PRECIPITATION DATA]       SYMBOLS USED IN COLUMN 16

AVERAGE MONTHLY: 56.2   TOTAL FOR MONTH:   4.78    1 = FOG OR MIST
DPTR FM NORMAL:   3.2   DPTR FM NORMAL:    2.62    2 = FOG REDUCING VISIBILITY
HIGHEST:    71 ON 15    GRTST 24HR  1.83 ON 20-20      TO 1/4 MILE OR LESS
LOWEST:     41 ON 12                               3 = THUNDER
                        SNOW, ICE PELLETS, HAIL    4 = ICE PELLETS
                        TOTAL MONTH:   0.0 INCH    5 = HAIL
                        GRTST 24HR     0.0         6 = FREEZING RAIN OR DRIZZLE
                        GRTST DEPTH:   0           7 = DUSTSTORM OR SANDSTORM:
                                                       VSBY 1/2 MILE OR LESS
                                                   8 = SMOKE OR HAZE
[NO. OF DAYS WITH]      [WEATHER - DAYS WITH]      9 = BLOWING SNOW
                                                   X = TORNADO
MAX 32 OR BELOW:   0    0.01 INCH OR MORE:  14
MAX 90 OR ABOVE:   0    0.10 INCH OR MORE:   9
MIN 32 OR BELOW:   0    0.50 INCH OR MORE:   3
MIN  0 OR BELOW:   0    1.00 INCH OR MORE:   1

[HDD (BASE 65) ]
TOTAL THIS MO.   169    CLEAR  (SCALE 0-3)   6
DPTR FM NORMAL   -69    PTCLDY (SCALE 4-7)   9
TOTAL FM JUL 1  1393    CLOUDY (SCALE 8-10)  5
DPTR FM NORMAL  -103

[CDD (BASE 65) ]
TOTAL THIS MO.     0
DPTR FM NORMAL     0    [PRESSURE DATA]
TOTAL FM JAN 1     0    HIGHEST SLP M ON M
DPTR FM NORMAL     0    LOWEST  SLP 29.14 ON 17

[REMARKS]
