000
CXUS55 KPSR 181005
CF6NYL
PRELIMINARY LOCAL CLIMATOLOGICAL DATA (WS FORM: F-6)

                                          STATION:   YUMA AZ
                                          MONTH:     SEPTEMBER
                                          YEAR:      2014
                                          LATITUDE:   32 39 N
                                          LONGITUDE: 114 37 W

  TEMPERATURE IN F:       :PCPN:    SNOW:  WIND      :SUNSHINE: SKY     :PK WND
================================================================================
1   2   3   4   5  6A  6B    7    8   9   10  11  12  13   14  15   16   17  18
                                     12Z  AVG MX 2MIN
DY MAX MIN AVG DEP HDD CDD  WTR  SNW DPTH SPD SPD DIR MIN PSBL S-S WX    SPD DR
================================================================================

 1 110  86  98   5   0  33 0.00  0.0    0  7.0 14 190   M    M   0        19 210
 2 109  80  95   2   0  30 0.00  0.0    0  6.4 17 160   M    M   0        20 160
 3 110  81  96   3   0  31 0.00  0.0    0  6.6 14 180   M    M   1        18 150
 4 106  84  95   3   0  30 0.00  0.0    0 11.3 31 150   M    M   1        36 160
 5 102  86  94   2   0  29 0.00  0.0    0 10.9 21 160   M    M   4        24 130
 6 104  85  95   3   0  30 0.00  0.0    0  8.0 21 200   M    M   0        24 210
 7 103  86  95   3   0  30    T  0.0    0  8.4 23 170   M    M   2 3      27 170
 8 101  84  93   1   0  28 0.00  0.0    0 11.2 20 180   M    M   6        26 170
 9  91  76  84  -7   0  19 1.44  0.0    0  8.8 22 140   M    M   6 8      26 120
10 101  80  91   0   0  26 0.00  0.0    0  5.0 10 180   M    M   3        13  70
11 106  83  95   4   0  30 0.00  0.0    0  3.5  9 250   M    M   1 8      12  80
12 110  82  96   6   0  31 0.00  0.0    0  4.6 12 360   M    M   1 8      17 360
13 109  85  97   7   0  32 0.00  0.0    0  7.5 20 120   M    M   0        24 120
14 108  88  98   8   0  33 0.00  0.0    0  7.6 21  80   M    M   0        26  80
15 110  87  99   9   0  34 0.00  0.0    0  8.4 24 160   M    M   3        27 170
16  99  86  93   4   0  28 0.00  0.0    0 10.0 18  90   M    M   6        23 150
17 101  83  92   3   0  27 0.00  0.0    0  6.6 18  90   M    M   5        22  90
================================================================================
SM 1780 1422         0 501  1.44     0.0 131.8          M       39
================================================================================
AV104.7 83.6                               7.8 FASTST   M    M   2    MAX(MPH)
                                 MISC ---->  # 31 150               # 36  160
================================================================================
NOTES:
# LAST OF SEVERAL OCCURRENCES

COLUMN 17 PEAK WIND IN M.P.H.

PRELIMINARY LOCAL CLIMATOLOGICAL DATA (WS FORM: F-6) , PAGE 2

                                          STATION:  YUMA AZ
                                          MONTH:    SEPTEMBER
                                          YEAR:     2014
                                          LATITUDE:   32 39 N
                                          LONGITUDE: 114 37 W

[TEMPERATURE DATA]      [PRECIPITATION DATA]       SYMBOLS USED IN COLUMN 16

AVERAGE MONTHLY: 94.2   TOTAL FOR MONTH:   1.44    1 = FOG OR MIST
DPTR FM NORMAL:   3.0   DPTR FM NORMAL:    1.12    2 = FOG REDUCING VISIBILITY
HIGHEST:   110 ON 15,12 GRTST 24HR  1.44 ON  9- 9      TO 1/4 MILE OR LESS
LOWEST:     76 ON  9                               3 = THUNDER
                        SNOW, ICE PELLETS, HAIL    4 = ICE PELLETS
                        TOTAL MONTH:   0.0 INCH    5 = HAIL
                        GRTST 24HR     0.0         6 = FREEZING RAIN OR DRIZZLE
                        GRTST DEPTH:   0           7 = DUSTSTORM OR SANDSTORM:
                                                       VSBY 1/2 MILE OR LESS
                                                   8 = SMOKE OR HAZE
[NO. OF DAYS WITH]      [WEATHER - DAYS WITH]      9 = BLOWING SNOW
                                                   X = TORNADO
MAX 32 OR BELOW:   0    0.01 INCH OR MORE:   1
MAX 90 OR ABOVE:  17    0.10 INCH OR MORE:   1
MIN 32 OR BELOW:   0    0.50 INCH OR MORE:   1
MIN  0 OR BELOW:   0    1.00 INCH OR MORE:   1

[HDD (BASE 65) ]
TOTAL THIS MO.     0    CLEAR  (SCALE 0-3)  12
DPTR FM NORMAL     0    PTCLDY (SCALE 4-7)   5
TOTAL FM JUL 1     0    CLOUDY (SCALE 8-10)  0
DPTR FM NORMAL     0

[CDD (BASE 65) ]
TOTAL THIS MO.   501
DPTR FM NORMAL    55    [PRESSURE DATA]
TOTAL FM JAN 1  4337    HIGHEST SLP M ON M
DPTR FM NORMAL   438    LOWEST  SLP 29.53 ON  3

[REMARKS]
