000
CXUS53 KGID 250730
CF6ODX
PRELIMINARY LOCAL CLIMATOLOGICAL DATA (WS FORM: F-6)

                                          STATION:   ORD NE
                                          MONTH:     APRIL
                                          YEAR:      2017
                                          LATITUDE:   41 37 N
                                          LONGITUDE:  98 57 W

  TEMPERATURE IN F:       :PCPN:    SNOW:  WIND      :SUNSHINE: SKY     :PK WND
================================================================================
1   2   3   4   5  6A  6B    7    8   9   10  11  12  13   14  15   16   17  18
                                     12Z  AVG MX 2MIN
DY MAX MIN AVG DEP HDD CDD  WTR  SNW DPTH SPD SPD DIR MIN PSBL S-S WX    SPD DR
================================================================================

 1  46  36  41  -3  24   0    T    M    M  5.6 14 170   M    M   8 1      17 160
 2  63  41  52   8  13   0 0.00    M    M  8.1 15 210   M    M   6 18     19 190
 3  56  36  46   1  19   0 0.06    M    M 11.7 29 350   M    M   8 1      34 340
 4  58  34  46   1  19   0 0.00    M    M 12.7 23  10   M    M   5        27  10
 5  58  33  46   1  19   0 0.00    M    M 13.9 25 350   M    M   2        31 330
 6  59  28  44  -2  21   0 0.00    M    M  6.1 14 350   M    M   0        19 340
 7  70  33  52   6  13   0 0.00    M    M 15.6 31 190   M    M   0        41 190
 8  84  38  61  15   4   0 0.00    M    M  3.7 14 150   M    M   0 1      17 150
 9  67  44  56   9   9   0 0.33    M    M 12.7 35 360   M    M   5 3      42 350
10  46  27  37 -10  28   0    T    M    M 14.9 31 330   M    M   5 1      38 340
11  68  24  46  -1  19   0 0.00    M    M  8.9 23 200   M    M   0        29 190
12  76  41  59  11   6   0    T    M    M  8.2 28 190   M    M   2 8      32 200
13  72  42  57   9   8   0 0.00    M    M  8.0 16 130   M    M   3 128    20 130
14  72  56  64  16   1   0 0.67    M    M  9.9 24 180   M    M   7 13     30 170
15  75  50  63  14   2   0 0.23    M    M 11.1 21 360   M    M   6 1      29 130
16  68  42  55   6  10   0 0.00    M    M  6.5 12 120   M    M   1 1       M  M
17  73  42  58   9   7   0 0.00    M    M  7.5 22 170   M    M   7        30 170
18  74  53  64  14   1   0 0.14    M    M  9.2 22 350   M    M   2 13     32 330
19  57  42  50   0  15   0 0.24    M    M 12.2 26  80   M    M   8 13     33  80
20  66  44  55   5  10   0 0.00    M    M 11.9 22 320   M    M   2        28 330
21  58  39  49  -1  16   0 0.00    M    M  8.5 21  80   M    M   1        26  70
22  64  34  49  -2  16   0 0.00    M    M  3.9 10  20   M    M   2        15 360
23  71  34  53   2  12   0 0.00    M    M 15.6 33 190   M    M   0        43 200
24  69  48  59   7   6   0    T    M    M 10.9 21 200   M    M   0 3      27 170
================================================================================
SM 1570  941       298   0  1.67    M    237.3          M       80
================================================================================
AV 65.4 39.2                               9.9 FASTST   M    M   3    MAX(MPH)
                                 MISC ---->  # 35 360               # 43  200
================================================================================
NOTES:
# LAST OF SEVERAL OCCURRENCES

COLUMN 17 PEAK WIND IN M.P.H.

PRELIMINARY LOCAL CLIMATOLOGICAL DATA (WS FORM: F-6) , PAGE 2

                                          STATION:  ORD NE
                                          MONTH:    APRIL
                                          YEAR:     2017
                                          LATITUDE:   41 37 N
                                          LONGITUDE:  98 57 W

[TEMPERATURE DATA]      [PRECIPITATION DATA]       SYMBOLS USED IN COLUMN 16

AVERAGE MONTHLY: 52.3   TOTAL FOR MONTH:   1.67    1 = FOG OR MIST
DPTR FM NORMAL:   4.5   DPTR FM NORMAL:   -0.28    2 = FOG REDUCING VISIBILITY
HIGHEST:    84 ON  8    GRTST 24HR  0.90 ON 14-15      TO 1/4 MILE OR LESS
LOWEST:     24 ON 11                               3 = THUNDER
                        SNOW, ICE PELLETS, HAIL    4 = ICE PELLETS
                        TOTAL MONTH:    M          5 = HAIL
                        GRTST 24HR    M  ON   M    6 = FREEZING RAIN OR DRIZZLE
                        GRTST DEPTH:  M  ON   M    7 = DUSTSTORM OR SANDSTORM:
                                                       VSBY 1/2 MILE OR LESS
                                                   8 = SMOKE OR HAZE
[NO. OF DAYS WITH]      [WEATHER - DAYS WITH]      9 = BLOWING SNOW
                                                   X = TORNADO
MAX 32 OR BELOW:   0    0.01 INCH OR MORE:   6
MAX 90 OR ABOVE:   0    0.10 INCH OR MORE:   5
MIN 32 OR BELOW:   3    0.50 INCH OR MORE:   1
MIN  0 OR BELOW:   0    1.00 INCH OR MORE:   0

[HDD (BASE 65) ]
TOTAL THIS MO.   298    CLEAR  (SCALE 0-3)  14
DPTR FM NORMAL  -116    PTCLDY (SCALE 4-7)  10
TOTAL FM JUL 1  5538    CLOUDY (SCALE 8-10)  0
DPTR FM NORMAL  -739

[CDD (BASE 65) ]
TOTAL THIS MO.     0
DPTR FM NORMAL     0    [PRESSURE DATA]
TOTAL FM JAN 1     0    HIGHEST SLP M ON M
DPTR FM NORMAL     0    LOWEST  SLP 29.41 ON  9

[REMARKS]
