000
CXUS53 KOAX 271000
CF6OFK
PRELIMINARY LOCAL CLIMATOLOGICAL DATA (WS FORM: F-6)

                                          STATION:   NORFOLK, NEBRASKA
                                          MONTH:     FEBRUARY
                                          YEAR:      2015
                                          LATITUDE:   41 58 N
                                          LONGITUDE:  97 26 W

  TEMPERATURE IN F:       :PCPN:    SNOW:  WIND      :SUNSHINE: SKY     :PK WND
================================================================================
1   2   3   4   5  6A  6B    7    8   9   10  11  12  13   14  15   16   17  18
                                     12Z  AVG MX 2MIN
DY MAX MIN AVG DEP HDD CDD  WTR  SNW DPTH SPD SPD DIR MIN PSBL S-S WX    SPD DR
================================================================================

 1  29  -2  14 -10  51   0 0.16  2.0    4 22.6 33 330   M    M   9 189    41 330
 2  24 -13   6 -18  59   0 0.00  0.0    4  9.2 21 210   M    M   1        26 210
 3  37   7  22  -2  43   0 0.00  0.0    4  8.1 21 340   M    M   5        25 350
 4  21  -8   7 -17  58   0 0.10  1.7    4 13.5 28 340   M    M   4 189    31 350
 5  28  -9  10 -14  55   0 0.00  0.0    4 11.0 23 210   M    M   0        27 190
 6  50  22  36  12  29   0 0.00  0.0    4  4.6 13 180   M    M   0        16 200
 7  61  27  44  19  21   0 0.00  0.0    1  4.5 15 310   M    M   0 1      19 320
 8  57  32  45  20  20   0    T  0.0    0  8.2 21  20   M    M   3 1      25 320
 9  37  32  35  10  30   0 0.00  0.0    0  9.2 26 140   M    M  10 12     30 140
10  52  32  42  17  23   0 0.00  0.0    0 15.5 28 340   M    M   7 18     36 340
11  35  11  23  -3  42   0    T    T    0 21.9 33 330   M    M   8        42 340
12  22   4  13 -13  52   0 0.00  0.0    0 11.4 25 350   M    M   4        29 340
13  54  19  37  11  28   0 0.00  0.0    0  7.8 20 330   M    M   2        24 330
14  36  13  25  -1  40   0 0.00  0.0    0 13.8 29  10   M    M   8        35  20
15  21  12  17 -10  48   0 0.00  0.0    0 10.1 18 130   M    M   9        22 130
16  37  18  28   1  37   0 0.00  0.0    0  9.9 22 320   M    M  10        26 310
17  23  12  18  -9  47   0    T    T    0 14.8 28 320   M    M   5 1      35 300
18  17   0   9 -19  56   0 0.00  0.0    0 13.5 29 330   M    M   1        36 330
19  21  -1  10 -18  55   0 0.01  0.2    0 10.0 18 150   M    M   4        24 150
20  53  14  34   6  31   0    T  0.0    T  8.5 21 290   M    M   3        29 290
21  36  14  25  -3  40   0    T    T    0 13.1 25 350   M    M   8 1      29 350
22  15  -3   6 -23  59   0 0.00  0.0    0 14.3 25 320   M    M   2        31 340
23  31  -7  12 -17  53   0 0.00  0.0    0 11.6 23 220   M    M   0        31 210
24  48  20  34   4  31   0 0.00  0.0    0 13.3 28 330   M    M   2        34 350
25  41   5  23  -7  42   0 0.04  0.1    0 16.7 30 360   M    M   9 1      37 360
26  13  -2   6 -24  59   0    T    T    T 14.0 28 340   M    M   4        34 340
================================================================================
SM  899  249      1109   0  0.31     4.0 311.1          M      118
================================================================================
AV 34.6  9.6                              12.0 FASTST   M    M   5    MAX(MPH)
                                 MISC ---->  # 33 330               # 42  340
================================================================================
NOTES:
# LAST OF SEVERAL OCCURRENCES

COLUMN 17 PEAK WIND IN M.P.H.

PRELIMINARY LOCAL CLIMATOLOGICAL DATA (WS FORM: F-6) , PAGE 2

                                          STATION:  NORFOLK, NEBRASKA
                                          MONTH:    FEBRUARY
                                          YEAR:     2015
                                          LATITUDE:   41 58 N
                                          LONGITUDE:  97 26 W

[TEMPERATURE DATA]      [PRECIPITATION DATA]       SYMBOLS USED IN COLUMN 16

AVERAGE MONTHLY: 22.1   TOTAL FOR MONTH:   0.31    1 = FOG OR MIST
DPTR FM NORMAL:  -4.4   DPTR FM NORMAL:   -0.39    2 = FOG REDUCING VISIBILITY
HIGHEST:    61 ON  7    GRTST 24HR  0.35 ON 31- 1      TO 1/4 MILE OR LESS
LOWEST:    -13 ON  2                               3 = THUNDER
                        SNOW, ICE PELLETS, HAIL    4 = ICE PELLETS
                        TOTAL MONTH:   4.0 INCHES  5 = HAIL
                        GRTST 24HR   2.0 ON  1- 1  6 = FREEZING RAIN OR DRIZZLE
                        GRTST DEPTH:   4 ON  6, 5  7 = DUSTSTORM OR SANDSTORM:
                                                       VSBY 1/2 MILE OR LESS
                                                   8 = SMOKE OR HAZE
[NO. OF DAYS WITH]      [WEATHER - DAYS WITH]      9 = BLOWING SNOW
                                                   X = TORNADO
MAX 32 OR BELOW:  12    0.01 INCH OR MORE:   4
MAX 90 OR ABOVE:   0    0.10 INCH OR MORE:   2
MIN 32 OR BELOW:  26    0.50 INCH OR MORE:   0
MIN  0 OR BELOW:   9    1.00 INCH OR MORE:   0

[HDD (BASE 65) ]
TOTAL THIS MO.  1109    CLEAR  (SCALE 0-3)  11
DPTR FM NORMAL   108    PTCLDY (SCALE 4-7)  10
TOTAL FM JUL 1  4940    CLOUDY (SCALE 8-10)  5
DPTR FM NORMAL   -83

[CDD (BASE 65) ]
TOTAL THIS MO.     0
DPTR FM NORMAL     0    [PRESSURE DATA]
TOTAL FM JAN 1     0    HIGHEST SLP M ON M
DPTR FM NORMAL     0    LOWEST  SLP 29.60 ON  7

[REMARKS]
