000
CXUS55 KEAX 260736
CF6OJC
PRELIMINARY LOCAL CLIMATOLOGICAL DATA (WS FORM: F-6)

                                          STATION:   Johnson County Executive KS
                                          MONTH:     MAY
                                          YEAR:      2015
                                          LATITUDE:   38 50 N
                                          LONGITUDE:  94 44 W

  TEMPERATURE IN F:       :PCPN:    SNOW:  WIND      :SUNSHINE: SKY     :PK WND
================================================================================
1   2   3   4   5  6A  6B    7    8   9   10  11  12  13   14  15   16   17  18
                                     12Z  AVG MX 2MIN
DY MAX MIN AVG DEP HDD CDD  WTR  SNW DPTH SPD SPD DIR MIN PSBL S-S WX    SPD DR
================================================================================

 1  75  49  62   2   3   0 0.00    M    M  5.9 13 170   M    M   1        14 170
 2  75  56  66   6   0   1    T    M    M  8.0 17 170   M    M   5        23 180
 3  81  61  71  10   0   6    T    M    M 13.6 28 200   M    M   0        36 190
 4  83  60  72  11   0   7 0.11    M    M  8.2 18 180   M    M   3 13     24 190
 5  80  60  70   9   0   5 0.45    M    M  8.1 20 160   M    M   4 138    28 160
 6  75  62  69   7   0   4 0.13    M    M 14.7 26 190   M    M   7 13     36 190
 7  73  62  68   6   0   3 1.99    M    M 11.7 21 170   M    M   6 13     30 140
 8  71  62  67   5   0   2 0.28    M    M  6.5 13  30   M    M   7 18     16  30
 9  74  60  67   5   0   2 0.13    M    M 10.8 18  70   M    M   7 1      25  70
10  73  56  65   2   0   0 0.31    M    M 10.1 25 170   M    M   7 13     34 180
11  63  44  54  -9  11   0 0.00    M    M 11.0 23 300   M    M   2        32 300
12  70  44  57  -7   8   0 0.00    M    M  5.5 13 300   M    M   0        16  90
13  70  48  59  -5   6   0 0.01    M    M  9.4 22 150   M    M   4        30 150
14  76  55  66   2   0   1 0.55    M    M 10.7 20 150   M    M   8 1      26 160
15  77  63  70   6   0   5 0.23    M    M  7.3 26 230   M    M   5 123    34 240
16  81  61  71   6   0   6 1.78    M    M 10.9 31 310   M    M   6 13     43 310
17  80  61  71   6   0   6 0.23    M    M 12.7 28 180   M    M   3 13     36 180
18  70  54  62  -3   3   0 0.00    M    M  9.7 20  10   M    M   0 1      25  10
19  61  46  54 -12  11   0 0.02    M    M 10.1 17  70   M    M   3        24  70
20  53  48  51 -15  14   0 0.99    M    M 10.1 18  70   M    M  10 1      24  60
21  68  47  58  -8   7   0 0.05    M    M  5.4 15  10   M    M   2 1      18  20
22  63  45  54 -13  11   0    T    M    M  5.2 13 160   M    M   4        17 140
23  66  56  61  -6   4   0 1.68    M    M  9.5 16  90   M    M  10 13     23 110
24  71  62  67   0   0   2 0.35    M    M  7.9 21 130   M    M  10 1      29 120
25  80  58  69   1   0   4 0.21    M    M  9.4 22 180   M    M   6 138    30 190
================================================================================
SM 1809 1380        78  54  9.50    M    232.4          M      120
================================================================================
AV 72.4 55.2                               9.3 FASTST   M    M   5    MAX(MPH)
                                 MISC ---->  # 31 310               # 43  310
================================================================================
NOTES:
# LAST OF SEVERAL OCCURRENCES

COLUMN 17 PEAK WIND IN M.P.H.

PRELIMINARY LOCAL CLIMATOLOGICAL DATA (WS FORM: F-6) , PAGE 2

                                          STATION:  Johnson County Executive KS
                                          MONTH:    MAY
                                          YEAR:     2015
                                          LATITUDE:   38 50 N
                                          LONGITUDE:  94 44 W

[TEMPERATURE DATA]      [PRECIPITATION DATA]       SYMBOLS USED IN COLUMN 16

AVERAGE MONTHLY: 63.8   TOTAL FOR MONTH:   9.50    1 = FOG OR MIST
DPTR FM NORMAL:  -0.0   DPTR FM NORMAL:    5.09    2 = FOG REDUCING VISIBILITY
HIGHEST:    83 ON  4    GRTST 24HR  2.27 ON  7- 8      TO 1/4 MILE OR LESS
LOWEST:     44 ON 12,11                            3 = THUNDER
                        SNOW, ICE PELLETS, HAIL    4 = ICE PELLETS
                        TOTAL MONTH:    M          5 = HAIL
                        GRTST 24HR    M  ON   M    6 = FREEZING RAIN OR DRIZZLE
                        GRTST DEPTH:  M  ON   M    7 = DUSTSTORM OR SANDSTORM:
                                                       VSBY 1/2 MILE OR LESS
                                                   8 = SMOKE OR HAZE
[NO. OF DAYS WITH]      [WEATHER - DAYS WITH]      9 = BLOWING SNOW
                                                   X = TORNADO
MAX 32 OR BELOW:   0    0.01 INCH OR MORE:  18
MAX 90 OR ABOVE:   0    0.10 INCH OR MORE:  15
MIN 32 OR BELOW:   0    0.50 INCH OR MORE:   5
MIN  0 OR BELOW:   0    1.00 INCH OR MORE:   3

[HDD (BASE 65) ]
TOTAL THIS MO.    78    CLEAR  (SCALE 0-3)   8
DPTR FM NORMAL    -9    PTCLDY (SCALE 4-7)  14
TOTAL FM JUL 1  4870    CLOUDY (SCALE 8-10)  3
DPTR FM NORMAL   -48

[CDD (BASE 65) ]
TOTAL THIS MO.    54
DPTR FM NORMAL    -2    [PRESSURE DATA]
TOTAL FM JAN 1    63    HIGHEST SLP  0.00 ON M
DPTR FM NORMAL   -11    LOWEST  SLP  0.00 ON M

[REMARKS]
