000
CXUS55 KEAX 290736
CF6OJC
PRELIMINARY LOCAL CLIMATOLOGICAL DATA (WS FORM: F-6)

                                          STATION:   Johnson County Executive KS
                                          MONTH:     MARCH
                                          YEAR:      2017
                                          LATITUDE:   38 50 N
                                          LONGITUDE:  94 44 W

  TEMPERATURE IN F:       :PCPN:    SNOW:  WIND      :SUNSHINE: SKY     :PK WND
================================================================================
1   2   3   4   5  6A  6B    7    8   9   10  11  12  13   14  15   16   17  18
                                     12Z  AVG MX 2MIN
DY MAX MIN AVG DEP HDD CDD  WTR  SNW DPTH SPD SPD DIR MIN PSBL S-S WX    SPD DR
================================================================================

 1  52  34  43   4  22   0 0.00    M    M 13.2 24 310   M    M   3        33 310
 2  55  24  40   0  25   0 0.00    M    M  8.6 22 340   M    M   1        33  10
 3  57  24  41   1  24   0 0.00    M    M 11.5 23 170   M    M   0        29 150
 4  68  46  57  17   8   0 0.00    M    M 14.9 26 190   M    M   2        36 190
 5  58  53  56  15   9   0 0.00    M    M 18.4 29 200   M    M  10        37 190
 6  74  49  62  21   3   0 0.27    M    M 21.9 46 280   M    M   7 13     67 220
 7  59  36  48   6  17   0 0.00    M    M 11.5 28 290   M    M   0        42 270
 8  66  33  50   8  15   0 0.00    M    M  6.9 18 210   M    M   0        25 200
 9  68  39  54  12  11   0    T    M    M  8.2 23  20   0    0   0        33  30
10  43  27  35  -8  30   0 0.00    M    M 12.9 24  30   M    M   3        30  30
11  34  26  30 -13  35   0 0.03    M    M  8.4 18  60   M    M  10 1      24  70
12  42  20  31 -13  34   0 0.01    M    M  7.7 21 170   M    M   4 12     28 170
13  39  26  33 -11  32   0    T    M    M 13.8 23 310   M    M  10 16     32 320
14  31  23  27 -17  38   0 0.01    M    M  6.2 13  10   M    M   8 18     15 350
15  33  19  26 -19  39   0 0.00    M    M  7.7 13 160   M    M   6        16 150
16  66  32  49   4  16   0 0.00    M    M 13.3 23 170   M    M   3        30 170
17  72  53  63  18   2   0 0.00    M    M 10.4 20  10   M    M   4 1      35 190
18  64  40  52   6  13   0 0.00    M    M  6.3 15  20   M    M   1        19  30
19  85  51  68  22   0   3    T    M    M 14.7 26 200   M    M   3        35 200
20  82  59  71  25   0   6 0.00    M    M 10.4 18  40   M    M   0        25 200
21  60  44  52   5  13   0 0.00    M    M 14.8 23  50   M    M   4        31  80
22  56  37  47   0  18   0 0.00    M    M 13.1 18 130   M    M   4        27 110
23  78  49  64  16   1   0    T    M    M 17.8 32 170   M    M   4        40 160
24  67  55  61  13   4   0 0.07    M    M 11.5 26 190   M    M   5 13     36 170
25  57  43  50   2  15   0 0.04    M    M  7.9 16 350   M    M  10 1      23 300
26  52  42  47  -1  18   0 0.07    M    M  6.1 18 360   M    M   8 1      23 360
27  52  46  49   0  16   0 0.39    M    M  9.5 21  60   M    M  10 1      25  50
28  53  47  50   1  15   0 0.00    M    M  9.2 22  70   M    M  10 1      31  70
================================================================================
SM 1623 1077       473   9  0.89    M    316.8            0    130
================================================================================
AV 58.0 38.5                              11.3 FASTST    0   0   5    MAX(MPH)
                                 MISC ---->  # 46 280               # 67  220
================================================================================
NOTES:
# LAST OF SEVERAL OCCURRENCES

COLUMN 17 PEAK WIND IN M.P.H.

PRELIMINARY LOCAL CLIMATOLOGICAL DATA (WS FORM: F-6) , PAGE 2

                                          STATION:  Johnson County Executive KS
                                          MONTH:    MARCH
                                          YEAR:     2017
                                          LATITUDE:   38 50 N
                                          LONGITUDE:  94 44 W

[TEMPERATURE DATA]      [PRECIPITATION DATA]       SYMBOLS USED IN COLUMN 16

AVERAGE MONTHLY: 48.2   TOTAL FOR MONTH:   0.89    1 = FOG OR MIST
DPTR FM NORMAL:   3.9   DPTR FM NORMAL:   -1.49    2 = FOG REDUCING VISIBILITY
HIGHEST:    85 ON 19    GRTST 24HR  0.39 ON 27-27      TO 1/4 MILE OR LESS
LOWEST:     19 ON 15                               3 = THUNDER
                        SNOW, ICE PELLETS, HAIL    4 = ICE PELLETS
                        TOTAL MONTH:    M          5 = HAIL
                        GRTST 24HR    M  ON   M    6 = FREEZING RAIN OR DRIZZLE
                        GRTST DEPTH:  M  ON   M    7 = DUSTSTORM OR SANDSTORM:
                                                       VSBY 1/2 MILE OR LESS
                                                   8 = SMOKE OR HAZE
[NO. OF DAYS WITH]      [WEATHER - DAYS WITH]      9 = BLOWING SNOW
                                                   X = TORNADO
MAX 32 OR BELOW:   1    0.01 INCH OR MORE:   8
MAX 90 OR ABOVE:   0    0.10 INCH OR MORE:   2
MIN 32 OR BELOW:   9    0.50 INCH OR MORE:   0
MIN  0 OR BELOW:   0    1.00 INCH OR MORE:   0

[HDD (BASE 65) ]
TOTAL THIS MO.   473    CLEAR  (SCALE 0-3)  12
DPTR FM NORMAL  -106    PTCLDY (SCALE 4-7)  10
TOTAL FM JUL 1  3613    CLOUDY (SCALE 8-10)  6
DPTR FM NORMAL  -859

[CDD (BASE 65) ]
TOTAL THIS MO.     9
DPTR FM NORMAL     9    [PRESSURE DATA]
TOTAL FM JAN 1     9    HIGHEST SLP  0.00 ON M
DPTR FM NORMAL     9    LOWEST  SLP  0.00 ON M

[REMARKS]
