000
CXUS55 KGGW 200800
CF6OLF
PRELIMINARY LOCAL CLIMATOLOGICAL DATA (WS FORM: F-6)

                                          STATION:   WOLF POINT MT
                                          MONTH:     NOVEMBER
                                          YEAR:      2017
                                          LATITUDE:   48  5 N
                                          LONGITUDE: 105 35 W

  TEMPERATURE IN F:       :PCPN:    SNOW:  WIND      :SUNSHINE: SKY     :PK WND
================================================================================
1   2   3   4   5  6A  6B    7    8   9   10  11  12  13   14  15   16   17  18
                                     12Z  AVG MX 2MIN
DY MAX MIN AVG DEP HDD CDD  WTR  SNW DPTH SPD SPD DIR MIN PSBL S-S WX    SPD DR
================================================================================

 1  44  29  37   1  28   0 0.01    M    0 10.4 28 340   M    M  10 1      34 300
 2  31  26  29  -6  36   0    T    M    0  7.2 13  90   M    M   9 1      16  90
 3  31  27  29  -6  36   0 0.08    M    0 12.0 20 110   M    M  10 18     25  90
 4  27   9  18 -16  47   0 0.02    M    0 12.2 26 270   M    M   6 1      33 280
 5  21  10  16 -18  49   0 0.00  0.0    0  3.2  8 300   M    M   9 8      10 300
 6  24   4  14 -19  51   0 0.00  0.0    0  3.8 13 260   M    M   6        15 260
 7  29  -1  14 -18  51   0 0.00  0.0    0  6.0 18 260   M    M   2        23 260
 8  24  -2  11 -21  54   0    T    M    0  4.1 12  60   M    M   5 128    14  60
 9  26  -4  11 -20  54   0    T    M    0  9.4 21 110   M    M   7 128    26 110
10  48  16  32   1  33   0 0.00  0.0    0  7.0 24 270   M    M   2        31 280
11  38  19  29  -1  36   0 0.00  0.0    0  3.3  9  60   M    M   3 128    11  70
12  39  19  29  -1  36   0 0.00  0.0    0  3.7  8  70   M    M   5 12      9  70
13  54  19  37   8  28   0 0.00  0.0    0  2.4  8  80   M    M   3 12     10 220
14  48  21  35   7  30   0 0.00  0.0    0  9.2 20 340   M    M   2        24 340
15  30  20  25  -3  40   0 0.00  0.0    0 10.8 17 110   M    M   5        21 100
16  41  20  31   4  34   0 0.00  0.0    0  9.4 18  70   M    M   2        22  70
17  41  11  26  -1  39   0 0.00  0.0    0  4.1 16  10   M    M   1        20  10
18  36   8  22  -4  43   0 0.00  0.0    0  6.8 14 260   M    M   2        19 250
19  47  14  31   5  34   0 0.00  0.0    0  4.2  9 220   M    M   0        11 220
================================================================================
SM  679  265       759   0  0.11     0.0 129.2          M       89
================================================================================
AV 35.7 14.0                               6.8 FASTST   M    M   5    MAX(MPH)
                                 MISC ---->  # 28 340               # 34  300
================================================================================
NOTES:
# LAST OF SEVERAL OCCURRENCES

COLUMN 17 PEAK WIND IN M.P.H.

PRELIMINARY LOCAL CLIMATOLOGICAL DATA (WS FORM: F-6) , PAGE 2

                                          STATION:  WOLF POINT MT
                                          MONTH:    NOVEMBER
                                          YEAR:     2017
                                          LATITUDE:   48  5 N
                                          LONGITUDE: 105 35 W

[TEMPERATURE DATA]      [PRECIPITATION DATA]       SYMBOLS USED IN COLUMN 16

AVERAGE MONTHLY: 24.8   TOTAL FOR MONTH:   0.11    1 = FOG OR MIST
DPTR FM NORMAL:  -5.9   DPTR FM NORMAL:   -0.17    2 = FOG REDUCING VISIBILITY
HIGHEST:    54 ON 13    GRTST 24HR  0.08 ON  3- 3      TO 1/4 MILE OR LESS
LOWEST:     -4 ON  9                               3 = THUNDER
                        SNOW, ICE PELLETS, HAIL    4 = ICE PELLETS
                        TOTAL MONTH:   0.0 INCH    5 = HAIL
                        GRTST 24HR     0.0         6 = FREEZING RAIN OR DRIZZLE
                        GRTST DEPTH:   0           7 = DUSTSTORM OR SANDSTORM:
                                                       VSBY 1/2 MILE OR LESS
                                                   8 = SMOKE OR HAZE
[NO. OF DAYS WITH]      [WEATHER - DAYS WITH]      9 = BLOWING SNOW
                                                   X = TORNADO
MAX 32 OR BELOW:   9    0.01 INCH OR MORE:   3
MAX 90 OR ABOVE:   0    0.10 INCH OR MORE:   0
MIN 32 OR BELOW:  19    0.50 INCH OR MORE:   0
MIN  0 OR BELOW:   3    1.00 INCH OR MORE:   0

[HDD (BASE 65) ]
TOTAL THIS MO.   759    CLEAR  (SCALE 0-3)   8
DPTR FM NORMAL   107    PTCLDY (SCALE 4-7)   7
TOTAL FM JUL 1  1627    CLOUDY (SCALE 8-10)  4
DPTR FM NORMAL   -10

[CDD (BASE 65) ]
TOTAL THIS MO.     0
DPTR FM NORMAL     0    [PRESSURE DATA]
TOTAL FM JAN 1   663    HIGHEST SLP M ON M
DPTR FM NORMAL   215    LOWEST  SLP 29.43 ON  1

[REMARKS]
