000
CXUS55 KSEW 270930
CF6OLM
PRELIMINARY LOCAL CLIMATOLOGICAL DATA (WS FORM: F-6)

                                          STATION:   OLYMPIA WA AIRPORT
                                          MONTH:     JUNE
                                          YEAR:      2017
                                          LATITUDE:   46 58 N
                                          LONGITUDE: 122 54 W

  TEMPERATURE IN F:       :PCPN:    SNOW:  WIND      :SUNSHINE: SKY     :PK WND
================================================================================
1   2   3   4   5  6A  6B    7    8   9   10  11  12  13   14  15   16   17  18
                                     12Z  AVG MX 2MIN
DY MAX MIN AVG DEP HDD CDD  WTR  SNW DPTH SPD SPD DIR MIN PSBL S-S WX    SPD DR
================================================================================

 1  65  55  60   3   5   0 0.04  0.0    0  6.9 17 240   M    M   9 1      23 290
 2  72  54  63   6   2   0 0.00  0.0    0  5.9 13  20   M    M   7        17 210
 3  66  49  58   1   7   0 0.00  0.0    0  5.1 12 250   M    M   8        15 290
 4  67  45  56  -1   9   0 0.00  0.0    0  4.8 12 280   M    M   5        14 180
 5  74  38  56  -2   9   0 0.00  0.0    0  4.5 14  30   M    M   0 1      17  30
 6  85  44  65   7   0   0 0.00  0.0    0  4.1 13 270   M    M   0        16 290
 7  78  49  64   6   1   0 0.01  0.0    0  3.8 12 240   M    M   2        17 210
 8  62  51  57  -1   8   0 0.32  0.0    0  7.0 20 240   M    M   9 1      31 230
 9  62  46  54  -4  11   0 0.32  0.0    0  4.2 14 200   M    M   8 1      21 250
10  66  45  56  -2   9   0 0.00  0.0    0  4.2 14 300   M    M   6 12     17 300
11  72  43  58   0   7   0 0.00  0.0    0  3.8 12 310   M    M   3 1      16 290
12  65  44  55  -3  10   0 0.00  0.0    0  9.2 18 240   M    M   6        25 240
13  62  48  55  -4  10   0    T  0.0    0  9.7 17 230   M    M   8 1      23 230
14  64  46  55  -4  10   0 0.00  0.0    0  4.6 12 210   M    M   7        15 200
15  60  50  55  -4  10   0 0.58  0.0    0  8.8 22 180   M    M   9 1      29 160
16  65  47  56  -3   9   0    T  0.0    0  7.6 16 230   M    M   6 1      21 220
17  65  44  55  -4  10   0 0.05  0.0    0  3.4 12 240   M    M   5 1      16 220
18  74  55  65   6   0   0 0.01  0.0    0  4.8 13  10   M    M   8 1      16  30
19  79  57  68   8   0   3 0.00  0.0    0  5.8 12  10   M    M   6 1      17  60
20  73  52  63   3   2   0 0.00  0.0    0  9.2 18 240   M    M   5        25 250
21  72  49  61   1   4   0 0.00  0.0    0  4.3 12  10   M    M   6        16  40
22  76  46  61   1   4   0 0.00  0.0    0  6.6 16  20   M    M   0        21  20
23  83  44  64   4   1   0 0.00  0.0    0  6.8 17  20   M    M   0        28 210
24  92  47  70  10   0   5 0.00  0.0    0  6.1 17  20   M    M   0        23  40
25  98  53  76  16   0  11 0.00  0.0    0  4.3 13 320   M    M   0        16 330
26  71  53  62   1   3   0 0.00  0.0    0  8.4 20 230   M    M   3        26 190
================================================================================
SM 1868 1254       141  19  1.33     0.0 153.9          M      126
================================================================================
AV 71.9 48.2                               5.9 FASTST   M    M   5    MAX(MPH)
                                 MISC ---->  # 22 180               # 31  230
================================================================================
NOTES:
# LAST OF SEVERAL OCCURRENCES

COLUMN 17 PEAK WIND IN M.P.H.

PRELIMINARY LOCAL CLIMATOLOGICAL DATA (WS FORM: F-6) , PAGE 2

                                          STATION:  OLYMPIA WA AIRPORT
                                          MONTH:    JUNE
                                          YEAR:     2017
                                          LATITUDE:   46 58 N
                                          LONGITUDE: 122 54 W

[TEMPERATURE DATA]      [PRECIPITATION DATA]       SYMBOLS USED IN COLUMN 16

AVERAGE MONTHLY: 60.0   TOTAL FOR MONTH:   1.33    1 = FOG OR MIST
DPTR FM NORMAL:   1.3   DPTR FM NORMAL:   -0.27    2 = FOG REDUCING VISIBILITY
HIGHEST:    98 ON 25    GRTST 24HR  0.58 ON 15-15      TO 1/4 MILE OR LESS
LOWEST:     38 ON  5                               3 = THUNDER
                        SNOW, ICE PELLETS, HAIL    4 = ICE PELLETS
                        TOTAL MONTH:   0.0 INCH    5 = HAIL
                        GRTST 24HR     0.0         6 = FREEZING RAIN OR DRIZZLE
                        GRTST DEPTH:   0           7 = DUSTSTORM OR SANDSTORM:
                                                       VSBY 1/2 MILE OR LESS
                                                   8 = SMOKE OR HAZE
[NO. OF DAYS WITH]      [WEATHER - DAYS WITH]      9 = BLOWING SNOW
                                                   X = TORNADO
MAX 32 OR BELOW:   0    0.01 INCH OR MORE:   7
MAX 90 OR ABOVE:   2    0.10 INCH OR MORE:   3
MIN 32 OR BELOW:   0    0.50 INCH OR MORE:   1
MIN  0 OR BELOW:   0    1.00 INCH OR MORE:   0

[HDD (BASE 65) ]
TOTAL THIS MO.   141    CLEAR  (SCALE 0-3)   9
DPTR FM NORMAL   -28    PTCLDY (SCALE 4-7)  13
TOTAL FM JUL 1  5302    CLOUDY (SCALE 8-10)  4
DPTR FM NORMAL   -63

[CDD (BASE 65) ]
TOTAL THIS MO.    19
DPTR FM NORMAL    14    [PRESSURE DATA]
TOTAL FM JAN 1    29    HIGHEST SLP M ON M
DPTR FM NORMAL    21    LOWEST  SLP 29.68 ON  7

[REMARKS]
