000
CXAK56 PAFG 291327
CF6OME
PRELIMINARY LOCAL CLIMATOLOGICAL DATA (WS FORM: F-6)

                                          STATION:   NOME AK
                                          MONTH:     APRIL
                                          YEAR:      2017
                                          LATITUDE:   64 30 N
                                          LONGITUDE: 165 26 W

  TEMPERATURE IN F:       :PCPN:    SNOW:  WIND      :SUNSHINE: SKY     :PK WND
================================================================================
1   2   3   4   5  6A  6B    7    8   9   10  11  12  13   14  15   16   17  18
                                     12Z  AVG MX 2MIN
DY MAX MIN AVG DEP HDD CDD  WTR  SNW DPTH SPD SPD DIR MIN PSBL S-S WX    SPD DR
================================================================================

 1  29  10  20   7  45   0 0.00  0.0   35  5.3 17 360   M    M   6        21  10
 2  23   2  13  -1  52   0    T    T   35  2.4  9  90   M    M   7 1      11 100
 3  29  20  25  11  40   0 0.01  0.1   35  7.3 15  80   M    M   9 16     19  80
 4  33  18  26  12  39   0    T    T   35  4.4 15 340   M    M   8        17 330
 5  36  15  26  11  39   0 0.00  0.0   34  6.8 22  30   M    M   7        26  20
 6  36  27  32  17  33   0    T    T   33 12.8 23  30   M    M   9        27  30
 7  38  26  32  16  33   0 0.00  0.0   33  7.8 17  50   M    M   5        22  50
 8  32  14  23   7  42   0 0.00  0.0   32  6.5 17  50   M    M   0        20  50
 9  20   5  13  -4  52   0    T    T   31  4.6 14 220   M    M   4        16 220
10  27  12  20   3  45   0    T    T   31  5.3 10 350   M    M  10 1      11  80
11  33  20  27   9  38   0 0.00  0.0   30  9.2 18  70   M    M   9        23  90
12  35  28  32  14  33   0 0.00  0.0   30 16.2 21  90   M    M   6        25  80
13  34  28  31  12  34   0 0.10  1.0   29 11.6 20  80   M    M   7 12     24  80
14  37  25  31  12  34   0 0.00  0.0   27  2.6  8 150   M    M   6 12     10 160
15  41  27  34  14  31   0 0.00  0.0   25  6.7 13  90   M    M   1        16 100
16  37  27  32  11  33   0 0.00  0.0   23  8.9 22  80   M    M   6        26 100
17  37  26  32  11  33   0 0.00  0.0   21  8.9 17  90   M    M   6        23  90
18  36  21  29   7  36   0 0.00  0.0   21  6.0 16  10   M    M   2        20  20
19  40  24  32  10  33   0 0.00  0.0   19 14.8 25  30   M    M   0        30  40
20  36  25  31   8  34   0 0.00  0.0   17 13.9 28  30   M    M   0        35  20
21  43  27  35  11  30   0 0.00  0.0   16  8.9 16  70   M    M   2        22  70
22  46  31  39  15  26   0 0.00  0.0   14 10.5 21  40   M    M   5        25  40
23  42  32  37  12  28   0 0.00  0.0    8 15.5 23  40   M    M   6        27  40
24  48  34  41  16  24   0 0.00  0.0    8  9.5 14 350   M    M   9        17 350
25  44  37  41  15  24   0    T  0.0    5  7.8 14  30   M    M   9        18  40
26  44  35  40  13  25   0    T  0.0    5  5.5 12 360   M    M   9        14 360
27  42  28  35   8  30   0 0.01  0.0    2  4.0  8 200   M    M   8 1      10 210
28  38  28  33   5  32   0    T    T    0  6.6 17 120   M    M  10 12     20 120
================================================================================
SM 1016  652       978   0  0.12     1.1 230.3          M      166
================================================================================
AV 36.3 23.3                               8.2 FASTST   M    M   6    MAX(MPH)
                                 MISC ---->  # 28  30               # 35   20
================================================================================
NOTES:
# LAST OF SEVERAL OCCURRENCES

COLUMN 17 PEAK WIND IN M.P.H.

PRELIMINARY LOCAL CLIMATOLOGICAL DATA (WS FORM: F-6) , PAGE 2

                                          STATION:  NOME AK
                                          MONTH:    APRIL
                                          YEAR:     2017
                                          LATITUDE:   64 30 N
                                          LONGITUDE: 165 26 W

[TEMPERATURE DATA]      [PRECIPITATION DATA]       SYMBOLS USED IN COLUMN 16

AVERAGE MONTHLY: 29.8   TOTAL FOR MONTH:   0.12    1 = FOG OR MIST
DPTR FM NORMAL:   9.8   DPTR FM NORMAL:   -0.58    2 = FOG REDUCING VISIBILITY
HIGHEST:    48 ON 24    GRTST 24HR  0.10 ON 13-13      TO 1/4 MILE OR LESS
LOWEST:      2 ON  2                               3 = THUNDER
                        SNOW, ICE PELLETS, HAIL    4 = ICE PELLETS
                        TOTAL MONTH:   1.1 INCHES  5 = HAIL
                        GRTST 24HR   1.0 ON 13-13  6 = FREEZING RAIN OR DRIZZLE
                        GRTST DEPTH:  35 ON  4, 3  7 = DUSTSTORM OR SANDSTORM:
                                                       VSBY 1/2 MILE OR LESS
                                                   8 = SMOKE OR HAZE
[NO. OF DAYS WITH]      [WEATHER - DAYS WITH]      9 = BLOWING SNOW
                                                   X = TORNADO
MAX 32 OR BELOW:   6    0.01 INCH OR MORE:   3
MAX 90 OR ABOVE:   0    0.10 INCH OR MORE:   1
MIN 32 OR BELOW:  25    0.50 INCH OR MORE:   0
MIN  0 OR BELOW:   0    1.00 INCH OR MORE:   0

[HDD (BASE 65) ]
TOTAL THIS MO.   978    CLEAR  (SCALE 0-3)   6
DPTR FM NORMAL  -284    PTCLDY (SCALE 4-7)  13
TOTAL FM JUL 1 11761    CLOUDY (SCALE 8-10)  9
DPTR FM NORMAL  -476

[CDD (BASE 65) ]
TOTAL THIS MO.     0
DPTR FM NORMAL     0    [PRESSURE DATA]
TOTAL FM JAN 1     0    HIGHEST SLP M ON M
DPTR FM NORMAL     0    LOWEST  SLP 29.62 ON  5

[REMARKS]
