000
CXUS56 KOTX 180900
CF6OMK
PRELIMINARY LOCAL CLIMATOLOGICAL DATA (WS FORM: F-6)

                                          STATION:   OMAK WA AIRPORT
                                          MONTH:     JANUARY
                                          YEAR:      2017
                                          LATITUDE:   48 27 N
                                          LONGITUDE: 119 31 W

  TEMPERATURE IN F:       :PCPN:    SNOW:  WIND      :SUNSHINE: SKY     :PK WND
================================================================================
1   2   3   4   5  6A  6B    7    8   9   10  11  12  13   14  15   16   17  18
                                     12Z  AVG MX 2MIN
DY MAX MIN AVG DEP HDD CDD  WTR  SNW DPTH SPD SPD DIR MIN PSBL S-S WX    SPD DR
================================================================================

 1  30  22  26   2  39   0 0.06    M    M 12.7 22 360   M    M  10 18     26 350
 2  26  13  20  -4  45   0 0.00    M    M 14.2 22 360   M    M   3        28 350
 3  16   9  13 -12  52   0 0.00    M    M 16.0 25 340   M    M   6        32 340
 4  16   7  12 -13  53   0 0.00    M    M 17.9 29 360   M    M   0        37 350
 5  14  -2   6 -19  59   0 0.00    M    M  4.2 20 340   M    M   1        26 330
 6  18  -3   8 -17  57   0 0.00    M    M  2.6  7 290   M    M   5 8      10 160
 7  12  -8   2 -23  63   0    T    M    M  1.7  6 300   M    M   5 18      6 290
 8  21   5  13 -12  52   0 0.16    M    M  5.2 17 350   M    M  10 18     20 350
 9  27  21  24  -2  41   0 0.00    M    M  7.5 16 360   M    M  10        19 360
10  26  12  19  -7  46   0 0.00    M    M 21.1 33  10   M    M   2        41  10
11  18   6  12 -14  53   0 0.00    M    M 16.7 28 340   M    M   0        36 340
12  13  -6   4 -22  61   0 0.00  0.0    0  3.5 13 360   M    M   2        15 360
13  16   2   9 -17  56   0    T    M    M  1.4  7 360   M    M   9         9  10
14  19  10  15 -11  50   0 0.00    M    M  0.3  5 170   M    M  10         6 350
15  20  10  15 -12  50   0 0.00  0.0    M  1.4  7 180   M    M   9 8       7 180
16  22  15  19  -8  46   0    T    M    M  5.9 12 150   M    M  10 8      14 150
17  24  19  22  -5  43   0 0.34    M    M  5.9 13 170   M    M  10 1      15 160
================================================================================
SM  338  132       866   0  0.56     0.0 138.2          M      102
================================================================================
AV 19.9  7.8                               8.1 FASTST   M    M   6    MAX(MPH)
                                 MISC ---->  # 33  10               # 41   10
================================================================================
NOTES:
# LAST OF SEVERAL OCCURRENCES

COLUMN 17 PEAK WIND IN M.P.H.

PRELIMINARY LOCAL CLIMATOLOGICAL DATA (WS FORM: F-6) , PAGE 2

                                          STATION:  OMAK WA AIRPORT
                                          MONTH:    JANUARY
                                          YEAR:     2017
                                          LATITUDE:   48 27 N
                                          LONGITUDE: 119 31 W

[TEMPERATURE DATA]      [PRECIPITATION DATA]       SYMBOLS USED IN COLUMN 16

AVERAGE MONTHLY: 13.8   TOTAL FOR MONTH:   0.56    1 = FOG OR MIST
DPTR FM NORMAL: -11.8   DPTR FM NORMAL:   -0.64    2 = FOG REDUCING VISIBILITY
HIGHEST:    30 ON  1    GRTST 24HR  0.34 ON 17-17      TO 1/4 MILE OR LESS
LOWEST:     -8 ON  7                               3 = THUNDER
                        SNOW, ICE PELLETS, HAIL    4 = ICE PELLETS
                        TOTAL MONTH:   0.0 INCH    5 = HAIL
                        GRTST 24HR     0.0         6 = FREEZING RAIN OR DRIZZLE
                        GRTST DEPTH:   0           7 = DUSTSTORM OR SANDSTORM:
                                                       VSBY 1/2 MILE OR LESS
                                                   8 = SMOKE OR HAZE
[NO. OF DAYS WITH]      [WEATHER - DAYS WITH]      9 = BLOWING SNOW
                                                   X = TORNADO
MAX 32 OR BELOW:  17    0.01 INCH OR MORE:   3
MAX 90 OR ABOVE:   0    0.10 INCH OR MORE:   2
MIN 32 OR BELOW:  17    0.50 INCH OR MORE:   0
MIN  0 OR BELOW:   4    1.00 INCH OR MORE:   0

[HDD (BASE 65) ]
TOTAL THIS MO.   866    CLEAR  (SCALE 0-3)   5
DPTR FM NORMAL   197    PTCLDY (SCALE 4-7)   4
TOTAL FM JUL 1  3397    CLOUDY (SCALE 8-10)  8
DPTR FM NORMAL   -21

[CDD (BASE 65) ]
TOTAL THIS MO.     0
DPTR FM NORMAL     0    [PRESSURE DATA]
TOTAL FM JAN 1     0    HIGHEST SLP M ON M
DPTR FM NORMAL     0    LOWEST  SLP 29.51 ON 11

[REMARKS]
