000
CXUS56 KOTX 200900
CF6OMK
PRELIMINARY LOCAL CLIMATOLOGICAL DATA (WS FORM: F-6)

                                          STATION:   OMAK WA AIRPORT
                                          MONTH:     NOVEMBER
                                          YEAR:      2017
                                          LATITUDE:   48 27 N
                                          LONGITUDE: 119 31 W

  TEMPERATURE IN F:       :PCPN:    SNOW:  WIND      :SUNSHINE: SKY     :PK WND
================================================================================
1   2   3   4   5  6A  6B    7    8   9   10  11  12  13   14  15   16   17  18
                                     12Z  AVG MX 2MIN
DY MAX MIN AVG DEP HDD CDD  WTR  SNW DPTH SPD SPD DIR MIN PSBL S-S WX    SPD DR
================================================================================

 1  56  33  45   3  20   0    T    M    M  7.5 20 360   M    M   6        23 350
 2  50  32  41   0  24   0 0.19    M    M  9.6 24 360   M    M   8 1      30 360
 3  34  26  30 -11  35   0    T    M    M 18.0 26  10   M    M   7        32  10
 4  30  24  27 -14  38   0    T    M    M 12.6 18 350   M    M   6 18     24 340
 5  29  25  27 -13  38   0 0.01    M    M 16.2 24 350   M    M   9 18     30 350
 6  35  23  29 -11  36   0 0.00    M    M 10.1 17 350   M    M   6        22 340
 7  33  26  30  -9  35   0 0.00    M    M  2.3  7  10   M    M  10 8       8 360
 8  40  29  35  -4  30   0    T    M    M  7.3 17 330   M    M   8 1      21 330
 9  36  32  34  -5  31   0 0.26    M    M  7.6 14 340   M    M  10 126    18 340
10  39  35  37  -1  28   0 0.00    M    M  0.0  0   0   M    M  10         0   0
11  38  34  36  -2  29   0 0.07    M    M  1.4  7 310   M    M  10 12      8 300
12  42  36  39   2  26   0 0.01    M    M  2.8  9 190   M    M  10 12     11 190
13   M   M   M   M   M   M    M    M    M   M   M   M   M    M   M 1       M  M
14  52   M   M   M   M   M    M    M    M   M   M   M   M    M   3         M  M
15  46  39  43   7  22   0 0.15    M    M  4.8 14 270   M    M  10 1      19 260
16  47  33  40   4  25   0 0.00    M    M  6.4 16 170   M    M   7        19 200
17  49  24  37   2  28   0 0.00    M    M  4.1 12 190   M    M   0        14 190
18  47  28  38   3  27   0 0.00    M    M  5.3 13 180   M    M   4        17 180
19  41  33  37   3  28   0 0.00    M    M  9.6 20 200   M    M   7        26 190
================================================================================
SM  744  512       500   0  0.69    M    125.6          M      131
================================================================================
AV 41.3 30.1                               7.4 FASTST   M    M   7    MAX(MPH)
                                 MISC ---->  # 26  10               # 32   10
================================================================================
NOTES:
# LAST OF SEVERAL OCCURRENCES

COLUMN 17 PEAK WIND IN M.P.H.

PRELIMINARY LOCAL CLIMATOLOGICAL DATA (WS FORM: F-6) , PAGE 2

                                          STATION:  OMAK WA AIRPORT
                                          MONTH:    NOVEMBER
                                          YEAR:     2017
                                          LATITUDE:   48 27 N
                                          LONGITUDE: 119 31 W

[TEMPERATURE DATA]      [PRECIPITATION DATA]       SYMBOLS USED IN COLUMN 16

AVERAGE MONTHLY: 35.7   TOTAL FOR MONTH:   0.69    1 = FOG OR MIST
DPTR FM NORMAL:  -2.4   DPTR FM NORMAL:   -0.27    2 = FOG REDUCING VISIBILITY
HIGHEST:    56 ON  1    GRTST 24HR  0.26 ON  9- 9      TO 1/4 MILE OR LESS
LOWEST:     23 ON  6                               3 = THUNDER
                        SNOW, ICE PELLETS, HAIL    4 = ICE PELLETS
                        TOTAL MONTH:    M          5 = HAIL
                        GRTST 24HR    M  ON   M    6 = FREEZING RAIN OR DRIZZLE
                        GRTST DEPTH:  M  ON   M    7 = DUSTSTORM OR SANDSTORM:
                                                       VSBY 1/2 MILE OR LESS
                                                   8 = SMOKE OR HAZE
[NO. OF DAYS WITH]      [WEATHER - DAYS WITH]      9 = BLOWING SNOW
                                                   X = TORNADO
MAX 32 OR BELOW:   2    0.01 INCH OR MORE:   6
MAX 90 OR ABOVE:   0    0.10 INCH OR MORE:   3
MIN 32 OR BELOW:  10    0.50 INCH OR MORE:   0
MIN  0 OR BELOW:   0    1.00 INCH OR MORE:   0

[HDD (BASE 65) ]
TOTAL THIS MO.   500    CLEAR  (SCALE 0-3)   2
DPTR FM NORMAL   -10    PTCLDY (SCALE 4-7)   8
TOTAL FM JUL 1  1173    CLOUDY (SCALE 8-10)  8
DPTR FM NORMAL     3

[CDD (BASE 65) ]
TOTAL THIS MO.     0
DPTR FM NORMAL     0    [PRESSURE DATA]
TOTAL FM JAN 1   885    HIGHEST SLP M ON M
DPTR FM NORMAL   220    LOWEST  SLP 29.45 ON 16

[REMARKS]
