000
CXUS53 KARX 290930
CF6ONA
PRELIMINARY LOCAL CLIMATOLOGICAL DATA (WS FORM: F-6)

                                          STATION:   WINONA_MUNI_(AWOS) MN
                                          MONTH:     MAY
                                          YEAR:      2015
                                          LATITUDE:   44  4 N
                                          LONGITUDE:  91 42 W

  TEMPERATURE IN F:       :PCPN:    SNOW:  WIND      :SUNSHINE: SKY     :PK WND
================================================================================
1   2   3   4   5  6A  6B    7    8   9   10  11  12  13   14  15   16   17  18
                                     12Z  AVG MX 2MIN
DY MAX MIN AVG DEP HDD CDD  WTR  SNW DPTH SPD SPD DIR MIN PSBL S-S WX    SPD DR
================================================================================

 1  70  37  54   M  11   0    T  0.0    0  2.7  9 210   M    M   4        16 210
 2  79  54  67   M   0   2 0.00  0.0    0  6.9 13 210   M    M   1        23 210
 3  82  55  69   M   0   4 0.42  0.0    0  3.8 10 360   M    M   3 3      31 360
 4  70  54  62   M   3   0 0.00  0.0    0  3.9  9  40   M    M   1         M  M
 5  61  50  56   M   9   0    M  0.0    0  8.1 15 110   M    M   9 1      18 120
 6  77  54  66   M   0   1 0.27  0.0    0  8.0 17 140   M    M   8 13     16 140
 7  79  61  70   M   0   5 0.50  0.0    0  7.5 16 200   M    M   4 3      24 200
 8  63  54  59   M   6   0 0.00  0.0    0  6.2 12 310   M    M   9        17 280
 9  70  54  62   M   3   0 0.00  0.0    0  4.5 10 120   M    M   6         M  M
10  61  52  57   M   8   0 0.03  0.0    0 11.1 16 110   M    M  10 3      25 130
11  59  43  51   M  14   0 0.07  0.0    0  9.1 16 120   M    M  10 18     18 120
12  54  41  48   M  17   0 0.03  0.0    0 10.4 18 310   M    M   7 1      27 310
13  66  37  52   M  13   0 0.00  0.0    0  8.4 13 130   M    M   2        17 130
14  61  48  55   M  10   0 0.20  0.0    0  7.9 16 140   M    M   5 1      20 140
15  70  55  63   M   2   0 0.00  0.0    0  3.3  8 310   M    M   8 1       M  M
16  79  54  67   M   0   2    M  0.0    0  4.6  9 140   M    M   7         M  M
17  77  59  68   M   0   3 0.23  0.0    0  9.2 16 130   M    M   7 1      24 160
18  59  43  51   M  14   0    T  0.0    0 11.6 18 290   M    M  10 8      30 290
19  54  37  46   M  19   0    T  0.0    0  7.1 14 330   M    M   6        22 340
20  57  37  47   M  18   0 0.00  0.0    0  1.7  5 250   M    M   1         M  M
21  73  41  57   M   8   0 0.00  0.0    0  5.0 16 300   M    M   0        23 340
22  73  41  57   M   8   0 0.00  0.0    0  1.4  6  50   M    M   0         M  M
23  77  46  62   M   3   0 0.00  0.0    0  1.8  7 110   M    M   4         M  M
24  61  59  60   M   5   0 0.57  0.0    0  6.4 13 120   M    M   9        16 120
25  77  59  68   M   0   3 0.11  0.0    0  4.3 12 230   M    M   6 1      22 240
26  70  59  65   M   0   0 0.74  0.0    0  5.9 14 310   M    M   7        25 210
27  81  59  70   M   0   5 0.01  0.0    0  3.2  8 250   M    M   3         M  M
28  81  55  68   M   0   3    T  0.0    0  3.2  9 200   M    M   1 1      16 200
================================================================================
SM 1941 1398       171  28  3.18     0.0 167.2          M      148
================================================================================
AV 69.3 49.9                               6.0 FASTST   M    M   5    MAX(MPH)
                                 MISC ---->    18   M                 31    M
================================================================================
NOTES:
# LAST OF SEVERAL OCCURRENCES

COLUMN 17 PEAK WIND IN M.P.H.

PRELIMINARY LOCAL CLIMATOLOGICAL DATA (WS FORM: F-6) , PAGE 2

                                          STATION:  WINONA_MUNI_(AWOS) MN
                                          MONTH:    MAY
                                          YEAR:     2015
                                          LATITUDE:   44  4 N
                                          LONGITUDE:  91 42 W

[TEMPERATURE DATA]      [PRECIPITATION DATA]       SYMBOLS USED IN COLUMN 16

AVERAGE MONTHLY: 59.6   TOTAL FOR MONTH:   3.18    1 = FOG OR MIST
DPTR FM NORMAL:     M   DPTR FM NORMAL:       M    2 = FOG REDUCING VISIBILITY
HIGHEST:    82 ON  3    GRTST 24HR  0.74 ON 26-26      TO 1/4 MILE OR LESS
LOWEST:     37 ON 20,19                            3 = THUNDER
                        SNOW, ICE PELLETS, HAIL    4 = ICE PELLETS
                        TOTAL MONTH:   0.0 INCH    5 = HAIL
                        GRTST 24HR     0.0         6 = FREEZING RAIN OR DRIZZLE
                        GRTST DEPTH:   0           7 = DUSTSTORM OR SANDSTORM:
                                                       VSBY 1/2 MILE OR LESS
                                                   8 = SMOKE OR HAZE
[NO. OF DAYS WITH]      [WEATHER - DAYS WITH]      9 = BLOWING SNOW
                                                   X = TORNADO
MAX 32 OR BELOW:   0    0.01 INCH OR MORE:  12
MAX 90 OR ABOVE:   0    0.10 INCH OR MORE:   8
MIN 32 OR BELOW:   0    0.50 INCH OR MORE:   3
MIN  0 OR BELOW:   0    1.00 INCH OR MORE:   0

[HDD (BASE 65) ]
TOTAL THIS MO.   171    CLEAR  (SCALE 0-3)   9
DPTR FM NORMAL     M    PTCLDY (SCALE 4-7)  13
TOTAL FM JUL 1  7267    CLOUDY (SCALE 8-10)  6
DPTR FM NORMAL     M

[CDD (BASE 65) ]
TOTAL THIS MO.    28
DPTR FM NORMAL     M    [PRESSURE DATA]
TOTAL FM JAN 1    28    HIGHEST SLP M ON M
DPTR FM NORMAL     M    LOWEST  SLP M ON M

[REMARKS]
