000
CXUS53 KARX 280930
CF6ONA
PRELIMINARY LOCAL CLIMATOLOGICAL DATA (WS FORM: F-6)

                                          STATION:   WINONA_MUNI_(AWOS) MN
                                          MONTH:     JULY
                                          YEAR:      2014
                                          LATITUDE:   44  4 N
                                          LONGITUDE:  91 42 W

  TEMPERATURE IN F:       :PCPN:    SNOW:  WIND      :SUNSHINE: SKY     :PK WND
================================================================================
1   2   3   4   5  6A  6B    7    8   9   10  11  12  13   14  15   16   17  18
                                     12Z  AVG MX 2MIN
DY MAX MIN AVG DEP HDD CDD  WTR  SNW DPTH SPD SPD DIR MIN PSBL S-S WX    SPD DR
================================================================================

 1  77  59  68   M   0   3    M  0.0    0  9.4 15 300   M    M   6        24 300
 2  73  55  64   M   1   0 0.00  0.0    0  6.4 12 320   M    M   7        20  10
 3  75  52  64   M   1   0 0.00  0.0    0  2.3  8 320   M    M   5 8       M  M
 4  79  54  67   M   0   2 0.00  0.0    0  3.4  7 210   M    M   1         M  M
 5  79  66  73   M   0   8 0.00  0.0    0  5.2 10 200   M    M   5        17 200
 6  84  70  77   M   0  12 0.02  0.0    0  3.1  8 230   M    M   6 138    17 240
 7  84  63  74   M   0   9 0.00  0.0    0  4.2 12 260   M    M   3 3      17 260
 8  77  61  69   M   0   4 0.00  0.0    0  9.6 17 310   M    M   4        25 310
 9  77  55  66   M   0   1 0.00  0.0    0  3.4  8 330   M    M   1         M  M
10  81  59  70   M   0   5 0.00  0.0    0  4.2  8 200   M    M   2         M  M
11  81  63  72   M   0   7 0.06  0.0    0  4.4 12 210   M    M   6        28 210
12  73  64  69   M   0   4 0.13  0.0    0  2.1  8  60   M    M   7         M  M
13  77  59  68   M   0   3 0.00  0.0    0  4.7 12 340   M    M   2 1      17 300
14  70  54  62   M   3   0 0.23  0.0    0  8.1 20 320   M    M   5        28 330
15  70  54  62   M   3   0    T  0.0    0  7.3 14 320   M    M   7        18 320
16  73  54  64   M   1   0 0.00  0.0    0  1.6  6  80   M    M   2         M  M
17  77  52  65   M   0   0 0.00  0.0    0  1.8  6 210   M    M   1         M  M
18  79  61  70   M   0   5 0.00  0.0    0  3.4  7 210   M    M   6         M  M
19  79  70  75   M   0  10 0.00  0.0    0  5.7 10 220   M    M   5        17 210
20  82  70  76   M   0  11 0.00  0.0    0  4.9 13 230   M    M   6        20 200
21  90  73  82   M   0  17 0.00  0.0    0  5.9 10 150   M    M   6         M  M
22  86  70  78   M   0  13 0.00  0.0    0  8.2 15 340   M    M   1        21 340
23  81  61  71   M   0   6 0.00  0.0    0  2.8 10 310   M    M   1         M  M
24  79  55  67   M   0   2 0.00  0.0    0  2.3  8 120   M    M   2         M  M
25  79  63  71   M   0   6 0.02  0.0    0  5.1 12 140   M    M   9 3       M  M
26  82  70  76   M   0  11    T  0.0    0  3.6 12 240   M    M   6 3       M  M
27  75  59  67   M   0   2 0.03  0.0    0  9.5 20 320   M    M   4        28 310
================================================================================
SM 2119 1646         9 141  0.49     0.0 132.6          M      116
================================================================================
AV 78.5 61.0                               4.9 FASTST   M    M   4    MAX(MPH)
                                 MISC ---->    20   M                 28    M
================================================================================
NOTES:
# LAST OF SEVERAL OCCURRENCES

COLUMN 17 PEAK WIND IN M.P.H.

PRELIMINARY LOCAL CLIMATOLOGICAL DATA (WS FORM: F-6) , PAGE 2

                                          STATION:  WINONA_MUNI_(AWOS) MN
                                          MONTH:    JULY
                                          YEAR:     2014
                                          LATITUDE:   44  4 N
                                          LONGITUDE:  91 42 W

[TEMPERATURE DATA]      [PRECIPITATION DATA]       SYMBOLS USED IN COLUMN 16

AVERAGE MONTHLY: 69.7   TOTAL FOR MONTH:   0.49    1 = FOG OR MIST
DPTR FM NORMAL:     M   DPTR FM NORMAL:       M    2 = FOG REDUCING VISIBILITY
HIGHEST:    90 ON 21    GRTST 24HR  0.23 ON 14-14      TO 1/4 MILE OR LESS
LOWEST:     52 ON 17, 3                            3 = THUNDER
                        SNOW, ICE PELLETS, HAIL    4 = ICE PELLETS
                        TOTAL MONTH:   0.0 INCH    5 = HAIL
                        GRTST 24HR     0.0         6 = FREEZING RAIN OR DRIZZLE
                        GRTST DEPTH:   0           7 = DUSTSTORM OR SANDSTORM:
                                                       VSBY 1/2 MILE OR LESS
                                                   8 = SMOKE OR HAZE
[NO. OF DAYS WITH]      [WEATHER - DAYS WITH]      9 = BLOWING SNOW
                                                   X = TORNADO
MAX 32 OR BELOW:   0    0.01 INCH OR MORE:   6
MAX 90 OR ABOVE:   1    0.10 INCH OR MORE:   2
MIN 32 OR BELOW:   0    0.50 INCH OR MORE:   0
MIN  0 OR BELOW:   0    1.00 INCH OR MORE:   0

[HDD (BASE 65) ]
TOTAL THIS MO.     9    CLEAR  (SCALE 0-3)   9
DPTR FM NORMAL     M    PTCLDY (SCALE 4-7)  17
TOTAL FM JUL 1     9    CLOUDY (SCALE 8-10)  1
DPTR FM NORMAL     M

[CDD (BASE 65) ]
TOTAL THIS MO.   141
DPTR FM NORMAL     M    [PRESSURE DATA]
TOTAL FM JAN 1   335    HIGHEST SLP M ON M
DPTR FM NORMAL     M    LOWEST  SLP M ON M

[REMARKS]
