000
CXUS54 KMRX 311000
CF6OQT
PRELIMINARY LOCAL CLIMATOLOGICAL DATA (WS FORM: F-6)

                                          STATION:   OAK_RIDGE_(ASOS)
                                          MONTH:     JULY
                                          YEAR:      2015
                                          LATITUDE:   36  1 N
                                          LONGITUDE:  84 14 W

  TEMPERATURE IN F:       :PCPN:    SNOW:  WIND      :SUNSHINE: SKY     :PK WND
================================================================================
1   2   3   4   5  6A  6B    7    8   9   10  11  12  13   14  15   16   17  18
                                     12Z  AVG MX 2MIN
DY MAX MIN AVG DEP HDD CDD  WTR  SNW DPTH SPD SPD DIR MIN PSBL S-S WX    SPD DR
================================================================================

 1  81  68  75  -3   0  10 0.01    M    M  4.1 10 260   M    M   7 1      17 260
 2  80  67  74  -4   0   9 1.17    M    M  3.4  9 260   M    M   8 1      14 210
 3  79  70  75  -3   0  10 0.45    M    M  3.7 12 200   M    M   7 1      22 190
 4  81  69  75  -3   0  10 0.12    M    M  3.0 10 200   M    M   8 1      15 210
 5  80  69  75  -3   0  10 1.35    M    M  2.7 10 190   M    M  10 1      19 190
 6  86  68  77  -1   0  12    T    M    M  2.2 10 200   M    M   4 1      16 200
 7  90  70  80   2   0  15 0.02  0.0    0  3.1 12 210   M    M   3 1      19 190
 8  91  70  81   3   0  16 0.26    M    M  2.6 12 210   M    M   2 1      18 190
 9  93  72  83   5   0  18 0.00    M    M  3.3 12 200   M    M   0        19 190
10  93  72  83   5   0  18 0.00    M    M  3.4 10 200   M    M   1        16 190
11  91  72  82   3   0  17 0.04    M    M  1.2  9 170   M    M   4 1      14 140
12  87  70  79   0   0  14 0.17    M    M  1.6  7 210   M    M   3 1      11 210
13  93  74  84   5   0  19    T  0.0    0  2.5  9 230   M    M   3 18     15 190
14  83  68  76  -3   0  11 2.64  0.0    0  3.0 14  80   M    M   M 12     20  80
15  89  70  80   1   0  15 0.01  0.0    0  2.1  9 330   M    M   M 1      13 330
16  90  67  79   0   0  14 0.00    M    M  1.4  8  90   M    M   0        12  80
17  92  69  81   2   0  16 0.00  0.0    0  2.1  9 160   M    M   2 1      14 190
18  91  74  83   4   0  18 0.22  0.0    0  2.1 13 340   M    M   2 18     22 310
19  94  72  83   4   0  18    T    M    M  1.9  7  90   M    M   2        11  50
20  94  72  83   4   0  18 0.57    M    M  2.8 18 250   M    M   5 1      34 250
21  92  73  83   4   0  18 0.00    M    M  3.4 10 270   M    M   4        16 290
22  91  70  81   2   0  16 0.02    M    M  2.5 10 260   M    M   4 1      17 260
23  76  72  74  -5   0   9 0.82    M    M  1.2 10 280   M    M   8 12     16 250
24  89  69  79   0   0  14 0.00    M    M  0.4  7 140   M    M   7 12     12 160
25  91  68  80   1   0  15 0.00    M    M  1.0  7 280   M    M   2 1      10 280
26  93  69  81   2   0  16 0.00    M    M  2.0  9 280   M    M   3 12     14 270
27  91  72  82   3   0  17 0.00  0.0    0  2.3 13  80   M    M   3        19  90
28  93  74  84   5   0  19    T    M    M  1.4 12 270   M    M   3        17 280
29  94  72  83   4   0  18 0.00    M    M  1.1  7  90   M    M   2 1      10  80
30  93  70  82   3   0  17 0.00  0.0    0  2.0  9 340   M    M   2 1      15 330
================================================================================
SM 2661 2112         0 447  7.87     0.0  69.5          M      109
================================================================================
AV 88.7 70.4                               2.3 FASTST   M    M   4    MAX(MPH)
                                 MISC ---->  # 18 250               # 34  250
================================================================================
NOTES:
# LAST OF SEVERAL OCCURRENCES

COLUMN 17 PEAK WIND IN M.P.H.

PRELIMINARY LOCAL CLIMATOLOGICAL DATA (WS FORM: F-6) , PAGE 2

                                          STATION:  OAK_RIDGE_(ASOS)
                                          MONTH:    JULY
                                          YEAR:     2015
                                          LATITUDE:   36  1 N
                                          LONGITUDE:  84 14 W

[TEMPERATURE DATA]      [PRECIPITATION DATA]       SYMBOLS USED IN COLUMN 16

AVERAGE MONTHLY: 79.6   TOTAL FOR MONTH:   7.87    1 = FOG OR MIST
DPTR FM NORMAL:   0.9   DPTR FM NORMAL:    2.73    2 = FOG REDUCING VISIBILITY
HIGHEST:    94 ON 29,20 GRTST 24HR  2.65 ON 14-15      TO 1/4 MILE OR LESS
LOWEST:     67 ON 16, 2                            3 = THUNDER
                        SNOW, ICE PELLETS, HAIL    4 = ICE PELLETS
                        TOTAL MONTH:   0.0 INCH    5 = HAIL
                        GRTST 24HR     0.0         6 = FREEZING RAIN OR DRIZZLE
                        GRTST DEPTH:   0           7 = DUSTSTORM OR SANDSTORM:
                                                       VSBY 1/2 MILE OR LESS
                                                   8 = SMOKE OR HAZE
[NO. OF DAYS WITH]      [WEATHER - DAYS WITH]      9 = BLOWING SNOW
                                                   X = TORNADO
MAX 32 OR BELOW:   0    0.01 INCH OR MORE:  15
MAX 90 OR ABOVE:  19    0.10 INCH OR MORE:  10
MIN 32 OR BELOW:   0    0.50 INCH OR MORE:   5
MIN  0 OR BELOW:   0    1.00 INCH OR MORE:   3

[HDD (BASE 65) ]
TOTAL THIS MO.     0    CLEAR  (SCALE 0-3)  14
DPTR FM NORMAL     0    PTCLDY (SCALE 4-7)  12
TOTAL FM JUL 1     0    CLOUDY (SCALE 8-10)  2
DPTR FM NORMAL     0

[CDD (BASE 65) ]
TOTAL THIS MO.   447
DPTR FM NORMAL    36    [PRESSURE DATA]
TOTAL FM JAN 1  1122    HIGHEST SLP M ON M
DPTR FM NORMAL   262    LOWEST  SLP 29.69 ON 14

[REMARKS]
