710
CXUS51 KAKQ 241010
CF6ORF
PRELIMINARY LOCAL CLIMATOLOGICAL DATA (WS FORM: F-6)

                                          STATION:   NORFOLK VA
                                          MONTH:     JULY
                                          YEAR:      2016
                                          LATITUDE:   36 54 N
                                          LONGITUDE:  76 12 W

  TEMPERATURE IN F:       :PCPN:    SNOW:  WIND      :SUNSHINE: SKY     :PK WND
================================================================================
1   2   3   4   5  6A  6B    7    8   9   10  11  12  13   14  15   16   17  18
                                     12Z  AVG MX 2MIN
DY MAX MIN AVG DEP HDD CDD  WTR  SNW DPTH SPD SPD DIR MIN PSBL S-S WX    SPD DR
================================================================================

 1  90  71  81   2   0  16 0.21  0.0    0  8.7 30 200   M    M   4 1      38 200
 2  82  72  77  -2   0  12 0.24  0.0    0  7.5 16  30   M    M   1 18     28 270
 3  76  65  71  -8   0   6 0.93  0.0    0  8.1 23  40   M    M   9 128    31  40
 4  79  70  75  -4   0  10 0.08  0.0    0  5.7 14 210   M    M   5 1      17 220
 5  92  77  85   6   0  20    T  0.0    0 10.7 20 230   M    M   1        25 230
 6  94  75  85   5   0  20 0.00  0.0    0  5.8 14 230   M    M   2        17 240
 7  94  75  85   5   0  20 0.54  0.0    0  8.5 20 230   M    M   1 1      29 230
 8  92  75  84   4   0  19 0.54  0.0    0  6.9 15 250   M    M   4 138    22 290
 9  90  74  82   2   0  17 0.00  0.0    0  7.5 15 240   M    M   1        19 270
10  86  74  80   0   0  15 0.00  0.0    0  5.6 13  30   M    M   1        15  30
11  85  73  79  -1   0  14 0.00  0.0    0  5.6 14  50   M    M   2        21  90
12  87  76  82   2   0  17 0.00  0.0    0  8.0 12 160   M    M   4        23 110
13  92  78  85   5   0  20 0.00  0.0    0  7.2 14 200   M    M   2        21 220
14  97  76  87   7   0  22 0.00  0.0    0  7.7 16 230   M    M   0        21 220
15  96  74  85   5   0  20 0.04  0.0    0  9.5 32  40   M    M   2 13     41  40
16  88  73  81   1   0  16 0.13  0.0    0  9.4 17 200   M    M   1 1      22 150
17  91  73  82   2   0  17 0.04  0.0    0  5.0 10  60   M    M   2 1      14 200
18  95  74  85   5   0  20 0.00  0.0    0  9.2 18 220   M    M   1        23 220
19  90  70  80   0   0  15 0.03  0.0    0  5.9 28 220   M    M   3 1      37 220
20  87  70  79  -1   0  14 0.00  0.0    0  5.2 14  50   M    M   1        19  40
21  88  73  81   1   0  16 0.00  0.0    0  4.7 10  70   M    M   0        15 160
22  95  74  85   5   0  20 0.00  0.0    0 11.5 18 220   M    M   3        25 200
23  98  77  88   8   0  23 0.00  0.0    0  8.8 16 220   M    M   1        20 220
================================================================================
SM 2064 1689         0 389  2.78     0.0 172.7          M       51
================================================================================
AV 89.7 73.4                               7.5 FASTST   M    M   2    MAX(MPH)
                                 MISC ---->  # 32  40               # 41   40
================================================================================
NOTES:
# LAST OF SEVERAL OCCURRENCES

COLUMN 17 PEAK WIND IN M.P.H.

PRELIMINARY LOCAL CLIMATOLOGICAL DATA (WS FORM: F-6) , PAGE 2

                                          STATION:  NORFOLK VA
                                          MONTH:    JULY
                                          YEAR:     2016
                                          LATITUDE:   36 54 N
                                          LONGITUDE:  76 12 W

[TEMPERATURE DATA]      [PRECIPITATION DATA]       SYMBOLS USED IN COLUMN 16

AVERAGE MONTHLY: 81.6   TOTAL FOR MONTH:   2.78    1 = FOG OR MIST
DPTR FM NORMAL:   1.8   DPTR FM NORMAL:   -0.85    2 = FOG REDUCING VISIBILITY
HIGHEST:    98 ON 23    GRTST 24HR  1.08 ON  7- 8      TO 1/4 MILE OR LESS
LOWEST:     65 ON  3                               3 = THUNDER
                        SNOW, ICE PELLETS, HAIL    4 = ICE PELLETS
                        TOTAL MONTH:   0.0 INCH    5 = HAIL
                        GRTST 24HR     0.0         6 = FREEZING RAIN OR DRIZZLE
                        GRTST DEPTH:   0           7 = DUSTSTORM OR SANDSTORM:
                                                       VSBY 1/2 MILE OR LESS
                                                   8 = SMOKE OR HAZE
[NO. OF DAYS WITH]      [WEATHER - DAYS WITH]      9 = BLOWING SNOW
                                                   X = TORNADO
MAX 32 OR BELOW:   0    0.01 INCH OR MORE:  10
MAX 90 OR ABOVE:  14    0.10 INCH OR MORE:   6
MIN 32 OR BELOW:   0    0.50 INCH OR MORE:   3
MIN  0 OR BELOW:   0    1.00 INCH OR MORE:   0

[HDD (BASE 65) ]
TOTAL THIS MO.     0    CLEAR  (SCALE 0-3)  18
DPTR FM NORMAL     0    PTCLDY (SCALE 4-7)   4
TOTAL FM JUL 1     0    CLOUDY (SCALE 8-10)  1
DPTR FM NORMAL     0

[CDD (BASE 65) ]
TOTAL THIS MO.   389
DPTR FM NORMAL    50    [PRESSURE DATA]
TOTAL FM JAN 1   870    HIGHEST SLP M ON M
DPTR FM NORMAL    50    LOWEST  SLP 29.78 ON M

[REMARKS]
