000
CXUS51 KAKQ 291010
CF6ORF
PRELIMINARY LOCAL CLIMATOLOGICAL DATA (WS FORM: F-6)

                                          STATION:   NORFOLK VA
                                          MONTH:     AUGUST
                                          YEAR:      2014
                                          LATITUDE:   36 54 N
                                          LONGITUDE:  76 12 W

  TEMPERATURE IN F:       :PCPN:    SNOW:  WIND      :SUNSHINE: SKY     :PK WND
================================================================================
1   2   3   4   5  6A  6B    7    8   9   10  11  12  13   14  15   16   17  18
                                     12Z  AVG MX 2MIN
DY MAX MIN AVG DEP HDD CDD  WTR  SNW DPTH SPD SPD DIR MIN PSBL S-S WX    SPD DR
================================================================================

 1  78  69  74  -5   0   9 0.42  0.0    0  6.8 18  60   M    M   5 1      25  60
 2  75  71  73  -6   0   8 0.98  0.0    0  5.1 16 180   M    M   8 1      19 190
 3  78  72  75  -4   0  10 0.12  0.0    0  5.3 13 220   M    M   8 1      15 210
 4  80  70  75  -4   0  10 0.00  0.0    0  4.8 12 200   M    M   4        18 140
 5  81  71  76  -3   0  11 0.04  0.0    0  5.7 14  70   M    M   4 1      17  70
 6  89  70  80   1   0  15    T  0.0    0  5.7 20  30   M    M   2 8      25  10
 7  82  72  77  -2   0  12 0.00  0.0    0  4.8 13  30   M    M   2        15  30
 8  82  68  75  -4   0  10 0.00  0.0    0  4.5 12  20   M    M   1 1      15  30
 9  80  67  74  -5   0   9 0.00  0.0    0  2.9 10 220   M    M   3        14 130
10  81  68  75  -3   0  10 0.00  0.0    0  5.4 14  60   M    M   1        18  30
11  83  68  76  -2   0  11    T  0.0    0  6.6 16 100   M    M   2        23 120
12  86  75  81   3   0  16 0.31  0.0    0  9.6 21 150   M    M   6 1      26 150
13  85  74  80   2   0  15    T  0.0    0  7.2 18 230   M    M   1        23 220
14  83  70  77  -1   0  12 0.00  0.0    0  7.3 15 240   M    M   2        21 350
15  82  67  75  -3   0  10 0.00  0.0    0  5.9 12  20   M    M   2        16 350
16  86  69  78   0   0  13 0.52  0.0    0  4.4 14 260   M    M   3 1      21 280
17  88  73  81   3   0  16 0.00  0.0    0  6.2 13 260   M    M   1        17 240
18  88  72  80   2   0  15 0.60  0.0    0  4.5 17 300   M    M   5 1      30 310
19  81  73  77  -1   0  12 0.01  0.0    0  6.5 17  60   M    M   8 18     21  60
20  82  74  78   0   0  13 0.00  0.0    0  7.7 14  30   M    M   3        20  90
21  88  73  81   3   0  16 0.00  0.0    0  4.9  9  40   M    M   2 18     15 150
22  86  76  81   4   0  16    T  0.0    0  5.9 13  30   M    M   6        16  10
23  80  74  77   0   0  12    T  0.0    0 10.8 21  70   M    M   6        26  70
24  78  71  75  -2   0  10 0.01  0.0    0 16.0 25  30   M    M   2        31  30
25  79  70  75  -2   0  10 0.00  0.0    0 13.7 21  40   M    M   3        25  40
26  79  72  76  -1   0  11 0.00  0.0    0 10.5 17  40   M    M   3        21  30
27  80  69  75  -2   0  10 0.00  0.0    0  7.3 15  30   M    M   4        17  40
28  84  69  77   0   0  12 0.00  0.0    0  6.0 16 360   M    M   1        21 360
================================================================================
SM 2304 1987         0 334  3.01     0.0 192.0          M       98
================================================================================
AV 82.3 71.0                               6.9 FASTST   M    M   4    MAX(MPH)
                                 MISC ---->  # 25  30               # 31   30
================================================================================
NOTES:
# LAST OF SEVERAL OCCURRENCES

COLUMN 17 PEAK WIND IN M.P.H.

PRELIMINARY LOCAL CLIMATOLOGICAL DATA (WS FORM: F-6) , PAGE 2

                                          STATION:  NORFOLK VA
                                          MONTH:    AUGUST
                                          YEAR:     2014
                                          LATITUDE:   36 54 N
                                          LONGITUDE:  76 12 W

[TEMPERATURE DATA]      [PRECIPITATION DATA]       SYMBOLS USED IN COLUMN 16

AVERAGE MONTHLY: 76.6   TOTAL FOR MONTH:   3.01    1 = FOG OR MIST
DPTR FM NORMAL:  -1.4   DPTR FM NORMAL:   -2.06    2 = FOG REDUCING VISIBILITY
HIGHEST:    89 ON  6    GRTST 24HR  1.28 ON  1- 2      TO 1/4 MILE OR LESS
LOWEST:     67 ON 15, 9                            3 = THUNDER
                        SNOW, ICE PELLETS, HAIL    4 = ICE PELLETS
                        TOTAL MONTH:   0.0 INCH    5 = HAIL
                        GRTST 24HR     0.0         6 = FREEZING RAIN OR DRIZZLE
                        GRTST DEPTH:   0           7 = DUSTSTORM OR SANDSTORM:
                                                       VSBY 1/2 MILE OR LESS
                                                   8 = SMOKE OR HAZE
[NO. OF DAYS WITH]      [WEATHER - DAYS WITH]      9 = BLOWING SNOW
                                                   X = TORNADO
MAX 32 OR BELOW:   0    0.01 INCH OR MORE:   9
MAX 90 OR ABOVE:   0    0.10 INCH OR MORE:   6
MIN 32 OR BELOW:   0    0.50 INCH OR MORE:   3
MIN  0 OR BELOW:   0    1.00 INCH OR MORE:   0

[HDD (BASE 65) ]
TOTAL THIS MO.     0    CLEAR  (SCALE 0-3)  15
DPTR FM NORMAL     0    PTCLDY (SCALE 4-7)  11
TOTAL FM JUL 1     0    CLOUDY (SCALE 8-10)  2
DPTR FM NORMAL     0

[CDD (BASE 65) ]
TOTAL THIS MO.   334
DPTR FM NORMAL   -33    [PRESSURE DATA]
TOTAL FM JAN 1  1326    HIGHEST SLP M ON M
DPTR FM NORMAL    24    LOWEST  SLP 29.73 ON 13

[REMARKS]
