000
CXUS51 KAKQ 281010
CF6ORF
PRELIMINARY LOCAL CLIMATOLOGICAL DATA (WS FORM: F-6)

                                          STATION:   NORFOLK VA
                                          MONTH:     AUGUST
                                          YEAR:      2016
                                          LATITUDE:   36 54 N
                                          LONGITUDE:  76 12 W

  TEMPERATURE IN F:       :PCPN:    SNOW:  WIND      :SUNSHINE: SKY     :PK WND
================================================================================
1   2   3   4   5  6A  6B    7    8   9   10  11  12  13   14  15   16   17  18
                                     12Z  AVG MX 2MIN
DY MAX MIN AVG DEP HDD CDD  WTR  SNW DPTH SPD SPD DIR MIN PSBL S-S WX    SPD DR
================================================================================

 1  91  73  82   3   0  17 0.00  0.0    0  7.2 16 220   M    M   2 138    20 260
 2  86  72  79   0   0  14 0.98  0.0    0  4.9 20 150   M    M   5 1      24 140
 3  82  75  79   0   0  14 0.00  0.0    0 11.1 17  60   M    M   1        23  60
 4  84  75  80   1   0  15    T  0.0    0  8.9 18  70   M    M   0        24  80
 5  87  74  81   2   0  16 0.30  0.0    0  6.7 15  90   M    M   4 1      27 200
 6  91  76  84   5   0  19 0.00  0.0    0  8.0 13 230   M    M   5        18 190
 7  85  77  81   2   0  16 0.00  0.0    0  4.6 13  30   M    M   5        16  20
 8  79  73  76  -3   0  11 0.02  0.0    0  5.7 16  40   M    M   8        22  40
 9  87  74  81   2   0  16 1.76  0.0    0  5.5 23 160   M    M   6 12     30 150
10  91  76  84   6   0  19 0.00  0.0    0  5.8 14 170   M    M   1        19 180
11  90  77  84   6   0  19 0.00  0.0    0  8.4 13 200   M    M   2        18 200
12  94  77  86   8   0  21 0.00  0.0    M 11.4 17 210   M    M   2        25 220
13  96  79  88  10   0  23 0.00  0.0    0 12.5 20 220   M    M   1        24 230
14  96  80  88  10   0  23 0.06  0.0    0  9.2 16 220   M    M   1        29 320
15  91  79  85   7   0  20 0.06  0.0    0  5.5 13 230   M    M   0        16 160
16  94  78  86   8   0  21 0.00  0.0    0  9.4 20 200   M    M   1        24 200
17  96  77  87   9   0  22 0.01  0.0    0  8.9 16 220   M    M   2        21 230
18  89  76  83   5   0  18 0.00  0.0    0  6.6 16 210   M    M   2        20 210
19  89  72  81   3   0  16 1.02  0.0    0  4.7 24  80   M    M   4 1      29  80
20  86  72  79   1   0  14 0.00  0.0    0  5.0 13  40   M    M   1        19 120
21  93  73  83   5   0  18 0.54  0.0    0  7.1 17 300   M    M   2 1      28 310
22  83  72  78   1   0  13 0.00  0.0    0  6.4 18 350   M    M   0        26 340
23  81  69  75  -2   0  10 0.00  0.0    0  6.9 15  80   M    M   1        20  70
24  81  66  74  -3   0   9 0.00  0.0    0  4.4 12  30   M    M   0        18 130
25  88  69  79   2   0  14 0.00  0.0    0  7.2 13 190   M    M   1        17 180
26  92  74  83   6   0  18 0.00  0.0    0  6.1 15 210   M    M   1        19 210
27  86  77  82   5   0  17 0.00  0.0    0  8.7 15  60   M    M   2        19 100
================================================================================
SM 2388 2012         0 453  4.75     0.0 196.8          M       60
================================================================================
AV 88.4 74.5                               7.3 FASTST   M    M   2    MAX(MPH)
                                 MISC ---->  # 24  80               # 30  150
================================================================================
NOTES:
# LAST OF SEVERAL OCCURRENCES

COLUMN 17 PEAK WIND IN M.P.H.

PRELIMINARY LOCAL CLIMATOLOGICAL DATA (WS FORM: F-6) , PAGE 2

                                          STATION:  NORFOLK VA
                                          MONTH:    AUGUST
                                          YEAR:     2016
                                          LATITUDE:   36 54 N
                                          LONGITUDE:  76 12 W

[TEMPERATURE DATA]      [PRECIPITATION DATA]       SYMBOLS USED IN COLUMN 16

AVERAGE MONTHLY: 81.5   TOTAL FOR MONTH:   4.75    1 = FOG OR MIST
DPTR FM NORMAL:   3.4   DPTR FM NORMAL:   -0.15    2 = FOG REDUCING VISIBILITY
HIGHEST:    96 ON 17,14 GRTST 24HR  6.98 ON 31- 1      TO 1/4 MILE OR LESS
LOWEST:     66 ON 24                               3 = THUNDER
                        SNOW, ICE PELLETS, HAIL    4 = ICE PELLETS
                        TOTAL MONTH:   0.0 INCH    5 = HAIL
                        GRTST 24HR     0.0         6 = FREEZING RAIN OR DRIZZLE
                        GRTST DEPTH:   0           7 = DUSTSTORM OR SANDSTORM:
                                                       VSBY 1/2 MILE OR LESS
                                                   8 = SMOKE OR HAZE
[NO. OF DAYS WITH]      [WEATHER - DAYS WITH]      9 = BLOWING SNOW
                                                   X = TORNADO
MAX 32 OR BELOW:   0    0.01 INCH OR MORE:   9
MAX 90 OR ABOVE:  12    0.10 INCH OR MORE:   5
MIN 32 OR BELOW:   0    0.50 INCH OR MORE:   4
MIN  0 OR BELOW:   0    1.00 INCH OR MORE:   2

[HDD (BASE 65) ]
TOTAL THIS MO.     0    CLEAR  (SCALE 0-3)  20
DPTR FM NORMAL     0    PTCLDY (SCALE 4-7)   7
TOTAL FM JUL 1     0    CLOUDY (SCALE 8-10)  0
DPTR FM NORMAL     0

[CDD (BASE 65) ]
TOTAL THIS MO.   453
DPTR FM NORMAL    98    [PRESSURE DATA]
TOTAL FM JAN 1  1488    HIGHEST SLP M ON M
DPTR FM NORMAL   198    LOWEST  SLP 29.75 ON 21

[REMARKS]
