073
CXUS51 KAKQ 221010
CF6ORF
PRELIMINARY LOCAL CLIMATOLOGICAL DATA (WS FORM: F-6)

                                          STATION:   NORFOLK VA
                                          MONTH:     JANUARY
                                          YEAR:      2018
                                          LATITUDE:   36 54 N
                                          LONGITUDE:  76 12 W

  TEMPERATURE IN F:       :PCPN:    SNOW:  WIND      :SUNSHINE: SKY     :PK WND
================================================================================
1   2   3   4   5  6A  6B    7    8   9   10  11  12  13   14  15   16   17  18
                                     12Z  AVG MX 2MIN
DY MAX MIN AVG DEP HDD CDD  WTR  SNW DPTH SPD SPD DIR MIN PSBL S-S WX    SPD DR
================================================================================

 1  27  21  24 -17  41   0 0.00  0.0    0 11.9 24 350   M    M   2        35 340
 2  29  15  22 -19  43   0 0.00  0.0    0  6.5 21  10   M    M   1        33 360
 3  37  13  25 -16  40   0 0.42  5.2    0 10.0 28 350   M    M   4 1      35 360
 4  32  21  27 -14  38   0 0.64  5.1    9 13.9 29 340   M    M   7 1289   46 340
 5  27  15  21 -20  44   0 0.00  0.0   10  9.0 18 290   M    M   0        30 290
 6  23  15  19 -21  46   0 0.00  0.0    8  7.4 16 350   M    M   0        23 340
 7  23  10  17 -23  48   0 0.00  0.0    8  6.9 18 350   M    M   0        25 320
 8  42  10  26 -14  39   0 0.01  0.0    7  9.2 16 220   M    M   2        19 220
 9  47  28  38  -2  27   0 0.03  0.0    6  4.0 12 230   M    M   1 1      14 240
10  43  28  36  -4  29   0 0.00  0.0    5  3.9 12  10   M    M   1 18     15 360
11  67  34  51  11  14   0 0.00  0.0    4  6.8 16 160   M    M   5 1      20 150
12  73  59  66  26   0   1 0.49  0.0    0 14.4 26 200   M    M   9 18     35 170
13  65  30  48   8  17   0 0.05  0.0    0 15.6 25 230   M    M   8 1      37 230
14  30  23  27 -13  38   0 0.00  0.0    0 16.3 22  20   M    M   3        31 360
15  36  27  32  -8  33   0 0.00  0.0    0 12.4 20  10   M    M  10 1      28  10
16  37  31  34  -6  31   0 0.00  0.0    0  3.3  9 360   M    M   7 12     13 350
17  36  25  31  -9  34   0 0.18  2.5    0 12.7 25 360   M    M   6 12     33 350
18  38  22  30 -10  35   0    T    T    2 12.4 24 360   M    M   3        35 350
19  55  24  40   0  25   0 0.00  0.0    1  7.4 14 230   M    M   0        17 230
20  62  30  46   6  19   0 0.00  0.0    0 10.5 21 240   M    M   0        28 230
21  64  32  48   8  17   0 0.00  0.0    0  5.8 12 160   M    M   1        19 160
================================================================================
SM  893  513       658   1  1.82    12.8 200.3          M       70
================================================================================
AV 42.5 24.4                               9.5 FASTST   M    M   3    MAX(MPH)
                                 MISC ---->  # 29 340               # 46  340
================================================================================
NOTES:
# LAST OF SEVERAL OCCURRENCES

COLUMN 17 PEAK WIND IN M.P.H.

PRELIMINARY LOCAL CLIMATOLOGICAL DATA (WS FORM: F-6) , PAGE 2

                                          STATION:  NORFOLK VA
                                          MONTH:    JANUARY
                                          YEAR:     2018
                                          LATITUDE:   36 54 N
                                          LONGITUDE:  76 12 W

[TEMPERATURE DATA]      [PRECIPITATION DATA]       SYMBOLS USED IN COLUMN 16

AVERAGE MONTHLY: 33.5   TOTAL FOR MONTH:   1.82    1 = FOG OR MIST
DPTR FM NORMAL:  -6.8   DPTR FM NORMAL:   -0.49    2 = FOG REDUCING VISIBILITY
HIGHEST:    73 ON 12    GRTST 24HR  0.64 ON  4- 4      TO 1/4 MILE OR LESS
LOWEST:     10 ON  8, 7                            3 = THUNDER
                        SNOW, ICE PELLETS, HAIL    4 = ICE PELLETS
                        TOTAL MONTH:  12.8 INCHES  5 = HAIL
                        GRTST 24HR   5.2 ON  3- 3  6 = FREEZING RAIN OR DRIZZLE
                        GRTST DEPTH:  10 ON  5     7 = DUSTSTORM OR SANDSTORM:
                                                       VSBY 1/2 MILE OR LESS
                                                   8 = SMOKE OR HAZE
[NO. OF DAYS WITH]      [WEATHER - DAYS WITH]      9 = BLOWING SNOW
                                                   X = TORNADO
MAX 32 OR BELOW:   7    0.01 INCH OR MORE:   7
MAX 90 OR ABOVE:   0    0.10 INCH OR MORE:   4
MIN 32 OR BELOW:  19    0.50 INCH OR MORE:   1
MIN  0 OR BELOW:   0    1.00 INCH OR MORE:   0

[HDD (BASE 65) ]
TOTAL THIS MO.   658    CLEAR  (SCALE 0-3)  13
DPTR FM NORMAL   138    PTCLDY (SCALE 4-7)   6
TOTAL FM JUL 1  1758    CLOUDY (SCALE 8-10)  2
DPTR FM NORMAL    59

[CDD (BASE 65) ]
TOTAL THIS MO.     1
DPTR FM NORMAL     1    [PRESSURE DATA]
TOTAL FM JAN 1     1    HIGHEST SLP 30.71 ON  7
DPTR FM NORMAL     1    LOWEST  SLP 29.50 ON  4

[REMARKS]
