707
CXUS51 KBOX 291200
CF6ORH
PRELIMINARY LOCAL CLIMATOLOGICAL DATA (WS FORM: F-6)

                                          STATION:   WORCESTER MA
                                          MONTH:     MAY
                                          YEAR:      2016
                                          LATITUDE:   42 16 N
                                          LONGITUDE:  71 52 W

  TEMPERATURE IN F:       :PCPN:    SNOW:  WIND      :SUNSHINE: SKY     :PK WND
================================================================================
1   2   3   4   5  6A  6B    7    8   9   10  11  12  13   14  15   16   17  18
                                     12Z  AVG MX 2MIN
DY MAX MIN AVG DEP HDD CDD  WTR  SNW DPTH SPD SPD DIR MIN PSBL S-S WX    SPD DR
================================================================================

 1  50  37  44  -8  21   0 0.05  0.0    M  8.1 16 150   M    M   7 12     20 160
 2  48  38  43  -9  22   0 0.40  0.0    M  5.9 13 270   M    M   9 12     17 260
 3  49  43  46  -7  19   0 0.25  0.0    M  4.3  8 120   M    M  10 12     11  30
 4  46  39  43 -10  22   0 0.20  0.0    M 10.0 18  50   M    M  10 1      27  30
 5  45  39  42 -11  23   0 0.17  0.0    M 11.7 18  30   M    M  10 1      29  30
 6  59  43  51  -2  14   0 0.35  0.0    M  9.8 17  30   M    M  10 12     26  30
 7  49  43  46  -8  19   0    T  0.0    M  6.8 14  60   M    M  10 12     18  60
 8  58  45  52  -2  13   0 0.02  0.0    M 14.7 30 270   M    M   6 12     42 280
 9  61  42  52  -2  13   0 0.00  0.0    M 15.2 28 280   M    M   1        37 250
10  67  38  53  -2  12   0 0.00  0.0    M  9.6 17 270   M    M   0        28 280
11  75  48  62   7   3   0 0.00  0.0    M  8.1 17 290   M    M   0        23 290
12  76  55  66  11   0   1 0.00  0.0    M  8.0 15 150   M    M   0        18 160
13  70  50  60   4   5   0 0.12  0.0    M 10.8 20 180   M    M   7 1      25 190
14  72  52  62   6   3   0 0.01  0.0    M 11.9 23 240   M    M   0        29 240
15  54  38  46 -10  19   0 0.00  0.0    M 19.0 31 270   M    M   5        41 260
16  58  35  47  -9  18   0 0.00  0.0    M 20.3 32 260   M    M   3        43 280
17  65  52  59   2   6   0 0.00  0.0    M 11.5 21 280   M    M   2        30 240
18  67  51  59   2   6   0 0.00  0.0    M  8.2 16 150   M    M   1        23 130
19  64  47  56  -1   9   0 0.19  0.0    M  5.5 21 340   M    M   7 13     28 330
20  71  45  58   0   7   0 0.00  0.0    M  8.7 14 290   M    M   1        22 320
21  68  50  59   1   6   0 0.00  0.0    M  9.1 16 190   M    M   2        19 160
22  65  53  59   1   6   0    T  0.0    M  5.4 13  60   M    M   8        19  50
23  75  53  64   6   1   0    T  0.0    M  7.6 15  60   M    M   4        20  60
24  59  53  56  -3   9   0 0.20  0.0    M  7.4 15  10   M    M   9 1      21  30
25  84  49  67   8   0   2    T  0.0    M  9.9 22 280   M    M   1 12     30 320
26  86  62  74  15   0   9 0.00  0.0    M  7.7 15 250   M    M   1        19 280
27  84  59  72  12   0   7 0.00  0.0    M  8.0 20 210   M    M   1        24 220
28  89  63  76  16   0  11 0.00  0.0    M  9.6 15 240   M    M   1        19 260
================================================================================
SM 1814 1322       276  30  1.96     0.0 272.8          M      126
================================================================================
AV 64.8 47.2                               9.7 FASTST   M    M   5    MAX(MPH)
                                 MISC ---->  # 32 260                 43    M
================================================================================
NOTES:
# LAST OF SEVERAL OCCURRENCES

COLUMN 17 PEAK WIND IN M.P.H.

PRELIMINARY LOCAL CLIMATOLOGICAL DATA (WS FORM: F-6) , PAGE 2

                                          STATION:  WORCESTER MA
                                          MONTH:    MAY
                                          YEAR:     2016
                                          LATITUDE:   42 16 N
                                          LONGITUDE:  71 52 W

[TEMPERATURE DATA]      [PRECIPITATION DATA]       SYMBOLS USED IN COLUMN 16

AVERAGE MONTHLY: 56.0   TOTAL FOR MONTH:   1.96    1 = FOG OR MIST
DPTR FM NORMAL:   0.1   DPTR FM NORMAL:   -1.78    2 = FOG REDUCING VISIBILITY
HIGHEST:    89 ON 28    GRTST 24HR  0.62 ON  2- 3      TO 1/4 MILE OR LESS
LOWEST:     35 ON 16                               3 = THUNDER
                        SNOW, ICE PELLETS, HAIL    4 = ICE PELLETS
                        TOTAL MONTH:   0.0 INCH    5 = HAIL
                        GRTST 24HR     0.0         6 = FREEZING RAIN OR DRIZZLE
                        GRTST DEPTH:  M  ON   M    7 = DUSTSTORM OR SANDSTORM:
                                                       VSBY 1/2 MILE OR LESS
                                                   8 = SMOKE OR HAZE
[NO. OF DAYS WITH]      [WEATHER - DAYS WITH]      9 = BLOWING SNOW
                                                   X = TORNADO
MAX 32 OR BELOW:   0    0.01 INCH OR MORE:  11
MAX 90 OR ABOVE:   0    0.10 INCH OR MORE:   8
MIN 32 OR BELOW:   0    0.50 INCH OR MORE:   0
MIN  0 OR BELOW:   0    1.00 INCH OR MORE:   0

[HDD (BASE 65) ]
TOTAL THIS MO.   276    CLEAR  (SCALE 0-3)  13
DPTR FM NORMAL     7    PTCLDY (SCALE 4-7)   8
TOTAL FM JUL 1  5707    CLOUDY (SCALE 8-10)  7
DPTR FM NORMAL  -909

[CDD (BASE 65) ]
TOTAL THIS MO.    30
DPTR FM NORMAL    17    [PRESSURE DATA]
TOTAL FM JAN 1    34    HIGHEST SLP M ON M
DPTR FM NORMAL    18    LOWEST  SLP 29.51 ON 15

[REMARKS]
