000
CXUS51 KBOX 201200
CF6ORH
PRELIMINARY LOCAL CLIMATOLOGICAL DATA (WS FORM: F-6)

                                          STATION:   WORCESTER MA
                                          MONTH:     FEBRUARY
                                          YEAR:      2017
                                          LATITUDE:   42 16 N
                                          LONGITUDE:  71 52 W

  TEMPERATURE IN F:       :PCPN:    SNOW:  WIND      :SUNSHINE: SKY     :PK WND
================================================================================
1   2   3   4   5  6A  6B    7    8   9   10  11  12  13   14  15   16   17  18
                                     12Z  AVG MX 2MIN
DY MAX MIN AVG DEP HDD CDD  WTR  SNW DPTH SPD SPD DIR MIN PSBL S-S WX    SPD DR
================================================================================

 1  36  22  29   4  36   0 0.05  0.9    M  9.8 24 250   M    M   8 1      30 240
 2  34  22  28   3  37   0    T    T    M 12.9 29 280   M    M   1        40 280
 3  27  16  22  -3  43   0 0.00  0.0    M 11.1 21 270   M    M   1        29 250
 4  28  12  20  -5  45   0 0.00  0.0    M 11.0 22 280   M    M   1        29 290
 5  36  19  28   3  37   0    T    T    M 13.9 29 230   M    M   5        39 200
 6  34  26  30   5  35   0 0.00  0.0    M 14.1 36 280   M    M   5        47 270
 7  30  23  27   1  38   0 0.35  1.8    M 10.3 18  60   M    M  10 126    26  30
 8  46  22  34   8  31   0 0.10  0.0    M 11.8 24 300   M    M   5 126    35 310
 9  32   8  20  -6  45   0 0.59 13.0    M 17.0 43 350   M    M   9 1239   60  10
10  22   4  13 -13  52   0 0.07  0.5    M 11.8 33 300   M    M   2 189    44 300
11  23  13  18  -8  47   0 0.14  2.4    M  5.9 12 360   M    M   9 12     16  20
12  27  15  21  -5  44   0 0.73  6.8    M  8.7 14  30   M    M   9 1      20  20
13  28  20  24  -3  41   0 0.01    M    M 20.9 44 310   M    M   7 19     58 310
14  32  17  25  -2  40   0 0.00  0.0    M 10.5 20 280   M    M   0        25 290
15  39  24  32   5  33   0 0.08  0.0    M  8.2 25 290   M    M  10 12     33 300
16  32  20  26  -1  39   0    T    T    M 18.6 26 300   M    M   5        35 270
17  35  18  27   0  38   0 0.00  0.0    M 16.7 33 280   M    M   0        44 280
18  52  23  38  10  27   0 0.00  0.0    M 17.3 30 250   M    M   1        39 250
19  56  40  48  20  17   0 0.00  0.0    M 12.3 25 270   M    M   1        33 270
================================================================================
SM  649  364       725   0  2.12    25.4 242.8          M       89
================================================================================
AV 34.2 19.2                              12.8 FASTST   M    M   5    MAX(MPH)
                                 MISC ---->  # 44 310               # 60   10
================================================================================
NOTES:
# LAST OF SEVERAL OCCURRENCES

COLUMN 17 PEAK WIND IN M.P.H.

PRELIMINARY LOCAL CLIMATOLOGICAL DATA (WS FORM: F-6) , PAGE 2

                                          STATION:  WORCESTER MA
                                          MONTH:    FEBRUARY
                                          YEAR:     2017
                                          LATITUDE:   42 16 N
                                          LONGITUDE:  71 52 W

[TEMPERATURE DATA]      [PRECIPITATION DATA]       SYMBOLS USED IN COLUMN 16

AVERAGE MONTHLY: 26.7   TOTAL FOR MONTH:   2.12    1 = FOG OR MIST
DPTR FM NORMAL:   0.5   DPTR FM NORMAL:   -0.03    2 = FOG REDUCING VISIBILITY
HIGHEST:    56 ON 19    GRTST 24HR  0.74 ON 12-13      TO 1/4 MILE OR LESS
LOWEST:      4 ON 10                               3 = THUNDER
                        SNOW, ICE PELLETS, HAIL    4 = ICE PELLETS
                        TOTAL MONTH:  25.4 INCHES  5 = HAIL
                        GRTST 24HR  13.0 ON  9- 9  6 = FREEZING RAIN OR DRIZZLE
                        GRTST DEPTH:  M  ON   M    7 = DUSTSTORM OR SANDSTORM:
                                                       VSBY 1/2 MILE OR LESS
                                                   8 = SMOKE OR HAZE
[NO. OF DAYS WITH]      [WEATHER - DAYS WITH]      9 = BLOWING SNOW
                                                   X = TORNADO
MAX 32 OR BELOW:  10    0.01 INCH OR MORE:   9
MAX 90 OR ABOVE:   0    0.10 INCH OR MORE:   5
MIN 32 OR BELOW:  18    0.50 INCH OR MORE:   2
MIN  0 OR BELOW:   0    1.00 INCH OR MORE:   0

[HDD (BASE 65) ]
TOTAL THIS MO.   725    CLEAR  (SCALE 0-3)   8
DPTR FM NORMAL   -13    PTCLDY (SCALE 4-7)   6
TOTAL FM JUL 1  4086    CLOUDY (SCALE 8-10)  5
DPTR FM NORMAL  -425

[CDD (BASE 65) ]
TOTAL THIS MO.     0
DPTR FM NORMAL     0    [PRESSURE DATA]
TOTAL FM JAN 1     0    HIGHEST SLP M ON M
DPTR FM NORMAL     0    LOWEST  SLP 29.21 ON 15

[REMARKS]
