000
CXUS53 KGRB 250732
CF6OSH
PRELIMINARY LOCAL CLIMATOLOGICAL DATA (WS FORM: F-6)

                                          STATION:   OSHKOSH WI
                                          MONTH:     DECEMBER
                                          YEAR:      2014
                                          LATITUDE:   44  0 N
                                          LONGITUDE:  88 34 W

  TEMPERATURE IN F:       :PCPN:    SNOW:  WIND      :SUNSHINE: SKY     :PK WND
================================================================================
1   2   3   4   5  6A  6B    7    8   9   10  11  12  13   14  15   16   17  18
                                     12Z  AVG MX 2MIN
DY MAX MIN AVG DEP HDD CDD  WTR  SNW DPTH SPD SPD DIR MIN PSBL S-S WX    SPD DR
================================================================================

 1  13   4   9 -19  56   0 0.00  0.0    2  6.0 14 330   M    M   1        17 330
 2  30  10  20  -8  45   0 0.01  0.1    2  7.8 21 180   M    M   8 8      25 180
 3  28  15  22  -5  43   0 0.00  0.0    1  9.0 20 300   M    M   1        26 290
 4  29  10  20  -7  45   0 0.00  0.0    1  3.2 13 130   M    M   5 18     15 150
 5  36  17  27   1  38   0 0.00  0.0    1  3.5 14 350   M    M   8 18     16 340
 6  33  16  25  -1  40   0 0.00  0.0    1  6.9 16  30   M    M   1 18     21  30
 7  37  15  26   0  39   0 0.00  0.0    1  6.8 17 150   M    M   1 1      23 140
 8  34  32  33   8  32   0 0.25  0.1    T  8.8 21 190   M    M  10 16     26 190
 9  34  26  30   5  35   0    T  0.0    T  9.6 16  40   M    M   7 1      20 320
10  26  21  24   0  41   0 0.00  0.0    T  6.2 13  20   M    M  10 18     15  20
11  28  18  23  -1  42   0    T    T    T  7.4 20 290   M    M   6 18     26 290
12  34  23  29   6  36   0    T    T    T  7.4 14 290   M    M  10 1      20 280
13  41  33  37  14  28   0 0.00  0.0    0  6.0 13 260   M    M  10 12     18 230
14  44  39  42  19  23   0 0.00  0.0    0  7.0 10 180   M    M  10 12     13 200
15  46  40  43  21  22   0 0.04  0.0    0  6.3 13 200   M    M  10 12     16 160
16  40  26  33  11  32   0 0.15    T    T 10.7 21 310   M    M  10 12     29 310
17  28  20  24   2  41   0    T    T    T 12.5 20 290   M    M   8        24 300
18  28  20  24   3  41   0 0.00  0.0    0  5.6 12  40   M    M   8 8      14 300
19  30  16  23   2  42   0 0.00  0.0    0  1.5  7 300   M    M   3         9 310
20  30  19  25   4  40   0    T    T    T  1.4  7 150   M    M   8 18      8 180
21  36  30  33  12  32   0 0.00  0.0    0  9.4 16 170   M    M  10 18     22 180
22  38  33  36  16  29   0 0.19    T    0 10.4 15 110   M    M  10 18     22 150
23  43  36  40  20  25   0 0.41  0.0    0  8.9 17 200   M    M  10 12     22 200
24  37  33  35  15  30   0 0.01    T    0  5.5 12 290   M    M  10 12     15 270
================================================================================
SM  803  552       877   0  1.06     0.2 167.8          M      175
================================================================================
AV 33.5 23.0                               7.0 FASTST   M    M   7    MAX(MPH)
                                 MISC ---->  # 21 180               # 29  310
================================================================================
NOTES:
# LAST OF SEVERAL OCCURRENCES

COLUMN 17 PEAK WIND IN M.P.H.

PRELIMINARY LOCAL CLIMATOLOGICAL DATA (WS FORM: F-6) , PAGE 2

                                          STATION:  OSHKOSH WI
                                          MONTH:    DECEMBER
                                          YEAR:     2014
                                          LATITUDE:   44  0 N
                                          LONGITUDE:  88 34 W

[TEMPERATURE DATA]      [PRECIPITATION DATA]       SYMBOLS USED IN COLUMN 16

AVERAGE MONTHLY: 28.2   TOTAL FOR MONTH:   1.06    1 = FOG OR MIST
DPTR FM NORMAL:   4.7   DPTR FM NORMAL:    0.14    2 = FOG REDUCING VISIBILITY
HIGHEST:    46 ON 15    GRTST 24HR  0.60 ON 22-23      TO 1/4 MILE OR LESS
LOWEST:      4 ON  1                               3 = THUNDER
                        SNOW, ICE PELLETS, HAIL    4 = ICE PELLETS
                        TOTAL MONTH:   0.2 INCH    5 = HAIL
                        GRTST 24HR   0.1 ON   M    6 = FREEZING RAIN OR DRIZZLE
                        GRTST DEPTH:   2 ON  2, 1  7 = DUSTSTORM OR SANDSTORM:
                                                       VSBY 1/2 MILE OR LESS
                                                   8 = SMOKE OR HAZE
[NO. OF DAYS WITH]      [WEATHER - DAYS WITH]      9 = BLOWING SNOW
                                                   X = TORNADO
MAX 32 OR BELOW:  10    0.01 INCH OR MORE:   7
MAX 90 OR ABOVE:   0    0.10 INCH OR MORE:   4
MIN 32 OR BELOW:  18    0.50 INCH OR MORE:   0
MIN  0 OR BELOW:   0    1.00 INCH OR MORE:   0

[HDD (BASE 65) ]
TOTAL THIS MO.   877    CLEAR  (SCALE 0-3)   5
DPTR FM NORMAL  -119    PTCLDY (SCALE 4-7)   7
TOTAL FM JUL 1  2681    CLOUDY (SCALE 8-10) 12
DPTR FM NORMAL   105

[CDD (BASE 65) ]
TOTAL THIS MO.     0
DPTR FM NORMAL     0    [PRESSURE DATA]
TOTAL FM JAN 1   433    HIGHEST SLP M ON M
DPTR FM NORMAL  -108    LOWEST  SLP 29.49 ON 24

[REMARKS]
