000
CXAK56 PAOT 231236
CF6OTZ

PRELIMINARY LOCAL CLIMATOLOGICAL DATA (WS FORM: F-6)

                                          STATION:   KOTZEBUE
                                          MONTH:     08
                                          YEAR:      2016
                                          LATITUDE:   66 53 N
                                          LONGITUDE: 162 36 W

  TEMPERATURE IN F:       :PCPN:    SNOW:  WIND      :SUNSHINE: SKY     :PK WND
================================================================================
1   2   3   4   5  6A  6B    7     8   9   10  11  12  13   14  15   16  17  18
                                      12Z  AVG MX 2MIN
DY MAX MIN AVG DEP HDD CDD  WTR   SNW DPTH SPD SPD DIR MIN PSBL S-S WX   SPD DR
================================================================================

 1  62  51  57   3   8   0  0.06  0.0   0 14.4 23  280   M    M   M 1     27 270
 2  59  44  52  -2  13   0  0.01  0.0   0 14.7 22  310   M    M   M       26 350
 3  58  46  52  -2  13   0  0.00  0.0   0  8.4 13  310   M    M   M       14 310
 4  66  47  57   3   8   0  0.00  0.0   0  8.1 17  120   M    M   M       24 120
 5  67  54  61   7   4   0  0.00  0.0   0 20.2 31  110   M    M   M       36 110
 6  63  57  60   6   5   0  0.14  0.0   0 19.9 31  110   M    M   M 1     36 110
 7  62  56  59   6   6   0  0.33  0.0   0  7.5 15  100   M    M   M 1     17 100
 8  64  56  60   7   5   0  0.00  0.0   0  7.0 16  290   M    M   M       18 290
 9  62  57  60   7   5   0  0.02  0.0   0  4.2  7  280   M    M   M 1      9 270
10  62  54  58   5   7   0  0.00  0.0   0  6.2 12   40   M    M   M       14  80
11  64  57  61   8   4   0  0.15  0.0   0  8.1 17   90   M    M   M 1     19  90
12  71  57  64  11   1   0     T  0.0   0  9.2 16   60   M    M   M       19  70
13  69  56  63  11   2   0  0.00  0.0   0  7.7 16  280   M    M   M       18 280
14  70  57  64  12   1   0  0.00  0.0   0 12.6 26  350   M    M   M       30 350
15  61  50  56   4   9   0  0.00  0.0   0 21.8 30  310   M    M   M       33 310
16  52  47  50  -2  15   0  0.00  0.0   0 18.2 28  290   M    M   M       32 290
17  67  48  58   6   7   0  0.00  0.0   0  8.7 17  300   M    M   M       19 300
18  62  55  59   7   6   0  0.01  0.0   0 10.3 23  230   M    M   M 1     27 230
19  57  54  56   5   9   0  0.80  0.0   0 20.7 31  210   M    M   M 1     37 210
20  58  54  56   5   9   0  0.10  0.0   0 10.1 21  200   M    M   M 1     26 190
21  60  52  56   5   9   0  0.21  0.0   0 11.1 17  360   M    M   M 1     21 360
22  56  47  52   1  13   0  0.01  0.0   0 12.4 21   10   M    M   M 1     26  10
================================================================================
SM 1372 1156       159   0  1.84 0.0    261.5           M        M
================================================================================
AV 62.4 52.5                             11.9 FASTST  PSBL  %   M    MAX(MPH)
                                 MISC ---->  #  31  210                 37 210
================================================================================
NOTES:
# LAST OF SEVERAL OCCURRENCES

COLUMN 17 PEAK WIND IN M.P.H.

PRELIMINARY LOCAL CLIMATOLOGICAL DATA (WS FORM: F-6) , PAGE 2

                                          STATION:   KOTZEBUE
                                          MONTH:     08
                                          YEAR:      2016
                                          LATITUDE:  66 53 N
                                          LONGITUDE: 162 36 W

[TEMPERATURE DATA]      [PRECIPITATION DATA]       SYMBOLS USED IN COLUMN 16

AVERAGE MONTHLY:57.5   TOTAL FOR MONTH: 1.84       1 = FOG
DPTR FM NORMAL:  4.9   DPTR FM NORMAL: 0.25       2 = FOG REDUCING VISIBILITY
HIGHEST:    71 ON 12    GRTST 24HR   0.80 ON 19        TO 1/4 MILE OR LESS
LOWEST:     44 ON  2                               3 = THUNDER
                        SNOW, ICE PELLETS, HAIL    4 = ICE PELLETS
                        TOTAL MONTH: 0.0         5 = HAIL
                        GRTST 24HR   0.0           6 = GLAZE OR RIME
                        GRTST DEPTH:    0          7 = BLOWING DUST OR SAND:
                                                       VSBY 1/2 MILE OR LESS
                                                   8 = SMOKE OR HAZE
[NO. OF DAYS WITH]      [WEATHER - DAYS WITH]      9 = BLOWING SNOW
                                                   X = TORNADO
MAX 32 OR BELOW:   0    0.01 INCH OR MORE:  11
MAX 70 OR ABOVE:   2    0.10 INCH OR MORE:   6
MIN 32 OR BELOW:   0    0.50 INCH OR MORE:   1
MIN  0 OR BELOW:   0    1.00 INCH OR MORE:   0

[HDD (BASE 65) ]
TOTAL THIS MO.   159    CLEAR  (SCALE 0-3)   M
DPTR FM NORMAL  -114    PTCLDY (SCALE 4-7)   M
SEASONAL TOTAL   412    CLOUDY (SCALE 8-10)  M
DPTR FM NORMAL  -187

[CDD (BASE 65) ]
TOTAL THIS MO.     0
DPTR FM NORMAL     0    [PRESSURE DATA]
SEASONAL TOTAL     5    HIGHEST SLP     M
DPTR FM NORMAL     5    LOWEST  SLP     M

[REMARKS]
