000
CXUS55 KRIW 280945
CF6P60
PRELIMINARY LOCAL CLIMATOLOGICAL DATA (WS FORM: F-6)

                                          STATION:   LAKE YELLOWSTONE WY
                                          MONTH:     APRIL
                                          YEAR:      2017
                                          LATITUDE:   44 32 N
                                          LONGITUDE: 110 25 W

  TEMPERATURE IN F:       :PCPN:    SNOW:  WIND      :SUNSHINE: SKY     :PK WND
================================================================================
1   2   3   4   5  6A  6B    7    8   9   10  11  12  13   14  15   16   17  18
                                     12Z  AVG MX 2MIN
DY MAX MIN AVG DEP HDD CDD  WTR  SNW DPTH SPD SPD DIR MIN PSBL S-S WX    SPD DR
================================================================================

 1  47  16  32   5  33   0 0.00    M    M  2.1 13 280   M    M   0        20 280
 2  36  24  30   2  35   0 0.41    M    M  1.8  8 310   M    M   0        17 310
 3  28  12  20  -8  45   0 0.00  0.0    M  1.9  9  70   M    M   0        14 270
 4  32   8  20  -8  45   0 0.00  0.0    M  2.2  9 280   M    M   0        14 270
 5  42   6  24  -4  41   0 0.00  0.0    M  3.0 14 270   M    M   0        20 270
 6  51  16  34   5  31   0 0.00  0.0    M  2.6  9 240   M    M   0        18 210
 7  45  27  36   7  29   0 0.21    M    M  2.7 12 250   M    M   0        22 180
 8  39  26  33   4  32   0 0.09    M    M  2.1 10 260   M    M   0        17 260
 9  30  11  21  -8  44   0 0.14    M    M  5.8 16 280   M    M   0        25 300
10  34   5  20 -10  45   0 0.06    M    M  2.5 10 270   M    M   0        22 260
11  41  12  27  -3  38   0 0.01    M    M  1.4 10 280   M    M   0        17 280
12  50  26  38   8  27   0 0.02    M    M  1.8  9 150   M    M   0        17 190
13  56  23  40  10  25   0 0.03    M    M  4.0 15 270   M    M   0        24 260
14  36  22  29  -2  36   0 0.06    M    M  6.6 15 260   M    M   0        26 290
15  34  15  25  -6  40   0 0.01    M    M  4.1 18 290   M    M   0        25 290
16  47  12  30  -1  35   0 0.00    M    M  2.0  9 220   M    M   0        17 270
17  40  27  34   2  31   0 0.22    M    M  3.3 16 260   M    M   0        26 250
18  38  27  33   1  32   0 0.29    M    M  1.0  6 110   M    M   0         M  M
19  44  23  34   2  31   0 0.05    M    M  3.2 13 300   M    M   0        23 330
20  42  17  30  -2  35   0 0.08    M    M  1.9  9 280   M    M   0        15 270
21  35  21  28  -5  37   0 0.13    M    M  4.8 13 300   M    M   0        23 310
22  45  17  31  -2  34   0 0.00  0.0    M  2.9 10 270   M    M   0        19 220
23  47  24  36   3  29   0 0.23    M    M  2.6 17 280   M    M   0        24 230
24  36  23  30  -4  35   0 0.18    M    M  1.0  9 280   M    M   0        16 290
25  42  27  35   1  30   0 0.08    M    M  2.4  9 330   M    M   0         M  M
26  39  26  33  -1  32   0 0.88    M    M  2.6 10 300   M    M   0        18 220
27  34  25  30  -4  35   0 0.19    M    M  5.4 15 300   M    M   0        25 300
================================================================================
SM 1090  518       942   0  3.37     0.0  77.7          M        0
================================================================================
AV 40.4 19.2                               2.9 FASTST   M    M   0    MAX(MPH)
                                 MISC ---->  # 18 290               # 26  290
================================================================================
NOTES:
# LAST OF SEVERAL OCCURRENCES

COLUMN 17 PEAK WIND IN M.P.H.

PRELIMINARY LOCAL CLIMATOLOGICAL DATA (WS FORM: F-6) , PAGE 2

                                          STATION:  LAKE YELLOWSTONE WY
                                          MONTH:    APRIL
                                          YEAR:     2017
                                          LATITUDE:   44 32 N
                                          LONGITUDE: 110 25 W

[TEMPERATURE DATA]      [PRECIPITATION DATA]       SYMBOLS USED IN COLUMN 16

AVERAGE MONTHLY: 29.8   TOTAL FOR MONTH:   3.37    1 = FOG OR MIST
DPTR FM NORMAL:  -1.0   DPTR FM NORMAL:    1.52    2 = FOG REDUCING VISIBILITY
HIGHEST:    56 ON 13    GRTST 24HR  0.88 ON 26-26      TO 1/4 MILE OR LESS
LOWEST:      5 ON 10                               3 = THUNDER
                        SNOW, ICE PELLETS, HAIL    4 = ICE PELLETS
                        TOTAL MONTH:   0.0 INCH    5 = HAIL
                        GRTST 24HR     0.0         6 = FREEZING RAIN OR DRIZZLE
                        GRTST DEPTH:  M  ON   M    7 = DUSTSTORM OR SANDSTORM:
                                                       VSBY 1/2 MILE OR LESS
                                                   8 = SMOKE OR HAZE
[NO. OF DAYS WITH]      [WEATHER - DAYS WITH]      9 = BLOWING SNOW
                                                   X = TORNADO
MAX 32 OR BELOW:   3    0.01 INCH OR MORE:  20
MAX 90 OR ABOVE:   0    0.10 INCH OR MORE:  10
MIN 32 OR BELOW:  27    0.50 INCH OR MORE:   1
MIN  0 OR BELOW:   0    1.00 INCH OR MORE:   0

[HDD (BASE 65) ]
TOTAL THIS MO.   942    CLEAR  (SCALE 0-3)  27
DPTR FM NORMAL    19    PTCLDY (SCALE 4-7)   0
TOTAL FM JUL 1 10102    CLOUDY (SCALE 8-10)  0
DPTR FM NORMAL   -60

[CDD (BASE 65) ]
TOTAL THIS MO.     0
DPTR FM NORMAL     0    [PRESSURE DATA]
TOTAL FM JAN 1     0    HIGHEST SLP M ON M
DPTR FM NORMAL     0    LOWEST  SLP 29.54 ON 27

[REMARKS]
