000
CXUS56 KLKN 221009
CF6P68
PRELIMINARY LOCAL CLIMATOLOGICAL DATA (WS FORM: F-6)

                                          STATION:   EUREKA AIRPORT NV
                                          MONTH:     JULY
                                          YEAR:      2017
                                          LATITUDE:   39 30 N
                                          LONGITUDE: 115 58 W

  TEMPERATURE IN F:       :PCPN:    SNOW:  WIND      :SUNSHINE: SKY     :PK WND
================================================================================
1   2   3   4   5  6A  6B    7    8   9   10  11  12  13   14  15   16   17  18
                                     12Z  AVG MX 2MIN
DY MAX MIN AVG DEP HDD CDD  WTR  SNW DPTH SPD SPD DIR MIN PSBL S-S WX    SPD DR
================================================================================

 1  93  44  69   3   0   4 0.00    M    M  6.8 25 170   M    M   M        32 160
 2  97  52  75   9   0  10 0.00    M    M  6.9 24 260   M    M   M        36 210
 3  94  56  75   8   0  10 0.00    M    M  6.5 14 360   M    M   M        22  20
 4  97  53  75   8   0  10 0.00    M    M  8.6 22 180   M    M   M        29 210
 5  97  54  76   9   0  11 0.00    M    M  6.6 21 260   M    M   M        28 190
 6  93  54  74   6   0   9 0.00    M    M  5.8 33 160   M    M   M        54  60
 7  95  54  75   7   0  10 0.07    M    M  8.6 28 320   M    M   M        39 260
 8  95  52  74   6   0   9 0.00    M    M  6.9 28 240   M    M   M        37 240
 9  90  58  74   6   0   9 0.00    M    M  9.0 24 150   M    M   M        29 150
10  94  54  74   5   0   9 0.00    M    M  7.3 17 260   M    M   M        25 320
11  92  54  73   4   0   8 0.00    M    M  6.5 17 180   M    M   M        21 160
12  95  49  72   3   0   7 0.00    M    M  5.8 20 160   M    M   M        27  30
13  91  57  74   5   0   9 0.00    M    M  7.5 29 200   M    M   M        35 210
14  94  53  74   4   0   9 0.00    M    M  7.7 35 210   M    M   M        54 200
15  99  53  76   6   0  11 0.00    M    M  7.9 25 170   M    M   M        32 290
16  94  51  73   3   0   8 0.00    M    M  6.9 21 160   M    M   M        26 160
17  96  65  81  11   0  16 0.00    M    M 10.2 24 280   M    M   M        35 270
18  99  56  78   8   0  13 0.00    M    M  8.9 23 240   M    M   M        34 270
19  97  48  73   3   0   8 0.00    M    M  7.0 22 250   M    M   M        27 200
20  91  51  71   1   0   6 0.00    M    M  5.6 20 150   M    M   M        24 150
21  96  48  72   2   0   7 0.00    M    M  6.3 14  10   M    M   M        21  10
================================================================================
SM 1989 1116         0 193  0.07    M    153.3          M        M
================================================================================
AV 94.7 53.1                               7.3 FASTST   M    M   0    MAX(MPH)
                                 MISC ---->  # 35 210               # 54   60
================================================================================
NOTES:
# LAST OF SEVERAL OCCURRENCES

COLUMN 17 PEAK WIND IN M.P.H.

PRELIMINARY LOCAL CLIMATOLOGICAL DATA (WS FORM: F-6) , PAGE 2

                                          STATION:  EUREKA AIRPORT NV
                                          MONTH:    JULY
                                          YEAR:     2017
                                          LATITUDE:   39 30 N
                                          LONGITUDE: 115 58 W

[TEMPERATURE DATA]      [PRECIPITATION DATA]       SYMBOLS USED IN COLUMN 16

AVERAGE MONTHLY: 73.9   TOTAL FOR MONTH:   0.07    1 = FOG OR MIST
DPTR FM NORMAL:   5.3   DPTR FM NORMAL:   -0.32    2 = FOG REDUCING VISIBILITY
HIGHEST:    99 ON 18,15 GRTST 24HR  0.07 ON  7- 7      TO 1/4 MILE OR LESS
LOWEST:     44 ON  1                               3 = THUNDER
                        SNOW, ICE PELLETS, HAIL    4 = ICE PELLETS
                        TOTAL MONTH:    M          5 = HAIL
                        GRTST 24HR    M  ON   M    6 = FREEZING RAIN OR DRIZZLE
                        GRTST DEPTH:  M  ON   M    7 = DUSTSTORM OR SANDSTORM:
                                                       VSBY 1/2 MILE OR LESS
                                                   8 = SMOKE OR HAZE
[NO. OF DAYS WITH]      [WEATHER - DAYS WITH]      9 = BLOWING SNOW
                                                   X = TORNADO
MAX 32 OR BELOW:   0    0.01 INCH OR MORE:   1
MAX 90 OR ABOVE:  21    0.10 INCH OR MORE:   0
MIN 32 OR BELOW:   0    0.50 INCH OR MORE:   0
MIN  0 OR BELOW:   0    1.00 INCH OR MORE:   0

[HDD (BASE 65) ]
TOTAL THIS MO.     0    CLEAR  (SCALE 0-3)   0
DPTR FM NORMAL    -8    PTCLDY (SCALE 4-7)   0
TOTAL FM JUL 1     0    CLOUDY (SCALE 8-10)  0
DPTR FM NORMAL    -8

[CDD (BASE 65) ]
TOTAL THIS MO.   193
DPTR FM NORMAL   106    [PRESSURE DATA]
TOTAL FM JAN 1   269    HIGHEST SLP M ON M
DPTR FM NORMAL   150    LOWEST  SLP 29.74 ON  1

[REMARKS]
