000
CXUS56 KLKN 251009
CF6P68
PRELIMINARY LOCAL CLIMATOLOGICAL DATA (WS FORM: F-6)

                                          STATION:   EUREKA AIRPORT NV
                                          MONTH:     JULY
                                          YEAR:      2016
                                          LATITUDE:   39 30 N
                                          LONGITUDE: 115 58 W

  TEMPERATURE IN F:       :PCPN:    SNOW:  WIND      :SUNSHINE: SKY     :PK WND
================================================================================
1   2   3   4   5  6A  6B    7    8   9   10  11  12  13   14  15   16   17  18
                                     12Z  AVG MX 2MIN
DY MAX MIN AVG DEP HDD CDD  WTR  SNW DPTH SPD SPD DIR MIN PSBL S-S WX    SPD DR
================================================================================

 1  91  57  74   8   0   9 0.00    M    M  8.6 32 200   M    M   M        38 200
 2  87  49  68   2   0   3 0.00    M    M  6.5 30 250   M    M   M        37 250
 3  89  50  70   3   0   5 0.00    M    M  6.2 15 240   M    M   M        21 270
 4  92  54  73   6   0   8 0.00    M    M  8.6 20 320   M    M   M        29 250
 5  90  48  69   2   0   4 0.00    M    M  8.9 22 260   M    M   M        31 280
 6  88  49  69   1   0   4 0.00    M    M  8.8 24 270   M    M   M        32 270
 7  92  45  69   1   0   4 0.00    M    M  6.8 18 180   M    M   M        24 170
 8  91  52  72   4   0   7 0.00    M    M  7.4 23 180   M    M   M        27 180
 9  93  48  71   3   0   6 0.00    M    M  7.1 25 200   M    M   M        34 230
10  79  43  61  -8   4   0 0.00    M    M 11.9 33 270   M    M   M        41 290
11  78  33  56 -13   9   0 0.00    M    M  4.2 12  30   M    M   M        17  40
12  88  42  65  -4   0   0 0.00    M    M  8.0 22 260   M    M   M        30 260
13  93  44  69   0   0   4 0.00    M    M  6.5 18 330   M    M   M        24 280
14  95  43  69  -1   0   4 0.00    M    M  4.7 18 260   M    M   M        24 270
15  94  51  73   3   0   8 0.00    M    M  9.6 25 300   M    M   M        40 280
16  92  51  72   2   0   7 0.00    M    M  8.3 22 260   M    M   M        31 260
17  93  50  72   2   0   7 0.00    M    M  7.8 23 250   M    M   M        30 260
18  91  47  69  -1   0   4 0.00    M    M  8.9 25 190   M    M   M        34 180
19  93  45  69  -1   0   4 0.00    M    M  9.5 25 210   M    M   M        34 280
20  94  48  71   1   0   6 0.00    M    M  7.0 23 190   M    M   M        28 170
21  94  51  73   3   0   8 0.00    M    M  7.1 25 180   M    M   M        36 180
22  95  47  71   1   0   6 0.00    M    M  6.4 21 310   M    M   M        29 310
23  94  46  70   0   0   5 0.00    M    M  7.1 22  10   M    M   M        26  10
24  97  43  70   0   0   5 0.00    M    M  6.4 18 290   M    M   M        25 290
================================================================================
SM 2183 1136        13 118  0.00    M    182.3          M        M
================================================================================
AV 91.0 47.3                               7.6 FASTST   M    M   0    MAX(MPH)
                                 MISC ---->  # 33 270               # 41  290
================================================================================
NOTES:
# LAST OF SEVERAL OCCURRENCES

COLUMN 17 PEAK WIND IN M.P.H.

PRELIMINARY LOCAL CLIMATOLOGICAL DATA (WS FORM: F-6) , PAGE 2

                                          STATION:  EUREKA AIRPORT NV
                                          MONTH:    JULY
                                          YEAR:     2016
                                          LATITUDE:   39 30 N
                                          LONGITUDE: 115 58 W

[TEMPERATURE DATA]      [PRECIPITATION DATA]       SYMBOLS USED IN COLUMN 16

AVERAGE MONTHLY: 69.1   TOTAL FOR MONTH:   0.00    1 = FOG OR MIST
DPTR FM NORMAL:   0.4   DPTR FM NORMAL:   -0.46    2 = FOG REDUCING VISIBILITY
HIGHEST:    97 ON 24    GRTST 24HR  0.00 ON 24-24      TO 1/4 MILE OR LESS
LOWEST:     33 ON 11                               3 = THUNDER
                        SNOW, ICE PELLETS, HAIL    4 = ICE PELLETS
                        TOTAL MONTH:    M          5 = HAIL
                        GRTST 24HR    M  ON   M    6 = FREEZING RAIN OR DRIZZLE
                        GRTST DEPTH:  M  ON   M    7 = DUSTSTORM OR SANDSTORM:
                                                       VSBY 1/2 MILE OR LESS
                                                   8 = SMOKE OR HAZE
[NO. OF DAYS WITH]      [WEATHER - DAYS WITH]      9 = BLOWING SNOW
                                                   X = TORNADO
MAX 32 OR BELOW:   0    0.01 INCH OR MORE:   0
MAX 90 OR ABOVE:  18    0.10 INCH OR MORE:   0
MIN 32 OR BELOW:   0    0.50 INCH OR MORE:   0
MIN  0 OR BELOW:   0    1.00 INCH OR MORE:   0

[HDD (BASE 65) ]
TOTAL THIS MO.    13    CLEAR  (SCALE 0-3)   0
DPTR FM NORMAL     5    PTCLDY (SCALE 4-7)   0
TOTAL FM JUL 1    13    CLOUDY (SCALE 8-10)  0
DPTR FM NORMAL     5

[CDD (BASE 65) ]
TOTAL THIS MO.   118
DPTR FM NORMAL    13    [PRESSURE DATA]
TOTAL FM JAN 1   209    HIGHEST SLP M ON M
DPTR FM NORMAL    72    LOWEST  SLP 29.73 ON  9

[REMARKS]
