000
CXUS52 KMFL 271835
CF6PBI
PRELIMINARY LOCAL CLIMATOLOGICAL DATA (WS FORM: F-6)

                                          STATION:   WEST PALM BEACH
                                          MONTH:     FEBRUARY
                                          YEAR:      2015
                                          LATITUDE:   26 40 N
                                          LONGITUDE:  80  7 W

  TEMPERATURE IN F:       :PCPN:    SNOW:  WIND      :SUNSHINE: SKY     :PK WND
================================================================================
1   2   3   4   5  6A  6B    7    8   9   10  11  12  13   14  15   16   17  18
                                     12Z  AVG MX 2MIN
DY MAX MIN AVG DEP HDD CDD  WTR  SNW DPTH SPD SPD DIR MIN PSBL S-S WX    SPD DR
================================================================================

 1  77  66  72   6   0   7 0.00  0.0    0 14.3 22 100   M    M   7        26  90
 2  84  63  74   7   0   9 0.00  0.0    0 11.8 23 210   M    M   4        29 200
 3  75  52  64  -3   1   0 0.00  0.0    0 10.9 18  90   M    M   5        23 330
 4  77  67  72   5   0   7 0.00  0.0    0 10.5 17  90   M    M   7        22 110
 5  75  58  67   0   0   2 0.63  0.0    0 13.0 25 310   M    M   7 13     32 300
 6  76  57  67   0   0   2    T  0.0    0 13.2 23  40   M    M   7 3      30  40
 7  73  65  69   2   0   4 0.00  0.0    0 13.0 21  70   M    M   7        30  90
 8  78  62  70   3   0   5 0.01  0.0    0  9.2 18 110   M    M   6        22 110
 9  79  59  69   2   0   4 0.94  0.0    0  6.0 20 140   M    M   7 13     23 140
10  73  57  65  -2   0   0    T  0.0    0 13.7 26 280   M    M   6        32 280
11  73  51  62  -6   3   0 0.00  0.0    0  9.3 16  40   M    M   2        20  40
12  74  51  63  -5   2   0 0.00  0.0    0  8.1 18 270   M    M   1        23 270
13  73  52  63  -5   2   0 0.00  0.0    0  9.5 17 300   M    M   1        22 300
14  67  45  56 -12   9   0 0.00  0.0    0  9.6 17 330   M    M   2        22 320
15  75  46  61  -7   4   0 0.00  0.0    0  6.3 14  40   M    M   2        18 350
16  76  54  65  -3   0   0 0.00  0.0    0  9.3 24 160   M    M   5        29 150
17  83  60  72   4   0   7 0.00  0.0    0 11.8 24 230   M    M   5        32 200
18  68  50  59  -9   6   0 0.11  0.0    0 10.3 23 320   M    M   6 13     28 340
19  60  44  52 -16  13   0 0.00  0.0    0 14.1 30 330   M    M   1        36 330
20  64  38  51 -17  14   0    T    M    0 13.2 22  90   M    M   4        26  90
21  76  63  70   2   0   5    T  0.0    0 16.3 26 100   M    M   7        31 110
22  81  69  75   7   0  10 0.00  0.0    0 10.6 18 150   M    M   6        23 140
23  83  66  75   6   0  10 0.00  0.0    0  5.3 15 130   M    M   7        22 140
24  86  62  74   5   0   9 0.00  0.0    0  8.1 17 270   M    M   4        23 230
25  82  61  72   3   0   7 0.00  0.0    0  9.8 21 170   M    M   5        29 180
26  87  69  78   9   0  13 0.01  0.0    0 15.5 29 240   M    M   7        36 240
================================================================================
SM 1975 1487        54 101  1.70     0.0 282.7          M      128
================================================================================
AV 76.0 57.2                              10.9 FASTST   M    M   5    MAX(MPH)
                                 MISC ---->  # 30 330               # 36  330
================================================================================
NOTES:
# LAST OF SEVERAL OCCURRENCES

COLUMN 17 PEAK WIND IN M.P.H.

PRELIMINARY LOCAL CLIMATOLOGICAL DATA (WS FORM: F-6) , PAGE 2

                                          STATION:  WEST PALM BEACH
                                          MONTH:    FEBRUARY
                                          YEAR:     2015
                                          LATITUDE:   26 40 N
                                          LONGITUDE:  80  7 W

[TEMPERATURE DATA]      [PRECIPITATION DATA]       SYMBOLS USED IN COLUMN 16

AVERAGE MONTHLY: 66.6   TOTAL FOR MONTH:   1.70    1 = FOG OR MIST
DPTR FM NORMAL:  -1.2   DPTR FM NORMAL:   -0.89    2 = FOG REDUCING VISIBILITY
HIGHEST:    87 ON 26    GRTST 24HR  0.94 ON  9- 9      TO 1/4 MILE OR LESS
LOWEST:     38 ON 20                               3 = THUNDER
                        SNOW, ICE PELLETS, HAIL    4 = ICE PELLETS
                        TOTAL MONTH:   0.0 INCH    5 = HAIL
                        GRTST 24HR     0.0         6 = FREEZING RAIN OR DRIZZLE
                        GRTST DEPTH:   0           7 = DUSTSTORM OR SANDSTORM:
                                                       VSBY 1/2 MILE OR LESS
                                                   8 = SMOKE OR HAZE
[NO. OF DAYS WITH]      [WEATHER - DAYS WITH]      9 = BLOWING SNOW
                                                   X = TORNADO
MAX 32 OR BELOW:   0    0.01 INCH OR MORE:   5
MAX 90 OR ABOVE:   0    0.10 INCH OR MORE:   3
MIN 32 OR BELOW:   0    0.50 INCH OR MORE:   2
MIN  0 OR BELOW:   0    1.00 INCH OR MORE:   0

[HDD (BASE 65) ]
TOTAL THIS MO.    54    CLEAR  (SCALE 0-3)   6
DPTR FM NORMAL     8    PTCLDY (SCALE 4-7)  20
TOTAL FM JUL 1   124    CLOUDY (SCALE 8-10)  0
DPTR FM NORMAL   -79

[CDD (BASE 65) ]
TOTAL THIS MO.   101
DPTR FM NORMAL   -17    [PRESSURE DATA]
TOTAL FM JAN 1   265    HIGHEST SLP M ON M
DPTR FM NORMAL    39    LOWEST  SLP 29.71 ON 10

[REMARKS]
