000
CXUS52 KFFC 281110
CF6PDK
PRELIMINARY LOCAL CLIMATOLOGICAL DATA (WS FORM: F-6)

                                          STATION:   DEKALB PEACHTREE AIRPORT
                                          MONTH:     AUGUST
                                          YEAR:      2016
                                          LATITUDE:   33 52 N
                                          LONGITUDE:  84 18 W

  TEMPERATURE IN F:       :PCPN:    SNOW:  WIND      :SUNSHINE: SKY     :PK WND
================================================================================
1   2   3   4   5  6A  6B    7    8   9   10  11  12  13   14  15   16   17  18
                                     12Z  AVG MX 2MIN
DY MAX MIN AVG DEP HDD CDD  WTR  SNW DPTH SPD SPD DIR MIN PSBL S-S WX    SPD DR
================================================================================

 1  94  71  83   3   0  18    T    M    M  4.9 14 360   M    M   4 13     19 140
 2  92  74  83   3   0  18    T    M    M  5.4 21 350   M    M   3 3      29 320
 3  95  73  84   4   0  19 0.00    M    M  3.7 10 330   M    M   2        14 330
 4  95  76  86   6   0  21 0.69    M    M  3.5 16 210   M    M   4 3      21 240
 5  93  75  84   4   0  19 0.00    M    M  2.9 14 320   M    M   4        16 310
 6  96  73  85   5   0  20 0.00    M    M  4.2 13 310   M    M   1        18 330
 7  93  74  84   4   0  19 0.00    M    M  2.7 14 270   M    M   2 3      17 270
 8  90  74  82   2   0  17 0.35  0.0    M  5.2 12  60   M    M   8 3      19 100
 9  88  75  82   2   0  17 0.03    M    M  5.8 13 140   M    M   8 18     19 110
10  88  75  82   2   0  17 0.05    M    M  5.4 15 150   M    M   8        22 140
11  90  74  82   2   0  17 0.00    M    M  5.6 14 150   M    M   6        19 110
12  93  74  84   4   0  19 0.00  0.0    0  5.9 15 180   M    M   5        23 310
13  93  73  83   4   0  18    T  0.0    0  5.4 13 190   M    M   4        22 140
14  95  71  83   4   0  18    T  0.0    0  4.4 14 210   M    M   3 3      19 220
15  93  72  83   4   0  18 0.03  0.0    0  2.7 13 190   M    M   3 3      18 200
16  94  73  84   5   0  19 0.00  0.0    M  1.7 10 170   M    M   2 3      14 190
17  95  73  84   5   0  19 0.27    M    M  3.5 16 220   M    M   1 3      21 200
18  95  70  83   4   0  18 1.91  0.0    M  3.0 41 280   M    M   2 3      49 280
19  91  71  81   2   0  16 0.13  0.0    M  3.7 14 250   M    M   3        18 260
20  88  73  81   2   0  16 0.01  0.0    0  6.6 17 200   M    M   2 3      22 210
21  89  73  81   2   0  16 0.54  0.0    0  6.4 26 310   M    M   3 3      32 310
22  88  70  79   0   0  14 0.00  0.0    0  3.9 12 320   M    M   0        19  80
23  92  67  80   1   0  15 0.00  0.0    0  1.3  7  90   M    M   2        11  10
24  83  74  79   1   0  14 1.39  0.0    0  3.3  9 220   M    M   5 13     12  70
25  93  71  82   4   0  17 0.00    M    M  1.7  9  20   M    M   2        16  20
26  94  72  83   5   0  18    T    M    M  2.0 10 150   M    M   3 3      15  70
27  92  73  83   5   0  18 0.01    M    M  3.2 14 130   M    M   2        19 140
================================================================================
SM 2482 1964         0 475  5.41     0.0 108.0          M       92
================================================================================
AV 91.9 72.7                               4.0 FASTST   M    M   3    MAX(MPH)
                                 MISC ---->  # 41 280               # 49  280
================================================================================
NOTES:
# LAST OF SEVERAL OCCURRENCES

COLUMN 17 PEAK WIND IN M.P.H.

PRELIMINARY LOCAL CLIMATOLOGICAL DATA (WS FORM: F-6) , PAGE 2

                                          STATION:  DEKALB PEACHTREE AIRPORT
                                          MONTH:    AUGUST
                                          YEAR:     2016
                                          LATITUDE:   33 52 N
                                          LONGITUDE:  84 18 W

[TEMPERATURE DATA]      [PRECIPITATION DATA]       SYMBOLS USED IN COLUMN 16

AVERAGE MONTHLY: 82.3   TOTAL FOR MONTH:   5.41    1 = FOG OR MIST
DPTR FM NORMAL:   3.0   DPTR FM NORMAL:    1.50    2 = FOG REDUCING VISIBILITY
HIGHEST:    96 ON  6    GRTST 24HR  2.03 ON 18-19      TO 1/4 MILE OR LESS
LOWEST:     67 ON 23                               3 = THUNDER
                        SNOW, ICE PELLETS, HAIL    4 = ICE PELLETS
                        TOTAL MONTH:   0.0 INCH    5 = HAIL
                        GRTST 24HR     0.0         6 = FREEZING RAIN OR DRIZZLE
                        GRTST DEPTH:   0           7 = DUSTSTORM OR SANDSTORM:
                                                       VSBY 1/2 MILE OR LESS
                                                   8 = SMOKE OR HAZE
[NO. OF DAYS WITH]      [WEATHER - DAYS WITH]      9 = BLOWING SNOW
                                                   X = TORNADO
MAX 32 OR BELOW:   0    0.01 INCH OR MORE:  12
MAX 90 OR ABOVE:  21    0.10 INCH OR MORE:   7
MIN 32 OR BELOW:   0    0.50 INCH OR MORE:   4
MIN  0 OR BELOW:   0    1.00 INCH OR MORE:   2

[HDD (BASE 65) ]
TOTAL THIS MO.     0    CLEAR  (SCALE 0-3)  16
DPTR FM NORMAL     0    PTCLDY (SCALE 4-7)  11
TOTAL FM JUL 1     0    CLOUDY (SCALE 8-10)  0
DPTR FM NORMAL     0

[CDD (BASE 65) ]
TOTAL THIS MO.   475
DPTR FM NORMAL    90    [PRESSURE DATA]
TOTAL FM JAN 1  1797    HIGHEST SLP M ON M
DPTR FM NORMAL   389    LOWEST  SLP 29.83 ON  6

[REMARKS]
