000
CXUS56 KPQR 261330
CF6PDX
PRELIMINARY LOCAL CLIMATOLOGICAL DATA (WS FORM: F-6)

                                          STATION:   PORTLAND OR
                                          MONTH:     DECEMBER
                                          YEAR:      2014
                                          LATITUDE:   45 35 N
                                          LONGITUDE: 122 36 W

  TEMPERATURE IN F:       :PCPN:    SNOW:  WIND      :SUNSHINE: SKY     :PK WND
================================================================================
1   2   3   4   5  6A  6B    7    8   9   10  11  12  13   14  15   16   17  18
                                     12Z  AVG MX 2MIN
DY MAX MIN AVG DEP HDD CDD  WTR  SNW DPTH SPD SPD DIR MIN PSBL S-S WX    SPD DR
================================================================================

 1  37  28  33 -10  32   0 0.00  0.0    0  7.2 15 110   M    M   7        18 100
 2  41  23  32 -10  33   0 0.00  0.0    0 10.3 30  90   M    M   5 1      38  90
 3  48  37  43   1  22   0 0.04    M    0 20.2 30  80   M    M   9        37 100
 4  41  36  39  -3  26   0 1.14    M    0 11.2 20 110   M    M  10 1      23 110
 5  46  40  43   1  22   0 0.21    M    0 12.8 25 110   M    M   8 1      30 110
 6  56  40  48   6  17   0 0.34    M    0 11.7 22 110   M    M   9 1      26 120
 7  52  35  44   3  21   0    T    M    0  8.5 21 120   M    M   8 12     26 120
 8  50  43  47   6  18   0    T    M    0 15.7 28 110   M    M   8        32 110
 9  52  46  49   8  16   0 0.48    M    0 15.2 25 110   M    M  10 1      30 110
10  56  45  51  10  14   0 0.56    M    0 14.0 25 200   M    M   8 1      31 200
11  64  44  54  14  11   0 0.15    M    0 14.0 47 190   M    M   8 1      67 200
12  53  43  48   8  17   0 0.10    M    0  3.9 20 290   M    M   8 1      25 280
13  48  42  45   5  20   0 0.00  0.0    0  3.5  7 310   M    M   9 12      9 130
14  51  36  44   4  21   0 0.00  0.0    0 13.1 32 100   M    M   4 12     41 100
15  50  44  47   7  18   0    T    M    0 19.5 28 100   M    M   9        35 120
16  48  41  45   5  20   0 0.02    M    0  9.7 18 110   M    M   9        22 110
17  47  36  42   2  23   0 0.07    M    0  8.2 21 110   M    M   9 1      24 100
18  50  42  46   6  19   0 0.30    M    0 13.5 23 110   M    M  10 1      28 110
19  53  43  48   8  17   0 0.11    M    0  9.5 17 110   M    M   9        21 150
20  59  45  52  12  13   0 1.07    M    0 13.7 20 220   M    M  10 1      29 210
21  59  50  55  15  10   0 0.09  0.0    0  6.6 17 210   M    M   9 1      21 210
22  56  44  50  10  15   0 0.03    M    0  3.4  9 100   M    M   8 1      10  90
23  56  44  50  10  15   0 0.16    M    0  7.6 24 320   M    M  10 1      30 310
24  47  41  44   4  21   0 0.61    M    0  7.7 16 310   M    M   9 1      20 300
25  49  42  46   6  19   0 0.10    M    0  4.1 10 260   M    M   8 1      14 260
================================================================================
SM 1269 1010       480   0  5.58     0.0 264.8          M      211
================================================================================
AV 50.8 40.4                              10.6 FASTST   M    M   8    MAX(MPH)
                                 MISC ---->  # 47 190               # 67  200
================================================================================
NOTES:
# LAST OF SEVERAL OCCURRENCES

COLUMN 17 PEAK WIND IN M.P.H.

PRELIMINARY LOCAL CLIMATOLOGICAL DATA (WS FORM: F-6) , PAGE 2

                                          STATION:  PORTLAND OR
                                          MONTH:    DECEMBER
                                          YEAR:     2014
                                          LATITUDE:   45 35 N
                                          LONGITUDE: 122 36 W

[TEMPERATURE DATA]      [PRECIPITATION DATA]       SYMBOLS USED IN COLUMN 16

AVERAGE MONTHLY: 45.6   TOTAL FOR MONTH:   5.58    1 = FOG OR MIST
DPTR FM NORMAL:   4.9   DPTR FM NORMAL:    1.06    2 = FOG REDUCING VISIBILITY
HIGHEST:    64 ON 11    GRTST 24HR  1.19 ON  4- 5      TO 1/4 MILE OR LESS
LOWEST:     23 ON  2                               3 = THUNDER
                        SNOW, ICE PELLETS, HAIL    4 = ICE PELLETS
                        TOTAL MONTH:   0.0 INCH    5 = HAIL
                        GRTST 24HR     0.0         6 = FREEZING RAIN OR DRIZZLE
                        GRTST DEPTH:   0           7 = DUSTSTORM OR SANDSTORM:
                                                       VSBY 1/2 MILE OR LESS
                                                   8 = SMOKE OR HAZE
[NO. OF DAYS WITH]      [WEATHER - DAYS WITH]      9 = BLOWING SNOW
                                                   X = TORNADO
MAX 32 OR BELOW:   0    0.01 INCH OR MORE:  18
MAX 90 OR ABOVE:   0    0.10 INCH OR MORE:  13
MIN 32 OR BELOW:   2    0.50 INCH OR MORE:   4
MIN  0 OR BELOW:   0    1.00 INCH OR MORE:   2

[HDD (BASE 65) ]
TOTAL THIS MO.   480    CLEAR  (SCALE 0-3)   0
DPTR FM NORMAL  -128    PTCLDY (SCALE 4-7)   8
TOTAL FM JUL 1  1213    CLOUDY (SCALE 8-10) 17
DPTR FM NORMAL  -364

[CDD (BASE 65) ]
TOTAL THIS MO.     0
DPTR FM NORMAL     0    [PRESSURE DATA]
TOTAL FM JAN 1   653    HIGHEST SLP M ON M
DPTR FM NORMAL   229    LOWEST  SLP 29.12 ON 11

[REMARKS]
