000
CXUS54 KMAF 231100
CF6PEQ
PRELIMINARY LOCAL CLIMATOLOGICAL DATA (WS FORM: F-6)

                                          STATION:   Pecos Municipal Airport
                                          MONTH:     JANUARY
                                          YEAR:      2017
                                          LATITUDE:   31 22 N
                                          LONGITUDE: 103 31 W

  TEMPERATURE IN F:       :PCPN:    SNOW:  WIND      :SUNSHINE: SKY     :PK WND
================================================================================
1   2   3   4   5  6A  6B    7    8   9   10  11  12  13   14  15   16   17  18
                                     12Z  AVG MX 2MIN
DY MAX MIN AVG DEP HDD CDD  WTR  SNW DPTH SPD SPD DIR MIN PSBL S-S WX    SPD DR
================================================================================

 1  72  40  56   M   9   0 0.04    M    0  6.5 32 290   M    M   3 38     45 290
 2  64  41  53   M  12   0 0.00  0.0    0 12.0 25 260   M    M   0        31 260
 3  69  42  56   M   9   0 0.00  0.0    0  8.6 16 270   M    M   0        22 270
 4  60  36  48   M  17   0 0.00  0.0    0  6.4 10  70   M    M   0         M  M
 5  64  28  46   M  19   0 0.00  0.0    0 10.1 18  60   M    M   0        23  60
 6  31  17  24   M  41   0 0.00  0.0    0  7.3 14  50   M    M   2        16 340
 7  42  11  27   M  38   0 0.00  0.0    0  4.0  9  50   M    M   0         M  M
 8  64  17  41   M  24   0 0.00  0.0    0  3.0  8 100   M    M   0         M  M
 9  85  30  58   M   7   0 0.00  0.0    0  4.8 18 240   M    M   0        23 240
10  81  46  64   M   1   0 0.00  0.0    0  9.3 21 260   M    M   0        27 270
11  83  38  61   M   4   0 0.00  0.0    0  9.6 21 250   M    M   0        27 250
12  78  36  57   M   8   0 0.00  0.0    0  7.0 14 100   M    M   0         M  M
13  59  43  51   M  14   0 0.00  0.0    0  8.1 13  10   M    M   6         M  M
14  44  38  41   M  24   0 0.17    M    0  4.1 12  70   M    M  10 13      M  M
15  53  39  46   M  19   0 0.11    M    0  8.1 16 310   M    M   7 13      M  M
16  65  41  53   M  12   0 0.00  0.0    0  7.6 16 240   M    M   0        23 250
17  45  40  43   M  22   0 0.00  0.0    0  6.1 13 340   M    M   8 3      17 360
18  65  42  54   M  11   0 0.00  0.0    0  5.9 15 260   M    M   4        21 250
19  67  40  54   M  11   0 0.00  0.0    0 15.3 32 260   M    M   0        40 240
20  69  38  54   M  11   0 0.00  0.0    0  7.7 25 270   M    M   0        35 250
21  58  40  49   M  16   0 0.00  0.0    0 15.5 36 250   M    M   6        50 250
22  64  44  54   M  11   0 0.00  0.0    M 18.2 37 260   M    M   0        48 260
================================================================================
SM 1382  787       340   0  0.32     0.0 185.2          M       46
================================================================================
AV 62.8 35.8                               8.4 FASTST   M    M   2    MAX(MPH)
                                 MISC ---->    37   M               # 50  250
================================================================================
NOTES:
# LAST OF SEVERAL OCCURRENCES

COLUMN 17 PEAK WIND IN M.P.H.

PRELIMINARY LOCAL CLIMATOLOGICAL DATA (WS FORM: F-6) , PAGE 2

                                          STATION:  Pecos Municipal Airport
                                          MONTH:    JANUARY
                                          YEAR:     2017
                                          LATITUDE:   31 22 N
                                          LONGITUDE: 103 31 W

[TEMPERATURE DATA]      [PRECIPITATION DATA]       SYMBOLS USED IN COLUMN 16

AVERAGE MONTHLY: 49.3   TOTAL FOR MONTH:   0.32    1 = FOG OR MIST
DPTR FM NORMAL:     M   DPTR FM NORMAL:       M    2 = FOG REDUCING VISIBILITY
HIGHEST:    85 ON  9    GRTST 24HR  0.17 ON 14-14      TO 1/4 MILE OR LESS
LOWEST:     11 ON  7                               3 = THUNDER
                        SNOW, ICE PELLETS, HAIL    4 = ICE PELLETS
                        TOTAL MONTH:   0.0 INCH    5 = HAIL
                        GRTST 24HR     0.0         6 = FREEZING RAIN OR DRIZZLE
                        GRTST DEPTH:   0           7 = DUSTSTORM OR SANDSTORM:
                                                       VSBY 1/2 MILE OR LESS
                                                   8 = SMOKE OR HAZE
[NO. OF DAYS WITH]      [WEATHER - DAYS WITH]      9 = BLOWING SNOW
                                                   X = TORNADO
MAX 32 OR BELOW:   1    0.01 INCH OR MORE:   3
MAX 90 OR ABOVE:   0    0.10 INCH OR MORE:   2
MIN 32 OR BELOW:   5    0.50 INCH OR MORE:   0
MIN  0 OR BELOW:   0    1.00 INCH OR MORE:   0

[HDD (BASE 65) ]
TOTAL THIS MO.   340    CLEAR  (SCALE 0-3)  15
DPTR FM NORMAL     M    PTCLDY (SCALE 4-7)   6
TOTAL FM JUL 1  1145    CLOUDY (SCALE 8-10)  1
DPTR FM NORMAL     M

[CDD (BASE 65) ]
TOTAL THIS MO.     0
DPTR FM NORMAL     M    [PRESSURE DATA]
TOTAL FM JAN 1     0    HIGHEST SLP M ON M
DPTR FM NORMAL     M    LOWEST  SLP M ON M

[REMARKS]
