000
CXUS53 KUNR 260945
CF6PHP
PRELIMINARY LOCAL CLIMATOLOGICAL DATA (WS FORM: F-6)

                                          STATION:   PHILIP SD
                                          MONTH:     JULY
                                          YEAR:      2017
                                          LATITUDE:   44  3 N
                                          LONGITUDE: 101 36 W

  TEMPERATURE IN F:       :PCPN:    SNOW:  WIND      :SUNSHINE: SKY     :PK WND
================================================================================
1   2   3   4   5  6A  6B    7    8   9   10  11  12  13   14  15   16   17  18
                                     12Z  AVG MX 2MIN
DY MAX MIN AVG DEP HDD CDD  WTR  SNW DPTH SPD SPD DIR MIN PSBL S-S WX    SPD DR
================================================================================

 1  90  44  67  -5   0   2 0.00    M    M  6.7 14 210   M    M   0        20 240
 2  92  51  72   0   0   7 0.03    M    M 13.2 30 350   M    M   1 3      37 340
 3  95  60  78   6   0  13    T    M    M  8.9 23 250   M    M   1 3      30 240
 4  99  55  77   5   0  12 0.00    M    M  5.0 26  40   M    M   0        33  30
 5 105  58  82   9   0  17 0.00    M    M  6.2 16 170   M    M   0        20 170
 6 100  58  79   6   0  14 0.00    M    M 10.0 22 340   M    M   0        25 320
 7  95  61  78   5   0  13 0.02    M    M  6.1 20 240   M    M   2 3      30 240
 8  95  57  76   3   0  11 0.00    M    M  6.0 16 170   M    M   0        20 170
 9 108  68  88  14   0  23 0.00    M    M 12.5 25  40   M    M   0        31 340
10  93  66  80   6   0  15    T    M    M  8.7 18 150   M    M   1        24 140
11 101  63  82   8   0  17 0.02    M    M  7.5 17  20   M    M   1        23 320
12  91  66  79   5   0  14 0.02    M    M  8.5 18 310   M    M   3        25 310
13  91  56  74   0   0   9 0.00    M    M 12.1 20 100   M    M   0        24  90
14 105  59  82   7   0  17 0.00    M    M  7.7 22  60   M    M   0        27  50
15  99  67  83   8   0  18 0.00    M    M  9.7 22  80   M    M   0        29  30
16 104  61  83   8   0  18 0.00    M    M 14.2 24 190   M    M   0        29 200
17 104  74  89  14   0  24 0.00    M    M  8.0 31 270   M    M   1        41 270
18  92  68  80   5   0  15 0.01    M    M 14.8 36  10   M    M   2 3      43  10
19 102  68  85  10   0  20 0.00    M    M 11.8 31  40   M    M   0        38  40
20 101  70  86  10   0  21 0.00    M    M  9.4 22  50   M    M   1        28  50
21 100  69  85   9   0  20 0.03    M    M 11.6 23 290   M    M   2 3      31 300
22  98  61  80   4   0  15 0.00    M    M  7.9 18 340   M    M   0        21 340
23  94  53  74  -2   0   9 0.00    M    M  6.9 18 110   M    M   0        21 110
24 105  67  86  10   0  21 0.00    M    M  8.2 21  40   M    M   0 3      25  40
25  95  64  80   4   0  15 0.00    M    M 13.2 28  60   M    M   0        33  60
================================================================================
SM 2454 1544         0 380  0.13    M    234.8          M       15
================================================================================
AV 98.2 61.8                               9.4 FASTST   M    M   1    MAX(MPH)
                                 MISC ---->  # 36  10               # 43   10
================================================================================
NOTES:
# LAST OF SEVERAL OCCURRENCES

COLUMN 17 PEAK WIND IN M.P.H.

PRELIMINARY LOCAL CLIMATOLOGICAL DATA (WS FORM: F-6) , PAGE 2

                                          STATION:  PHILIP SD
                                          MONTH:    JULY
                                          YEAR:     2017
                                          LATITUDE:   44  3 N
                                          LONGITUDE: 101 36 W

[TEMPERATURE DATA]      [PRECIPITATION DATA]       SYMBOLS USED IN COLUMN 16

AVERAGE MONTHLY: 80.0   TOTAL FOR MONTH:   0.13    1 = FOG OR MIST
DPTR FM NORMAL:   5.7   DPTR FM NORMAL:   -1.60    2 = FOG REDUCING VISIBILITY
HIGHEST:   108 ON  9    GRTST 24HR  0.03 ON 21-21      TO 1/4 MILE OR LESS
LOWEST:     44 ON  1                               3 = THUNDER
                        SNOW, ICE PELLETS, HAIL    4 = ICE PELLETS
                        TOTAL MONTH:    M          5 = HAIL
                        GRTST 24HR    M  ON   M    6 = FREEZING RAIN OR DRIZZLE
                        GRTST DEPTH:  M  ON   M    7 = DUSTSTORM OR SANDSTORM:
                                                       VSBY 1/2 MILE OR LESS
                                                   8 = SMOKE OR HAZE
[NO. OF DAYS WITH]      [WEATHER - DAYS WITH]      9 = BLOWING SNOW
                                                   X = TORNADO
MAX 32 OR BELOW:   0    0.01 INCH OR MORE:   6
MAX 90 OR ABOVE:  25    0.10 INCH OR MORE:   0
MIN 32 OR BELOW:   0    0.50 INCH OR MORE:   0
MIN  0 OR BELOW:   0    1.00 INCH OR MORE:   0

[HDD (BASE 65) ]
TOTAL THIS MO.     0    CLEAR  (SCALE 0-3)  25
DPTR FM NORMAL    -3    PTCLDY (SCALE 4-7)   0
TOTAL FM JUL 1     0    CLOUDY (SCALE 8-10)  0
DPTR FM NORMAL    -3

[CDD (BASE 65) ]
TOTAL THIS MO.   380
DPTR FM NORMAL   142    [PRESSURE DATA]
TOTAL FM JAN 1   543    HIGHEST SLP 30.25 ON 15
DPTR FM NORMAL   155    LOWEST  SLP 29.49 ON 24

[REMARKS]
