000
CXUS53 KUNR 250945
CF6PHP
PRELIMINARY LOCAL CLIMATOLOGICAL DATA (WS FORM: F-6)

                                          STATION:   PHILIP SD
                                          MONTH:     MAY
                                          YEAR:      2017
                                          LATITUDE:   44  3 N
                                          LONGITUDE: 101 36 W

  TEMPERATURE IN F:       :PCPN:    SNOW:  WIND      :SUNSHINE: SKY     :PK WND
================================================================================
1   2   3   4   5  6A  6B    7    8   9   10  11  12  13   14  15   16   17  18
                                     12Z  AVG MX 2MIN
DY MAX MIN AVG DEP HDD CDD  WTR  SNW DPTH SPD SPD DIR MIN PSBL S-S WX    SPD DR
================================================================================

 1  66  29  48  -4  17   0    T    M    M 16.4 40 320   M    M   3        51 330
 2  64  33  49  -3  16   0 0.05    M    M  9.0 21 340   M    M   5 1      25 350
 3  65  33  49  -4  16   0    T    M    M 11.5 25 320   M    M   4        31 320
 4  73  32  53   0  12   0 0.00    M    M  4.7 12 290   M    M   0        14 290
 5  83  37  60   7   5   0 0.00    M    M  4.9 13  60   M    M   0        18 220
 6  85  44  65  11   0   0 0.00    M    M 14.4 28 140   M    M   0        34 140
 7  92  47  70  16   0   5 0.00    M    M  9.6 23 170   M    M   0        27 170
 8  73  50  62   8   3   0    T    M    M 19.3 40 310   M    M   0        54 310
 9  63  48  56   1   9   0 0.01    M    M  6.6 16 190   M    M   9        27 150
10  70  43  57   2   8   0 0.29    M    M  6.4 15  50   M    M   7 1      21  40
11  74  35  55  -1  10   0 0.00    M    M  7.8 18 190   M    M   1        26 200
12  82  52  67  11   0   2 0.00    M    M 12.4 22 190   M    M   0        27 190
13  88  53  71  15   0   6 0.00    M    M 13.8 43 270   M    M   0 3      53 270
14  77  53  65   9   0   0 0.07    M    M 14.5 37 320   M    M   2 3      48 330
15  75  51  63   6   2   0 0.39    M    M  8.9 26  70   M    M   5 13     30  70
16  71  55  63   6   2   0 0.02    M    M  8.2 17 330   M    M   8 13     22  50
17  57  44  51  -7  14   0 0.05    M    M 15.4 22  20   M    M  10 1      29  30
18  57  42  50  -8  15   0 0.00    M    M 16.3 24  50   M    M   8        31  50
19  52  42  47 -11  18   0 0.06    M    M 10.5 20  90   M    M  10 1      25  80
20  58  31  45 -14  20   0    T    M    M  8.4 20  20   M    M   6        23  20
21  71  29  50  -9  15   0 0.01    M    M 10.2 31 310   M    M   2        40 310
22  67  39  53  -6  12   0 0.08    M    M 11.6 30 360   M    M   5 13     40  10
23  64  33  49 -11  16   0 0.00    M    M 14.7 31 360   M    M   5        38 360
24  77  29  53  -7  12   0 0.00    M    M 11.7 25 150   M    M   0        33 150
================================================================================
SM 1704  984       222  13  1.03    M    267.2          M       90
================================================================================
AV 71.0 41.0                              11.1 FASTST   M    M   4    MAX(MPH)
                                 MISC ---->  # 43 270               # 54  310
================================================================================
NOTES:
# LAST OF SEVERAL OCCURRENCES

COLUMN 17 PEAK WIND IN M.P.H.

PRELIMINARY LOCAL CLIMATOLOGICAL DATA (WS FORM: F-6) , PAGE 2

                                          STATION:  PHILIP SD
                                          MONTH:    MAY
                                          YEAR:     2017
                                          LATITUDE:   44  3 N
                                          LONGITUDE: 101 36 W

[TEMPERATURE DATA]      [PRECIPITATION DATA]       SYMBOLS USED IN COLUMN 16

AVERAGE MONTHLY: 56.0   TOTAL FOR MONTH:   1.03    1 = FOG OR MIST
DPTR FM NORMAL:   0.0   DPTR FM NORMAL:   -1.32    2 = FOG REDUCING VISIBILITY
HIGHEST:    92 ON  7    GRTST 24HR  0.43 ON 14-15      TO 1/4 MILE OR LESS
LOWEST:     29 ON 24,21                            3 = THUNDER
                        SNOW, ICE PELLETS, HAIL    4 = ICE PELLETS
                        TOTAL MONTH:    M          5 = HAIL
                        GRTST 24HR    M  ON   M    6 = FREEZING RAIN OR DRIZZLE
                        GRTST DEPTH:  M  ON   M    7 = DUSTSTORM OR SANDSTORM:
                                                       VSBY 1/2 MILE OR LESS
                                                   8 = SMOKE OR HAZE
[NO. OF DAYS WITH]      [WEATHER - DAYS WITH]      9 = BLOWING SNOW
                                                   X = TORNADO
MAX 32 OR BELOW:   0    0.01 INCH OR MORE:  10
MAX 90 OR ABOVE:   1    0.10 INCH OR MORE:   2
MIN 32 OR BELOW:   5    0.50 INCH OR MORE:   0
MIN  0 OR BELOW:   0    1.00 INCH OR MORE:   0

[HDD (BASE 65) ]
TOTAL THIS MO.   222    CLEAR  (SCALE 0-3)  11
DPTR FM NORMAL   -10    PTCLDY (SCALE 4-7)   8
TOTAL FM JUL 1  6614    CLOUDY (SCALE 8-10)  5
DPTR FM NORMAL  -485

[CDD (BASE 65) ]
TOTAL THIS MO.    13
DPTR FM NORMAL    -6    [PRESSURE DATA]
TOTAL FM JAN 1    13    HIGHEST SLP M ON M
DPTR FM NORMAL    -9    LOWEST  SLP 28.96 ON 24

[REMARKS]
