000
CXUS55 KPSR 221005
CF6PHX
PRELIMINARY LOCAL CLIMATOLOGICAL DATA (WS FORM: F-6)

                                          STATION:   PHOENIX AZ
                                          MONTH:     SEPTEMBER
                                          YEAR:      2017
                                          LATITUDE:   33 25 N
                                          LONGITUDE: 112  1 W

  TEMPERATURE IN F:       :PCPN:    SNOW:  WIND      :SUNSHINE: SKY     :PK WND
================================================================================
1   2   3   4   5  6A  6B    7    8   9   10  11  12  13   14  15   16   17  18
                                     12Z  AVG MX 2MIN
DY MAX MIN AVG DEP HDD CDD  WTR  SNW DPTH SPD SPD DIR MIN PSBL S-S WX    SPD DR
================================================================================

 1 110  85  98   6   0  33 0.00  0.0    0  5.3 15 130   M    M   2        20 120
 2 102  84  93   1   0  28 0.00  0.0    0  8.2 20 260   M    M   7 8      24 260
 3 103  83  93   1   0  28 0.00  0.0    0  9.5 21 270   M    M   6        24 270
 4 104  82  93   1   0  28 0.00  0.0    0  9.2 22 350   M    M   5        29 360
 5 108  85  97   5   0  32 0.00  0.0    0  5.1 26  60   M    M   4        32  60
 6 109  86  98   7   0  33 0.00  0.0    0  6.8 18 140   M    M   3        26 200
 7 105  85  95   4   0  30    T  0.0    0  7.9 37  60   M    M   4 378    54  60
 8  98  81  90  -1   0  25 0.00  0.0    0  7.2 25  80   M    M   8        29  70
 9  97  80  89  -2   0  24 0.00  0.0    0  7.2 21 270   M    M   7        26 270
10 105  80  93   3   0  28 0.00  0.0    0  4.6 10 330   M    M   2        16 150
11 108  88  98   8   0  33 0.00  0.0    0  6.1 14 310   M    M   2        22 330
12 110  86  98   8   0  33 0.00  0.0    0  7.1 15 280   M    M   4        18 270
13 108  86  97   7   0  32 0.00  0.0    0  7.4 24 220   M    M   4        29 210
14 101  85  93   4   0  28 0.00  0.0    0 11.4 25 240   M    M   3        34 250
15  98  77  88  -1   0  23 0.00  0.0    0  7.1 17 210   M    M   1        22 210
16  97  74  86  -3   0  21 0.00  0.0    0  5.9 14 180   M    M   1        18 170
17  98  77  88   0   0  23 0.00  0.0    0  5.7 16 170   M    M   3        24 160
18  99  72  86  -2   0  21 0.00  0.0    0  6.7 17 190   M    M   0        21 190
19 100  71  86  -2   0  21 0.00  0.0    0  8.7 18 240   M    M   1        27 210
20  99  72  86  -1   0  21 0.00  0.0    0  8.4 18 180   M    M   1        25 160
21  98  72  85  -2   0  20 0.00  0.0    0 10.2 25 230   M    M   2        30 230
================================================================================
SM 2157 1691         0 565    T      0.0 155.7          M       70
================================================================================
AV102.7 80.5                               7.4 FASTST   M    M   3    MAX(MPH)
                                 MISC ---->  # 37  60               # 54   60
================================================================================
NOTES:
# LAST OF SEVERAL OCCURRENCES

COLUMN 17 PEAK WIND IN M.P.H.

PRELIMINARY LOCAL CLIMATOLOGICAL DATA (WS FORM: F-6) , PAGE 2

                                          STATION:  PHOENIX AZ
                                          MONTH:    SEPTEMBER
                                          YEAR:     2017
                                          LATITUDE:   33 25 N
                                          LONGITUDE: 112  1 W

[TEMPERATURE DATA]      [PRECIPITATION DATA]       SYMBOLS USED IN COLUMN 16

AVERAGE MONTHLY: 91.6   TOTAL FOR MONTH:      T    1 = FOG OR MIST
DPTR FM NORMAL:   1.7   DPTR FM NORMAL:   -0.47    2 = FOG REDUCING VISIBILITY
HIGHEST:   110 ON 12, 1 GRTST 24HR    T  ON  7- 7      TO 1/4 MILE OR LESS
LOWEST:     71 ON 19                               3 = THUNDER
                        SNOW, ICE PELLETS, HAIL    4 = ICE PELLETS
                        TOTAL MONTH:   0.0 INCH    5 = HAIL
                        GRTST 24HR     0.0         6 = FREEZING RAIN OR DRIZZLE
                        GRTST DEPTH:   0           7 = DUSTSTORM OR SANDSTORM:
                                                       VSBY 1/2 MILE OR LESS
                                                   8 = SMOKE OR HAZE
[NO. OF DAYS WITH]      [WEATHER - DAYS WITH]      9 = BLOWING SNOW
                                                   X = TORNADO
MAX 32 OR BELOW:   0    0.01 INCH OR MORE:   0
MAX 90 OR ABOVE:  21    0.10 INCH OR MORE:   0
MIN 32 OR BELOW:   0    0.50 INCH OR MORE:   0
MIN  0 OR BELOW:   0    1.00 INCH OR MORE:   0

[HDD (BASE 65) ]
TOTAL THIS MO.     0    CLEAR  (SCALE 0-3)  12
DPTR FM NORMAL     0    PTCLDY (SCALE 4-7)   9
TOTAL FM JUL 1     0    CLOUDY (SCALE 8-10)  0
DPTR FM NORMAL     0

[CDD (BASE 65) ]
TOTAL THIS MO.   565
DPTR FM NORMAL    41    [PRESSURE DATA]
TOTAL FM JAN 1  4382    HIGHEST SLP M ON M
DPTR FM NORMAL   389    LOWEST  SLP 29.56 ON 21

[REMARKS]
