000
CXUS53 KILX 210900
CF6PIA
PRELIMINARY LOCAL CLIMATOLOGICAL DATA (WS FORM: F-6)

                                          STATION:   PEORIA IL
                                          MONTH:     JULY
                                          YEAR:      2017
                                          LATITUDE:   40 40 N
                                          LONGITUDE:  89 41 W

  TEMPERATURE IN F:       :PCPN:    SNOW:  WIND      :SUNSHINE: SKY     :PK WND
================================================================================
1   2   3   4   5  6A  6B    7    8   9   10  11  12  13   14  15   16   17  18
                                     12Z  AVG MX 2MIN
DY MAX MIN AVG DEP HDD CDD  WTR  SNW DPTH SPD SPD DIR MIN PSBL S-S WX    SPD DR
================================================================================

 1  86  63  75   0   0  10 0.00  0.0    0  5.9 17 280   M    M   1        23 280
 2  91  58  75  -1   0  10 0.00  0.0    0  6.1 16 260   M    M   1        22 300
 3  91  69  80   4   0  15 0.00  0.0    0  5.2 12  80   M    M   2        15 210
 4  90  67  79   3   0  14 0.74  0.0    0  4.0 18 140   M    M   2 13     25 140
 5  86  68  77   1   0  12    T  0.0    0  4.3  9  60   M    M   1 1      13  80
 6  91  69  80   4   0  15 0.00  0.0    0  4.2 12 260   M    M   0 1      17 300
 7  89  70  80   4   0  15 0.00  0.0    0  8.1 18 270   M    M   2        25 260
 8  83  63  73  -3   0   8 0.00  0.0    0  3.8 12 330   M    M   1        16 350
 9  90  63  77   1   0  12 0.00  0.0    0  7.7 16 210   M    M   2        21 220
10  88  69  79   3   0  14 2.15  0.0    0 11.4 25 160   M    M   4 123    33 160
11  87  71  79   3   0  14 0.17  0.0    0  6.8 26 290   M    M   3 13     37 290
12  91  72  82   6   0  17 0.08  0.0    0  9.7 25 280   M    M   1 3      33 270
13  87  70  79   3   0  14 0.01  0.0    0  5.2 14 260   M    M   2        20 260
14  79  63  71  -5   0   6 0.00  0.0    0  5.6 13 360   M    M   1        19 310
15  82  59  71  -5   0   6 0.00  0.0    0  2.1  8 310   M    M   1        12 290
16  87  68  78   2   0  13 0.05  0.0    0  8.2 23 240   M    M   5 13     30 240
17  83  63  73  -3   0   8 0.00  0.0    0  5.4 16  60   M    M   1        20  60
18  91  62  77   1   0  12 0.07  0.0    0  3.5 21 270   M    M   1 13     27 270
19  93  71  82   6   0  17    T  0.0    0  4.3 16  60   M    M   1 1      20  50
20  96  73  85   9   0  20 0.01  0.0    0  7.3 17 230   M    M   2 1      22 210
================================================================================
SM 1761 1331         0 252  3.28     0.0 118.8          M       34
================================================================================
AV 88.1 66.6                               5.9 FASTST   M    M   2    MAX(MPH)
                                 MISC ---->  # 26 290               # 37  290
================================================================================
NOTES:
# LAST OF SEVERAL OCCURRENCES

COLUMN 17 PEAK WIND IN M.P.H.

PRELIMINARY LOCAL CLIMATOLOGICAL DATA (WS FORM: F-6) , PAGE 2

                                          STATION:  PEORIA IL
                                          MONTH:    JULY
                                          YEAR:     2017
                                          LATITUDE:   40 40 N
                                          LONGITUDE:  89 41 W

[TEMPERATURE DATA]      [PRECIPITATION DATA]       SYMBOLS USED IN COLUMN 16

AVERAGE MONTHLY: 77.3   TOTAL FOR MONTH:   3.28    1 = FOG OR MIST
DPTR FM NORMAL:   1.4   DPTR FM NORMAL:    0.75    2 = FOG REDUCING VISIBILITY
HIGHEST:    96 ON 20    GRTST 24HR  2.15 ON 10-10      TO 1/4 MILE OR LESS
LOWEST:     58 ON  2                               3 = THUNDER
                        SNOW, ICE PELLETS, HAIL    4 = ICE PELLETS
                        TOTAL MONTH:   0.0 INCH    5 = HAIL
                        GRTST 24HR     0.0         6 = FREEZING RAIN OR DRIZZLE
                        GRTST DEPTH:   0           7 = DUSTSTORM OR SANDSTORM:
                                                       VSBY 1/2 MILE OR LESS
                                                   8 = SMOKE OR HAZE
[NO. OF DAYS WITH]      [WEATHER - DAYS WITH]      9 = BLOWING SNOW
                                                   X = TORNADO
MAX 32 OR BELOW:   0    0.01 INCH OR MORE:   8
MAX 90 OR ABOVE:   9    0.10 INCH OR MORE:   3
MIN 32 OR BELOW:   0    0.50 INCH OR MORE:   2
MIN  0 OR BELOW:   0    1.00 INCH OR MORE:   1

[HDD (BASE 65) ]
TOTAL THIS MO.     0    CLEAR  (SCALE 0-3)  17
DPTR FM NORMAL     0    PTCLDY (SCALE 4-7)   3
TOTAL FM JUL 1     0    CLOUDY (SCALE 8-10)  0
DPTR FM NORMAL     0

[CDD (BASE 65) ]
TOTAL THIS MO.   252
DPTR FM NORMAL    34    [PRESSURE DATA]
TOTAL FM JAN 1   592    HIGHEST SLP M ON M
DPTR FM NORMAL    71    LOWEST  SLP 29.74 ON 10

[REMARKS]
