000
CXUS55 KPIH 301200
CF6PIH

PRELIMINARY LOCAL CLIMATOLOGICAL DATA (WS FORM: F-6)

                                          STATION:   POCATELLO ID
                                          MONTH:     MAY
                                          YEAR:      2016
                                          LATITUDE:   42 55 N
                                          LONGITUDE: 112 36 W

  TEMPERATURE IN F:       :PCPN:    SNOW:  WIND      :SUNSHINE: SKY     :PK WND
================================================================================
1   2   3   4   5  6A  6B    7    8   9   10  11  12  13   14  15   16   17  18
                                     12Z  AVG MX 2MIN
DY MAX MIN AVG DEP HDD CDD  WTR  SNW DPTH SPD SPD DIR MIN PSBL S-S WX    SPD DR
================================================================================

 1  66  35  51   1  14   0 0.00  0.0    0  7.4 18 110   M    M   2        29 140
 2  67  32  50   0  15   0 0.00  0.0    0  5.2 14 290   M    M   1        17 280
 3  74  32  53   3  12   0 0.00  0.0    0  5.1 13 310   M    M   0        16 310
 4  79  38  59   9   6   0 0.00  0.0    0  7.2 22 180   M    M   1        28 180
 5  83  44  64  13   1   0 0.00  0.0    0  6.4 22 190   M    M   1        27 130
 6  65  48  57   6   8   0 0.15  0.0    0 12.7 25  60   M    M   5        37  60
 7  61  43  52   1  13   0 0.17  0.0    0  5.6 20 190   M    M   6 13     23 180
 8  69  46  58   6   7   0    T  0.0    0 10.6 24 250   M    M   8        29 260
 9  59  38  49  -3  16   0 0.08  0.0    0 22.9 46 260   M    M   4 18     56 250
10  54  35  45  -7  20   0    T  0.0    0  8.6 23  40   M    M   7        27  50
11  60  29  45  -7  20   0 0.00  0.0    0  3.9 10 260   M    M   1        16 310
12  74  34  54   1  11   0 0.00  0.0    0  8.8 20 170   M    M   1        27 200
13  82  39  61   8   4   0 0.00  0.0    0  6.7 18 260   M    M   1        23 220
14  83  42  63  10   2   0 0.03  0.0    0  7.0 25 290   M    M   2 3      31 280
15  65  47  56   2   9   0 0.11  0.0    0 12.1 23 260   M    M   5        29 260
16  62  46  54   0  11   0 0.00  0.0    0  8.2 18 220   M    M   7        23 220
17  72  36  54   0  11   0 0.00  0.0    0  5.8 14 340   M    M   3 1      17 340
18  76  39  58   4   7   0 0.00  0.0    0  7.2 17 260   M    M   1        21 250
19  72  47  60   5   5   0 0.30  0.0    0 13.1 31 300   M    M   4 13     41 300
20  60  46  53  -2  12   0 0.13  0.0    0  8.0 21 220   M    M   9 13     25 250
21  56  40  48  -7  17   0 0.22  0.0    0  8.6 28 160   M    M   5 13     33 280
22  60  33  47  -8  18   0 0.00  0.0    0 12.0 28 240   M    M   3        33 230
23  65  33  49  -7  16   0 0.00  0.0    0  7.6 20 280   M    M   3        28 260
24  66  35  51  -5  14   0 0.07  0.0    0  8.5 28 190   M    M   5 3      34 190
25  66  43  55  -1  10   0 0.02    T    0  8.5 22 230   M    M   7 35     27 240
26  70  35  53  -3  12   0 0.00  0.0    0  6.9 18 240   M    M   2        21 260
27  70  43  57   0   8   0 0.00  0.0    0 14.6 24 230   M    M   2 8      31 240
28  68  39  54  -3  11   0 0.00  0.0    0 11.6 23 260   M    M   0        28 250
29  77  35  56  -1   9   0    T  0.0    0  7.2 29 170   M    M   2        38 180
================================================================================
SM 1981 1132       319   0  1.28    T    258.0          M       98
================================================================================
AV 68.3 39.0                               8.9 FASTST   M    M   3    MAX(MPH)
                                 MISC ---->  # 46 260               # 56  250
================================================================================
NOTES:
# LAST OF SEVERAL OCCURRENCES
SNOWFALL/DEPTH ALWAYS AUGMENTED BY WFO POCATELLO

COLUMN 17 PEAK WIND IN M.P.H.

PRELIMINARY LOCAL CLIMATOLOGICAL DATA (WS FORM: F-6) , PAGE 2

                                          STATION:  POCATELLO ID
                                          MONTH:    MAY
                                          YEAR:     2016
                                          LATITUDE:   42 55 N
                                          LONGITUDE: 112 36 W

[TEMPERATURE DATA]      [PRECIPITATION DATA]       SYMBOLS USED IN COLUMN 16

AVERAGE MONTHLY: 53.7   TOTAL FOR MONTH:   1.28    1 = FOG OR MIST
DPTR FM NORMAL:   0.2   DPTR FM NORMAL:   -0.09    2 = FOG REDUCING VISIBILITY
HIGHEST:    83 ON 14, 5 GRTST 24HR  0.33 ON 20-21      TO 1/4 MILE OR LESS
LOWEST:     29 ON 11                               3 = THUNDER
                        SNOW, ICE PELLETS, HAIL    4 = ICE PELLETS
                        TOTAL MONTH:    T          5 = HAIL
                        GRTST 24HR    T  ON 25-25  6 = FREEZING RAIN OR DRIZZLE
                        GRTST DEPTH:   0           7 = DUSTSTORM OR SANDSTORM:
                                                       VSBY 1/2 MILE OR LESS
                                                   8 = SMOKE OR HAZE
[NO. OF DAYS WITH]      [WEATHER - DAYS WITH]      9 = BLOWING SNOW
                                                   X = TORNADO
MAX 32 OR BELOW:   0    0.01 INCH OR MORE:  10
MAX 90 OR ABOVE:   0    0.10 INCH OR MORE:   6
MIN 32 OR BELOW:   3    0.50 INCH OR MORE:   0
MIN  0 OR BELOW:   0    1.00 INCH OR MORE:   0

[HDD (BASE 65) ]
TOTAL THIS MO.   319    CLEAR  (SCALE 0-3)  16
DPTR FM NORMAL   -18    PTCLDY (SCALE 4-7)  12
TOTAL FM JUL 1  6334    CLOUDY (SCALE 8-10)  1
DPTR FM NORMAL  -697

[CDD (BASE 65) ]
TOTAL THIS MO.     0
DPTR FM NORMAL     0    [PRESSURE DATA]
TOTAL FM JAN 1     0    HIGHEST SLP M ON M
DPTR FM NORMAL     0    LOWEST  SLP 29.52 ON  8

[REMARKS]
