000
CXUS54 KBRO 250900
CF6PIL
PRELIMINARY LOCAL CLIMATOLOGICAL DATA (WS FORM: F-6)

                                          STATION:   BAYVIEW
                                          MONTH:     JULY
                                          YEAR:      2016
                                          LATITUDE:   26 10 N
                                          LONGITUDE:  97 20 W

  TEMPERATURE IN F:       :PCPN:    SNOW:  WIND      :SUNSHINE: SKY     :PK WND
================================================================================
1   2   3   4   5  6A  6B    7    8   9   10  11  12  13   14  15   16   17  18
                                     12Z  AVG MX 2MIN
DY MAX MIN AVG DEP HDD CDD  WTR  SNW DPTH SPD SPD DIR MIN PSBL S-S WX    SPD DR
================================================================================

 1  96  78  87   2   0  22 0.00  0.0    0 12.7 24 150   M    M   1        28 150
 2  94  79  87   2   0  22 0.00  0.0    0 14.9 26 160   M    M   2 1      34 150
 3  95  82  89   4   0  24 0.00  0.0    0 18.1 28 160   M    M   2 18     38 160
 4  96  81  89   4   0  24 0.00  0.0    0 19.5 29 180   M    M   1 1      37 160
 5  94  81  88   3   0  23 0.00  0.0    0 18.0 28 150   M    M   2 1      36 150
 6  94  81  88   3   0  23 0.00  0.0    0 18.1 30 160   M    M   2 8      37 150
 7  94  81  88   3   0  23 0.00  0.0    0 18.2 28 150   M    M   3 18     35 140
 8  94  81  88   3   0  23 0.00  0.0    0 16.4 26 130   M    M   5 18     33 130
 9  95  81  88   3   0  23 0.00  0.0    0 16.2 26 130   M    M   3 18     32 140
10  95  80  88   3   0  23 0.00  0.0    0 18.7 30 150   M    M   1 18     37 150
11  94  80  87   2   0  22 0.00  0.0    0 17.9 28 150   M    M   1 18     36 150
12  95  81  88   3   0  23 0.00  0.0    0 16.2 28 160   M    M   3 1      36 130
13  97  81  89   4   0  24 0.00  0.0    0 16.3 25 160   M    M   2 18     32 140
14  95  81  88   3   0  23 0.00  0.0    0 17.8 28 150   M    M   1 18     37 160
15  96  81  89   4   0  24 0.00  0.0    0 15.3 24 130   M    M   1 18     30 150
16  93  77  85   0   0  20 0.00  0.0    0 12.1 24 110   M    M   1 1      29 110
17  93  79  86   1   0  21 0.00  0.0    0 12.5 23 110   M    M   1        28 110
18  93  79  86   1   0  21 0.00  0.0    0 12.7 22 120   M    M   1        27 110
19  92  79  86   1   0  21 0.00  0.0    0  9.4 20  90   M    M   2        25  90
20  93  80  87   2   0  22 0.00  0.0    0 10.7 18  90   M    M   1        24  80
21  93  77  85   0   0  20 0.00  0.0    0  8.4 18  70   M    M   2        24  80
22  93  77  85   0   0  20 0.00  0.0    0  7.8 16 100   M    M   1        22  90
23  93  78  86   1   0  21 0.00  0.0    0 10.9 22 100   M    M   1        27 120
24  97  81  89   4   0  24 0.00  0.0    0 13.0 24 130   M    M   2        32 130
================================================================================
SM 2264 1916         0 536  0.00     0.0 351.8          M       42
================================================================================
AV 94.3 79.8                              14.7 FASTST   M    M   2    MAX(MPH)
                                 MISC ---->  # 30 160               # 38  160
================================================================================
NOTES:
# LAST OF SEVERAL OCCURRENCES

COLUMN 17 PEAK WIND IN M.P.H.

PRELIMINARY LOCAL CLIMATOLOGICAL DATA (WS FORM: F-6) , PAGE 2

                                          STATION:  BAYVIEW
                                          MONTH:    JULY
                                          YEAR:     2016
                                          LATITUDE:   26 10 N
                                          LONGITUDE:  97 20 W

[TEMPERATURE DATA]      [PRECIPITATION DATA]       SYMBOLS USED IN COLUMN 16

AVERAGE MONTHLY: 87.1   TOTAL FOR MONTH:   0.00    1 = FOG OR MIST
DPTR FM NORMAL:   2.1   DPTR FM NORMAL:   -1.92    2 = FOG REDUCING VISIBILITY
HIGHEST:    97 ON 24,13 GRTST 24HR  0.30 ON 30- 1      TO 1/4 MILE OR LESS
LOWEST:     77 ON 22,21                            3 = THUNDER
                        SNOW, ICE PELLETS, HAIL    4 = ICE PELLETS
                        TOTAL MONTH:   0.0 INCH    5 = HAIL
                        GRTST 24HR     0.0         6 = FREEZING RAIN OR DRIZZLE
                        GRTST DEPTH:   0           7 = DUSTSTORM OR SANDSTORM:
                                                       VSBY 1/2 MILE OR LESS
                                                   8 = SMOKE OR HAZE
[NO. OF DAYS WITH]      [WEATHER - DAYS WITH]      9 = BLOWING SNOW
                                                   X = TORNADO
MAX 32 OR BELOW:   0    0.01 INCH OR MORE:   0
MAX 90 OR ABOVE:  24    0.10 INCH OR MORE:   0
MIN 32 OR BELOW:   0    0.50 INCH OR MORE:   0
MIN  0 OR BELOW:   0    1.00 INCH OR MORE:   0

[HDD (BASE 65) ]
TOTAL THIS MO.     0    CLEAR  (SCALE 0-3)  21
DPTR FM NORMAL     0    PTCLDY (SCALE 4-7)   3
TOTAL FM JUL 1     0    CLOUDY (SCALE 8-10)  0
DPTR FM NORMAL     0

[CDD (BASE 65) ]
TOTAL THIS MO.   536
DPTR FM NORMAL    56    [PRESSURE DATA]
TOTAL FM JAN 1  2310    HIGHEST SLP M ON M
DPTR FM NORMAL   198    LOWEST  SLP 29.85 ON 24

[REMARKS]
