000
CXUS55 KABR 201400
CF6PIR
PRELIMINARY LOCAL CLIMATOLOGICAL DATA (WS FORM: F-6)

                                          STATION:   PIERRE SD
                                          MONTH:     FEBRUARY
                                          YEAR:      2018
                                          LATITUDE:   44 22 N
                                          LONGITUDE: 100 17 W

  TEMPERATURE IN F:       :PCPN:    SNOW:  WIND      :SUNSHINE: SKY     :PK WND
================================================================================
1   2   3   4   5  6A  6B    7    8   9   10  11  12  13   14  15   16   17  18
                                     12Z  AVG MX 2MIN
DY MAX MIN AVG DEP HDD CDD  WTR  SNW DPTH SPD SPD DIR MIN PSBL S-S WX    SPD DR
================================================================================

 1  15  -1   7 -14  58   0 0.00  0.0    0  9.7 20 340   M    M   0        24 340
 2  32   4  18  -3  47   0 0.00  0.0    0  5.4 14 130   M    M   5        16 130
 3  31   1  16  -6  49   0 0.05  0.3    T 12.4 26  10   M    M   9 1      31 360
 4  10  -4   3 -19  62   0 0.01    T    T 11.8 21 350   M    M   3 18     25 340
 5  13  -8   3 -19  62   0 0.03  0.3    T 12.4 24 340   M    M   5 1      29 350
 6  21  -8   7 -15  58   0 0.00  0.0    T 10.7 29 320   M    M   6        36 320
 7  15  -3   6 -16  59   0 0.02  0.3    T  9.2 20 320   M    M   5 1      22 330
 8  15   5  10 -12  55   0 0.40  4.3    1 10.6 23  60   M    M   9 12     28  70
 9   5  -4   1 -22  64   0 0.06  0.5    5  9.5 15  10   M    M   8 1      17  10
10   7 -12  -2 -25  67   0 0.00  0.0    5  8.9 16 280   M    M   0        17 280
11  17  -6   6 -17  59   0    T    T    5  8.1 17 260   M    M   3        19 260
12  12  -6   3 -20  62   0    T    T    5 12.5 22 140   M    M   9 1      26 140
13  26   7  17  -7  48   0 0.00  0.0    5  8.2 21 150   M    M   1 1      23 160
14  40   3  22  -2  43   0 0.00  0.0    4  6.2 15 320   M    M   5 128    18 270
15  31   3  17  -7  48   0 0.12  1.2    3 15.6 31 350   M    M   6 19     37 350
16  36 -10  13 -11  52   0 0.00  0.0    4  5.7 15 250   M    M   1        18 240
17  29  10  20  -5  45   0    T    T    4 11.6 22 100   M    M   4 1      26 110
18  30  10  20  -5  45   0 0.10  1.8    4 18.0 29 340   M    M   7 19     34 340
19  10   4   7 -18  58   0    M    M    6 17.3 32 360   M    M  10 1      39  10
================================================================================
SM  395  -15      1041   0  0.79     8.7 203.8          M       96
================================================================================
AV 20.8 -0.8                              10.7 FASTST   M    M   5    MAX(MPH)
                                 MISC ---->  # 32 360               # 39   10
================================================================================
NOTES:
# LAST OF SEVERAL OCCURRENCES

COLUMN 17 PEAK WIND IN M.P.H.

PRELIMINARY LOCAL CLIMATOLOGICAL DATA (WS FORM: F-6) , PAGE 2

                                          STATION:  PIERRE SD
                                          MONTH:    FEBRUARY
                                          YEAR:     2018
                                          LATITUDE:   44 22 N
                                          LONGITUDE: 100 17 W

[TEMPERATURE DATA]      [PRECIPITATION DATA]       SYMBOLS USED IN COLUMN 16

AVERAGE MONTHLY: 10.0   TOTAL FOR MONTH:   0.79    1 = FOG OR MIST
DPTR FM NORMAL: -13.0   DPTR FM NORMAL:    0.44    2 = FOG REDUCING VISIBILITY
HIGHEST:    40 ON 14    GRTST 24HR  0.40 ON  8- 8      TO 1/4 MILE OR LESS
LOWEST:    -12 ON 10                               3 = THUNDER
                        SNOW, ICE PELLETS, HAIL    4 = ICE PELLETS
                        TOTAL MONTH:   8.7 INCHES  5 = HAIL
                        GRTST 24HR   4.3 ON  8- 8  6 = FREEZING RAIN OR DRIZZLE
                        GRTST DEPTH:   6 ON 19     7 = DUSTSTORM OR SANDSTORM:
                                                       VSBY 1/2 MILE OR LESS
                                                   8 = SMOKE OR HAZE
[NO. OF DAYS WITH]      [WEATHER - DAYS WITH]      9 = BLOWING SNOW
                                                   X = TORNADO
MAX 32 OR BELOW:  17    0.01 INCH OR MORE:   8
MAX 90 OR ABOVE:   0    0.10 INCH OR MORE:   3
MIN 32 OR BELOW:  19    0.50 INCH OR MORE:   0
MIN  0 OR BELOW:  10    1.00 INCH OR MORE:   0

[HDD (BASE 65) ]
TOTAL THIS MO.  1041    CLEAR  (SCALE 0-3)   6
DPTR FM NORMAL   244    PTCLDY (SCALE 4-7)   8
TOTAL FM JUL 1  5184    CLOUDY (SCALE 8-10)  5
DPTR FM NORMAL    27

[CDD (BASE 65) ]
TOTAL THIS MO.     0
DPTR FM NORMAL     0    [PRESSURE DATA]
TOTAL FM JAN 1     0    HIGHEST SLP M ON M
DPTR FM NORMAL     0    LOWEST  SLP 29.56 ON 18

[REMARKS]
