000
CXUS55 KABR 221400
CF6PIR
PRELIMINARY LOCAL CLIMATOLOGICAL DATA (WS FORM: F-6)

                                          STATION:   PIERRE SD
                                          MONTH:     APRIL
                                          YEAR:      2017
                                          LATITUDE:   44 22 N
                                          LONGITUDE: 100 17 W

  TEMPERATURE IN F:       :PCPN:    SNOW:  WIND      :SUNSHINE: SKY     :PK WND
================================================================================
1   2   3   4   5  6A  6B    7    8   9   10  11  12  13   14  15   16   17  18
                                     12Z  AVG MX 2MIN
DY MAX MIN AVG DEP HDD CDD  WTR  SNW DPTH SPD SPD DIR MIN PSBL S-S WX    SPD DR
================================================================================

 1  64  36  50   9  15   0 0.00  0.0    0  9.3 22 160   M    M   2        27 170
 2  67  32  50   9  15   0 0.00  0.0    0 10.4 24 360   M    M   3        30 350
 3  55  39  47   5  18   0 0.00  0.0    0  9.6 20  30   M    M   7        25  30
 4  58  32  45   3  20   0 0.00  0.0    0 10.0 26 310   M    M   1        30 310
 5  58  29  44   2  21   0    T  0.0    0 10.5 26 350   M    M   3        31 350
 6  57  23  40  -3  25   0 0.00  0.0    0  9.2 21 150   M    M   0        26 140
 7  81  41  61  18   4   0 0.00  0.0    0 17.1 28 170   M    M   0        32 160
 8  77  54  66  22   0   1 0.24  0.0    0 13.5 33 310   M    M   1 3      39 320
 9  55  37  46   2  19   0 0.71  0.0    0 11.6 37  50   M    M   6 1      43  50
10  48  28  38  -7  27   0 0.03    T    0 14.0 30  40   M    M   6 16     36  40
11  62  23  43  -2  22   0 0.00  0.0    0  5.8 20 170   M    M   0        25 150
12  64  39  52   6  13   0 0.00  0.0    0 10.2 25  80   M    M   4 1      32  60
13  57  31  44  -2  21   0 0.00  0.0    0 13.4 28 120   M    M   5 12     32 120
14  77  48  63  17   2   0    T  0.0    0 13.7 26 170   M    M   3 1      33 160
15  67  39  53   6  12   0 0.03  0.0    0 11.6 28 330   M    M   4 3      40 310
16  66  31  49   2  16   0    T  0.0    0  9.3 22 280   M    M   3        27 270
17  62  28  45  -3  20   0 0.05  0.0    0 15.6 25 150   M    M   1 3      32 140
18  61  45  53   5  12   0 0.02  0.0    0 14.7 29 280   M    M   3 3      40 280
19  47  41  44  -4  21   0 0.65  0.0    0 11.5 24 100   M    M   9 1      30  90
20  60  38  49   0  16   0 0.00  0.0    0  8.6 21 300   M    M   6        25 300
21  62  31  47  -2  18   0 0.00  0.0    0  5.1 16 120   M    M   0        23 130
================================================================================
SM 1305  745       337   1  1.73    T    234.7          M       67
================================================================================
AV 62.1 35.5                              11.2 FASTST   M    M   3    MAX(MPH)
                                 MISC ---->  # 37  50               # 43   50
================================================================================
NOTES:
# LAST OF SEVERAL OCCURRENCES

COLUMN 17 PEAK WIND IN M.P.H.

PRELIMINARY LOCAL CLIMATOLOGICAL DATA (WS FORM: F-6) , PAGE 2

                                          STATION:  PIERRE SD
                                          MONTH:    APRIL
                                          YEAR:     2017
                                          LATITUDE:   44 22 N
                                          LONGITUDE: 100 17 W

[TEMPERATURE DATA]      [PRECIPITATION DATA]       SYMBOLS USED IN COLUMN 16

AVERAGE MONTHLY: 48.8   TOTAL FOR MONTH:   1.73    1 = FOG OR MIST
DPTR FM NORMAL:   3.8   DPTR FM NORMAL:    0.58    2 = FOG REDUCING VISIBILITY
HIGHEST:    81 ON  7    GRTST 24HR  0.71 ON  9- 9      TO 1/4 MILE OR LESS
LOWEST:     23 ON 11, 6                            3 = THUNDER
                        SNOW, ICE PELLETS, HAIL    4 = ICE PELLETS
                        TOTAL MONTH:    T          5 = HAIL
                        GRTST 24HR    T  ON 10-10  6 = FREEZING RAIN OR DRIZZLE
                        GRTST DEPTH:   0           7 = DUSTSTORM OR SANDSTORM:
                                                       VSBY 1/2 MILE OR LESS
                                                   8 = SMOKE OR HAZE
[NO. OF DAYS WITH]      [WEATHER - DAYS WITH]      9 = BLOWING SNOW
                                                   X = TORNADO
MAX 32 OR BELOW:   0    0.01 INCH OR MORE:   7
MAX 90 OR ABOVE:   0    0.10 INCH OR MORE:   3
MIN 32 OR BELOW:  10    0.50 INCH OR MORE:   2
MIN  0 OR BELOW:   0    1.00 INCH OR MORE:   0

[HDD (BASE 65) ]
TOTAL THIS MO.   337    CLEAR  (SCALE 0-3)  12
DPTR FM NORMAL   -83    PTCLDY (SCALE 4-7)   8
TOTAL FM JUL 1  6363    CLOUDY (SCALE 8-10)  1
DPTR FM NORMAL  -502

[CDD (BASE 65) ]
TOTAL THIS MO.     1
DPTR FM NORMAL     1    [PRESSURE DATA]
TOTAL FM JAN 1     1    HIGHEST SLP M ON M
DPTR FM NORMAL     1    LOWEST  SLP 29.44 ON  8

[REMARKS]
