000
CXUS55 KABR 241400
CF6PIR
PRELIMINARY LOCAL CLIMATOLOGICAL DATA (WS FORM: F-6)

                                          STATION:   PIERRE SD
                                          MONTH:     MAY
                                          YEAR:      2017
                                          LATITUDE:   44 22 N
                                          LONGITUDE: 100 17 W

  TEMPERATURE IN F:       :PCPN:    SNOW:  WIND      :SUNSHINE: SKY     :PK WND
================================================================================
1   2   3   4   5  6A  6B    7    8   9   10  11  12  13   14  15   16   17  18
                                     12Z  AVG MX 2MIN
DY MAX MIN AVG DEP HDD CDD  WTR  SNW DPTH SPD SPD DIR MIN PSBL S-S WX    SPD DR
================================================================================

 1  65  33  49  -4  16   0 0.09  0.0    0 12.7 31 280   M    M   3        36 280
 2  64  39  52  -2  13   0 0.01  0.0    0 11.3 22 300   M    M   3        26 290
 3  66  41  54   0  11   0 0.00  0.0    0 12.6 26 310   M    M   5        34 300
 4  71  35  53  -1  12   0 0.00  0.0    0  6.1 14 310   M    M   0        19 330
 5  83  41  62   7   3   0 0.00  0.0    0  6.4 15 310   M    M   0        19 330
 6  82  41  62   7   3   0 0.00  0.0    0 12.5 24 120   M    M   0        30 120
 7  92  56  74  19   0   9 0.00  0.0    0 18.6 31 160   M    M   0        38 180
 8  73  49  61   5   4   0 0.06  0.0    0 19.2 40 320   M    M   0 3      50 320
 9  61  45  53  -3  12   0    T  0.0    0  5.1 15  40   M    M   7        18  30
10  72  46  59   3   6   0 0.13  0.0    0  8.6 18  10   M    M   5 1      23 340
11  73  38  56   0   9   0 0.00  0.0    0  5.9 12 180   M    M   3        15 180
12  82  52  67  10   0   2 0.00  0.0    0 12.8 22 180   M    M   0        26 180
13  85  53  69  12   0   4 0.00  0.0    0 16.8 30 180   M    M   0        39 160
14  79  59  69  12   0   4 0.03  0.0    0 14.9 25 340   M    M   1 3      30 310
15  76  51  64   6   1   0 0.27  0.0    0 10.9 29  90   M    M   3 1      38  90
16  73  57  65   7   0   0 0.14  0.0    0 11.8 28 340   M    M   4 13     34 270
17  58  49  54  -4  11   0    T  0.0    0 20.2 32  30   M    M   9        39  40
18  63  40  52  -7  13   0 0.00  0.0    0 17.4 26 360   M    M   5        32 360
19  57  42  50  -9  15   0 0.19  0.0    0  9.6 18  20   M    M  10 1      23  30
20  50  34  42 -17  23   0    T  0.0    0 11.2 22  30   M    M   9        26  30
21  71  34  53  -7  12   0    T  0.0    0 11.2 26 300   M    M   1        34 300
22  62  44  53  -7  12   0 0.12  0.0    0 12.8 25  30   M    M   7 1      30  10
23  60  39  50 -10  15   0    T  0.0    0 15.0 28 360   M    M   9        35  10
================================================================================
SM 1618 1018       191  19  1.04     0.0 283.6          M       84
================================================================================
AV 70.4 44.3                              12.3 FASTST   M    M   4    MAX(MPH)
                                 MISC ---->  # 40 320               # 50  320
================================================================================
NOTES:
# LAST OF SEVERAL OCCURRENCES

COLUMN 17 PEAK WIND IN M.P.H.

PRELIMINARY LOCAL CLIMATOLOGICAL DATA (WS FORM: F-6) , PAGE 2

                                          STATION:  PIERRE SD
                                          MONTH:    MAY
                                          YEAR:     2017
                                          LATITUDE:   44 22 N
                                          LONGITUDE: 100 17 W

[TEMPERATURE DATA]      [PRECIPITATION DATA]       SYMBOLS USED IN COLUMN 16

AVERAGE MONTHLY: 57.3   TOTAL FOR MONTH:   1.04    1 = FOG OR MIST
DPTR FM NORMAL:   0.5   DPTR FM NORMAL:   -1.20    2 = FOG REDUCING VISIBILITY
HIGHEST:    92 ON  7    GRTST 24HR  0.27 ON 15-15      TO 1/4 MILE OR LESS
LOWEST:     33 ON  1                               3 = THUNDER
                        SNOW, ICE PELLETS, HAIL    4 = ICE PELLETS
                        TOTAL MONTH:   0.0 INCH    5 = HAIL
                        GRTST 24HR     0.0         6 = FREEZING RAIN OR DRIZZLE
                        GRTST DEPTH:   0           7 = DUSTSTORM OR SANDSTORM:
                                                       VSBY 1/2 MILE OR LESS
                                                   8 = SMOKE OR HAZE
[NO. OF DAYS WITH]      [WEATHER - DAYS WITH]      9 = BLOWING SNOW
                                                   X = TORNADO
MAX 32 OR BELOW:   0    0.01 INCH OR MORE:   9
MAX 90 OR ABOVE:   1    0.10 INCH OR MORE:   5
MIN 32 OR BELOW:   0    0.50 INCH OR MORE:   0
MIN  0 OR BELOW:   0    1.00 INCH OR MORE:   0

[HDD (BASE 65) ]
TOTAL THIS MO.   191    CLEAR  (SCALE 0-3)  11
DPTR FM NORMAL   -16    PTCLDY (SCALE 4-7)   8
TOTAL FM JUL 1  6744    CLOUDY (SCALE 8-10)  4
DPTR FM NORMAL  -453

[CDD (BASE 65) ]
TOTAL THIS MO.    19
DPTR FM NORMAL    -2    [PRESSURE DATA]
TOTAL FM JAN 1    20    HIGHEST SLP M ON M
DPTR FM NORMAL    -5    LOWEST  SLP 29.47 ON 16

[REMARKS]
