000
CXUS55 KLOX 301155
CF6PMD
PRELIMINARY LOCAL CLIMATOLOGICAL DATA (WS FORM: F-6)

                                          STATION:   PALMDALE AIRPORT CA
                                          MONTH:     JUNE
                                          YEAR:      2015
                                          LATITUDE:   34 37 N
                                          LONGITUDE: 118  5 W

  TEMPERATURE IN F:       :PCPN:    SNOW:  WIND      :SUNSHINE: SKY     :PK WND
================================================================================
1   2   3   4   5  6A  6B    7    8   9   10  11  12  13   14  15   16   17  18
                                     12Z  AVG MX 2MIN
DY MAX MIN AVG DEP HDD CDD  WTR  SNW DPTH SPD SPD DIR MIN PSBL S-S WX    SPD DR
================================================================================

 1  86  61  74   2   0   9 0.00  0.0    0 18.0 28 240   M    M   0        35 250
 2  84  58  71  -1   0   6 0.00  0.0    0 13.3 23 250   M    M   0        28 280
 3  79  61  70  -2   0   5 0.00  0.0    0 17.8 28 240   M    M   0        33 240
 4  75  56  66  -6   0   1 0.00  0.0    0 18.0 33 220   M    M   0        39 220
 5  80  50  65  -8   0   0 0.00  0.0    0 14.3 26 240   M    M   0        32 240
 6  88  56  72  -1   0   7    T  0.0    0 10.6 37 360   M    M   0 3      45 360
 7  93  58  76   3   0  11 0.00  0.0    0  5.8 18  60   M    M   0        22  70
 8  99  60  80   7   0  15 0.00  0.0    0  8.3 25 260   M    M   0 8      30 270
 9  84  67  76   3   0  11 0.01  0.0    M  8.9 25 280   M    M   7        30 280
10  85  67  76   2   0  11 0.00  0.0    0 16.9 29 240   M    M   2        33 220
11  93  63  78   4   0  13 0.00  0.0    0  7.5 18 240   M    M   0        35 210
12  97  66  82   8   0  17 0.01  0.0    0  8.7 28 310   M    M   1 3      34 320
13 100  70  85  11   0  20 0.00  0.0    0 12.1 25 230   M    M   0        30 230
14 101  70  86  12   0  21 0.00  0.0    0 12.1 25 250   M    M   0        35 220
15 100  65  83   8   0  18 0.00  0.0    0 13.0 26 260   M    M   0        32 250
16  99  62  81   6   0  16 0.00  0.0    0 12.2 23 240   M    M   0        31 260
17  99  63  81   6   0  16 0.00  0.0    0 14.4 28 240   M    M   0        32 250
18 101  71  86  10   0  21 0.00  0.0    0 15.7 25 280   M    M   0        32 230
19 102  63  83   7   0  18 0.00  0.0    0 10.7 23 290   M    M   0        35 250
20 105  59  82   6   0  17 0.00  0.0    0 11.3 25 250   M    M   0        31 220
21 100  70  85   9   0  20 0.00  0.0    0 12.7 22 240   M    M   0        29 230
22  98  62  80   4   0  15 0.00  0.0    0 11.4 22 270   M    M   0        27 220
23  96  64  80   3   0  15 0.00  0.0    0 11.5 24 250   M    M   0        29 250
24  97  63  80   3   0  15 0.00  0.0    0  7.8 24 260   M    M   0        29 260
25 101  61  81   4   0  16 0.00  0.0    0  8.6 24 240   M    M   0        28 260
26 103  66  85   8   0  20 0.00  0.0    0  9.2 25 260   M    M   0        31 270
27  98  79  89  11   0  24 0.00  0.0    0 11.3 25 280   M    M   0        29 230
28  98  80  89  11   0  24 0.00  0.0    0  8.4 17 250   M    M   1        21 240
29  99  73  86   8   0  21    T  0.0    0  8.5 24 260   M    M   1        29 160
================================================================================
SM 2740 1864         0 423  0.02     0.0 339.0          M       12
================================================================================
AV 94.5 64.3                              11.7 FASTST   M    M   0    MAX(MPH)
                                 MISC ---->  # 37 360               # 45  360
================================================================================
NOTES:
# LAST OF SEVERAL OCCURRENCES

COLUMN 17 PEAK WIND IN M.P.H.

PRELIMINARY LOCAL CLIMATOLOGICAL DATA (WS FORM: F-6) , PAGE 2

                                          STATION:  PALMDALE AIRPORT CA
                                          MONTH:    JUNE
                                          YEAR:     2015
                                          LATITUDE:   34 37 N
                                          LONGITUDE: 118  5 W

[TEMPERATURE DATA]      [PRECIPITATION DATA]       SYMBOLS USED IN COLUMN 16

AVERAGE MONTHLY: 79.4   TOTAL FOR MONTH:   0.02    1 = FOG OR MIST
DPTR FM NORMAL:   4.6   DPTR FM NORMAL:   -0.07    2 = FOG REDUCING VISIBILITY
HIGHEST:   105 ON 20    GRTST 24HR  0.01 ON 12-12      TO 1/4 MILE OR LESS
LOWEST:     50 ON  5                               3 = THUNDER
                        SNOW, ICE PELLETS, HAIL    4 = ICE PELLETS
                        TOTAL MONTH:   0.0 INCH    5 = HAIL
                        GRTST 24HR     0.0         6 = FREEZING RAIN OR DRIZZLE
                        GRTST DEPTH:   0           7 = DUSTSTORM OR SANDSTORM:
                                                       VSBY 1/2 MILE OR LESS
                                                   8 = SMOKE OR HAZE
[NO. OF DAYS WITH]      [WEATHER - DAYS WITH]      9 = BLOWING SNOW
                                                   X = TORNADO
MAX 32 OR BELOW:   0    0.01 INCH OR MORE:   2
MAX 90 OR ABOVE:  21    0.10 INCH OR MORE:   0
MIN 32 OR BELOW:   0    0.50 INCH OR MORE:   0
MIN  0 OR BELOW:   0    1.00 INCH OR MORE:   0

[HDD (BASE 65) ]
TOTAL THIS MO.     0    CLEAR  (SCALE 0-3)  28
DPTR FM NORMAL    -6    PTCLDY (SCALE 4-7)   1
TOTAL FM JUL 1  2099    CLOUDY (SCALE 8-10)  0
DPTR FM NORMAL  -825

[CDD (BASE 65) ]
TOTAL THIS MO.   423
DPTR FM NORMAL   131    [PRESSURE DATA]
TOTAL FM JAN 1   548    HIGHEST SLP M ON M
DPTR FM NORMAL    86    LOWEST  SLP 29.70 ON 14

[REMARKS]
