000
CXUS52 KMFL 271000
CF6PMP
PRELIMINARY LOCAL CLIMATOLOGICAL DATA (WS FORM: F-6)

                                          STATION:   POMPANO BEACH ARPK
                                          MONTH:     JULY
                                          YEAR:      2017
                                          LATITUDE:   26 14 N
                                          LONGITUDE:  80  7 W

  TEMPERATURE IN F:       :PCPN:    SNOW:  WIND      :SUNSHINE: SKY     :PK WND
================================================================================
1   2   3   4   5  6A  6B    7    8   9   10  11  12  13   14  15   16   17  18
                                     12Z  AVG MX 2MIN
DY MAX MIN AVG DEP HDD CDD  WTR  SNW DPTH SPD SPD DIR MIN PSBL S-S WX    SPD DR
================================================================================

 1  91  83  87   5   0  22 0.00  0.0    0 10.6 17 130   M    M   3        22 120
 2  90  78  84   2   0  19 0.12  0.0    0  7.8 15 130   M    M   3 3      19 140
 3  91  83  87   5   0  22 0.00  0.0    0 11.1 15 130   M    M   3        19 130
 4  90  83  87   5   0  22 0.05  0.0    0  9.0 20 130   M    M   2 38     22 140
 5  91  83  87   5   0  22 0.00  0.0    0 10.2 15 110   M    M   2        22 100
 6  91  83  87   5   0  22 0.00  0.0    0  9.6 14  90   M    M   2        17 140
 7  92  83  88   6   0  23 0.00  0.0    0  8.3 15 140   M    M   2 3      19 130
 8  92  82  87   5   0  22 0.00  0.0    0  5.8 15 140   M    M   2 3      19 250
 9  92  81  87   5   0  22 0.00  0.0    0  8.1 17 120   M    M   3 3      23 120
10  92  79  86   3   0  21 0.07  0.0    0  8.3 20 160   M    M   4 13     27 150
11  92  83  88   5   0  23 0.00  0.0    0  9.9 16 130   M    M   2        22  90
12  92  77  85   2   0  20 0.75  0.0    0 10.0 18  90   M    M   4 13     24  90
13  90  79  85   2   0  20 0.10  0.0    0 13.3 22  90   M    M   4 3      32 100
14  91  78  85   2   0  20 1.28  0.0    0  9.8 23 120   M    M   4 138    29 140
15  91  83  87   4   0  22 0.00  0.0    0  8.4 16  90   M    M   3        22 110
16  89  78  84   1   0  19 0.52  0.0    0  5.6 21 150   M    M   4 138    29 150
17  90  80  85   2   0  20 0.28  0.0    0  5.1 21 140   M    M   2 3      28 190
18  90  79  85   2   0  20 0.00  0.0    0  4.4 16 240   M    M   2 3      20 240
19  92  80  86   3   0  21    T  0.0    0  4.8 16 140   M    M   1 3      20 140
20  91  82  87   4   0  22 0.01  0.0    0  5.4 20 120   M    M   2 38     25 110
21  90  75  83   0   0  18 1.06  0.0    0  3.3 32 250   M    M   3 13     41 250
22  90  75  83   0   0  18 0.00  0.0    0  5.4 14 140   M    M   3 13     18 130
23  90  83  87   4   0  22    T  0.0    0  8.8 17 130   M    M   3        21 140
24  91  81  86   3   0  21 0.00  0.0    0  6.9 16 130   M    M   2 3      19 160
25  93  82  88   5   0  23 0.00  0.0    0  6.1 14 130   M    M   2 3      18 130
26  91  84  88   5   0  23    T  0.0    0  8.8 15 130   M    M   3 3      19 130
================================================================================
SM 2365 2097         0 549  4.24     0.0 204.8          M       70
================================================================================
AV 91.0 80.7                               7.9 FASTST   M    M   3    MAX(MPH)
                                 MISC ---->  # 32 250               # 41  250
================================================================================
NOTES:
# LAST OF SEVERAL OCCURRENCES

COLUMN 17 PEAK WIND IN M.P.H.

PRELIMINARY LOCAL CLIMATOLOGICAL DATA (WS FORM: F-6) , PAGE 2

                                          STATION:  POMPANO BEACH ARPK
                                          MONTH:    JULY
                                          YEAR:     2017
                                          LATITUDE:   26 14 N
                                          LONGITUDE:  80  7 W

[TEMPERATURE DATA]      [PRECIPITATION DATA]       SYMBOLS USED IN COLUMN 16

AVERAGE MONTHLY: 85.8   TOTAL FOR MONTH:   4.24    1 = FOG OR MIST
DPTR FM NORMAL:   3.2   DPTR FM NORMAL:   -0.95    2 = FOG REDUCING VISIBILITY
HIGHEST:    93 ON 25    GRTST 24HR  1.28 ON 14-14      TO 1/4 MILE OR LESS
LOWEST:     75 ON 22,21                            3 = THUNDER
                        SNOW, ICE PELLETS, HAIL    4 = ICE PELLETS
                        TOTAL MONTH:   0.0 INCH    5 = HAIL
                        GRTST 24HR     0.0         6 = FREEZING RAIN OR DRIZZLE
                        GRTST DEPTH:   0           7 = DUSTSTORM OR SANDSTORM:
                                                       VSBY 1/2 MILE OR LESS
                                                   8 = SMOKE OR HAZE
[NO. OF DAYS WITH]      [WEATHER - DAYS WITH]      9 = BLOWING SNOW
                                                   X = TORNADO
MAX 32 OR BELOW:   0    0.01 INCH OR MORE:  10
MAX 90 OR ABOVE:  25    0.10 INCH OR MORE:   7
MIN 32 OR BELOW:   0    0.50 INCH OR MORE:   4
MIN  0 OR BELOW:   0    1.00 INCH OR MORE:   2

[HDD (BASE 65) ]
TOTAL THIS MO.     0    CLEAR  (SCALE 0-3)  18
DPTR FM NORMAL     0    PTCLDY (SCALE 4-7)   8
TOTAL FM JUL 1     0    CLOUDY (SCALE 8-10)  0
DPTR FM NORMAL     0

[CDD (BASE 65) ]
TOTAL THIS MO.   549
DPTR FM NORMAL    89    [PRESSURE DATA]
TOTAL FM JAN 1  2674    HIGHEST SLP M ON M
DPTR FM NORMAL   528    LOWEST  SLP 29.94 ON 16

[REMARKS]
