000
CXUS55 KPAH 280635
CF6POF
PRELIMINARY LOCAL CLIMATOLOGICAL DATA (WS FORM: F-6)

                                          STATION:   POPLAR BLUFF MO
                                          MONTH:     MAY
                                          YEAR:      2017
                                          LATITUDE:   36 46 N
                                          LONGITUDE:  90 19 W

  TEMPERATURE IN F:       :PCPN:    SNOW:  WIND      :SUNSHINE: SKY     :PK WND
================================================================================
1   2   3   4   5  6A  6B    7    8   9   10  11  12  13   14  15   16   17  18
                                     12Z  AVG MX 2MIN
DY MAX MIN AVG DEP HDD CDD  WTR  SNW DPTH SPD SPD DIR MIN PSBL S-S WX    SPD DR
================================================================================

 1  58  51  55  -8  10   0 0.00  0.0    0 13.9 24 250   M    M   6        34 220
 2  79  49  64   0   1   0 0.00  0.0    0  7.5 18 280   M    M   0        27 290
 3  63  51  57  -7   8   0 0.19  0.0    0 10.1 20  80   M    M   6 1      28  80
 4  51  48  50 -14  15   0 1.18  0.0    0 16.1 28 350   M    M  10 1      38 360
 5  69  50  60  -4   5   0    T  0.0    0 15.6 32 350   M    M   2        38 340
 6  81  47  64  -1   1   0 0.00  0.0    0  9.2 26 320   M    M   0        35 300
 7  74  47  61  -4   4   0 0.00  0.0    0  4.4 14 190   M    M   0        19 200
 8  82  52  67   2   0   2 0.00  0.0    0  5.6 16 210   M    M   2        20 220
 9  83  57  70   4   0   5 0.00  0.0    0  7.1 17 220   M    M   0 1      23 210
10  84  62  73   7   0   8 0.00  0.0    0  8.3 17 210   M    M   0 1      23 190
11  86  65  76  10   0  11 0.15  0.0    0  7.1 20 300   M    M   3 1      27 300
12  70  57  64  -2   1   0 0.54  0.0    0  8.5 16  20   M    M   8 1      21  20
13  78  53  66  -1   0   1 0.00  0.0    0  5.0 15  20   M    M   0        19  60
14  79  54  67   0   0   2 0.00  0.0    0  4.1 14 210   M    M   0        19 170
15  82  55  69   2   0   4 0.00  0.0    0  4.6 14 220   M    M   0 1      19 220
16  85  59  72   4   0   7 0.00  0.0    0  9.0 23 210   M    M   2 1      29 210
17  84  70  77   9   0  12 0.04  0.0    0 14.9 28 160   M    M   6 1      38 150
18  83  68  76   8   0  11 1.52  0.0    0  6.1 18 210   M    M   5 1      22 210
19  86  70  78  10   0  13 0.13  0.0    0  5.0 15 290   M    M   4 1      20 260
20  79  66  73   4   0   8 0.67  0.0    0  7.9 28 260   M    M   4 1      37 290
21  76  57  67  -2   0   2 0.00  0.0    0  7.8 17 300   M    M   1        21 300
22  77  54  66  -3   0   1 0.00  0.0    0  2.4 10 130   M    M   0        12 130
23  74  57  66  -4   0   1 0.31  0.0    0  3.3 23 330   M    M   6 1      28 330
24  69  54  62  -8   3   0    T  0.0    0  8.5 18 320   M    M   4        26 320
25  76  51  64  -6   1   0 0.00  0.0    0  6.2 14 210   M    M   1        20 210
26  78  59  69  -2   0   4 0.01  0.0    0  7.1 24 210   M    M   5 1      34 210
27  86  63  75   4   0  10 1.10  0.0    0  8.1 39 300   M    M   6 18     70 280
================================================================================
SM 2072 1526        49 102  5.84     0.0 213.4          M       81
================================================================================
AV 76.7 56.5                               7.9 FASTST   M    M   3    MAX(MPH)
                                 MISC ---->  # 39 300               # 70  280
================================================================================
NOTES:
# LAST OF SEVERAL OCCURRENCES

COLUMN 17 PEAK WIND IN M.P.H.

PRELIMINARY LOCAL CLIMATOLOGICAL DATA (WS FORM: F-6) , PAGE 2

                                          STATION:  POPLAR BLUFF MO
                                          MONTH:    MAY
                                          YEAR:     2017
                                          LATITUDE:   36 46 N
                                          LONGITUDE:  90 19 W

[TEMPERATURE DATA]      [PRECIPITATION DATA]       SYMBOLS USED IN COLUMN 16

AVERAGE MONTHLY: 66.6   TOTAL FOR MONTH:   5.84    1 = FOG OR MIST
DPTR FM NORMAL:  -0.4   DPTR FM NORMAL:    2.11    2 = FOG REDUCING VISIBILITY
HIGHEST:    86 ON 27,19 GRTST 24HR  2.54 ON 30- 1      TO 1/4 MILE OR LESS
LOWEST:     47 ON  7, 6                            3 = THUNDER
                        SNOW, ICE PELLETS, HAIL    4 = ICE PELLETS
                        TOTAL MONTH:   0.0 INCH    5 = HAIL
                        GRTST 24HR     0.0         6 = FREEZING RAIN OR DRIZZLE
                        GRTST DEPTH:   0           7 = DUSTSTORM OR SANDSTORM:
                                                       VSBY 1/2 MILE OR LESS
                                                   8 = SMOKE OR HAZE
[NO. OF DAYS WITH]      [WEATHER - DAYS WITH]      9 = BLOWING SNOW
                                                   X = TORNADO
MAX 32 OR BELOW:   0    0.01 INCH OR MORE:  11
MAX 90 OR ABOVE:   0    0.10 INCH OR MORE:   9
MIN 32 OR BELOW:   0    0.50 INCH OR MORE:   5
MIN  0 OR BELOW:   0    1.00 INCH OR MORE:   3

[HDD (BASE 65) ]
TOTAL THIS MO.    49    CLEAR  (SCALE 0-3)  14
DPTR FM NORMAL    -1    PTCLDY (SCALE 4-7)  12
TOTAL FM JUL 1  2986    CLOUDY (SCALE 8-10)  1
DPTR FM NORMAL -1086

[CDD (BASE 65) ]
TOTAL THIS MO.   102
DPTR FM NORMAL    -4    [PRESSURE DATA]
TOTAL FM JAN 1   157    HIGHEST SLP M ON M
DPTR FM NORMAL    21    LOWEST  SLP 29.48 ON 24

[REMARKS]
