000
CXUS55 KPAH 200628
CF6POF
PRELIMINARY LOCAL CLIMATOLOGICAL DATA (WS FORM: F-6)

                                          STATION:   POPLAR BLUFF MO
                                          MONTH:     FEBRUARY
                                          YEAR:      2017
                                          LATITUDE:   36 46 N
                                          LONGITUDE:  90 19 W

  TEMPERATURE IN F:       :PCPN:    SNOW:  WIND      :SUNSHINE: SKY     :PK WND
================================================================================
1   2   3   4   5  6A  6B    7    8   9   10  11  12  13   14  15   16   17  18
                                     12Z  AVG MX 2MIN
DY MAX MIN AVG DEP HDD CDD  WTR  SNW DPTH SPD SPD DIR MIN PSBL S-S WX    SPD DR
================================================================================

 1  55  40  48  11  17   0 0.00  0.0    0 10.9 17  20   M    M   0        23  20
 2  40  33  37   0  28   0 0.00  0.0    0 10.0 20  10   M    M   8        24  10
 3  42  24  33  -4  32   0 0.00  0.0    0  7.9 18  10   M    M   4        20  10
 4  40  19  30  -7  35   0 0.00  0.0    0  7.1 15 200   M    M   5        22 210
 5  58  28  43   6  22   0 0.00  0.0    0  3.6 10 220   M    M   0 1      17 150
 6  65  34  50  12  15   0 0.02    M    0  6.6 20 200   M    M   9 12     27 200
 7  78  50  64  26   1   0 0.45  0.0    0 11.8 26 270   M    M   4 1      37 270
 8  52  31  42   4  23   0 0.00  0.0    0 13.5 25 350   M    M   6 18     30 350
 9  38  24  31  -7  34   0 0.00  0.0    0  7.2 16 350   M    M   1        21 350
10  61  26  44   6  21   0 0.00  0.0    0 11.3 29 210   M    M   0        35 220
11  75  51  63  24   2   0 0.00  0.0    0 11.0 23 210   M    M   6        29 210
12  65  38  52  13  13   0 0.00  0.0    0 13.2 26  20   M    M   1 1      32  10
13  49  29  39   0  26   0 0.00  0.0    0  3.3 10  50   M    M   2        17  40
14  47  38  43   3  22   0 0.58    M    0  2.5  9 320   M    M  10 1      17 200
15  53  31  42   2  23   0 0.00  0.0    0  7.1 18 360   M    M   2        24  10
16  60  29  45   5  20   0 0.00  0.0    0  7.8 21 200   M    M   0 1      27 210
17  68  34  51  11  14   0 0.00  0.0    0  7.5 20 210   M    M   0 8      24 210
18  55  48  52  11  13   0 0.46    M    0  2.6 12 230   M    M  10 12     14 220
19  68  44  56  15   9   0 0.00  0.0    0  1.9  9  80   M    M   6 12     17 100
================================================================================
SM 1069  651       370   0  1.51     0.0 146.8          M       74
================================================================================
AV 56.3 34.3                               7.7 FASTST   M    M   4    MAX(MPH)
                                 MISC ---->  # 29 210               # 37  270
================================================================================
NOTES:
# LAST OF SEVERAL OCCURRENCES

COLUMN 17 PEAK WIND IN M.P.H.

PRELIMINARY LOCAL CLIMATOLOGICAL DATA (WS FORM: F-6) , PAGE 2

                                          STATION:  POPLAR BLUFF MO
                                          MONTH:    FEBRUARY
                                          YEAR:     2017
                                          LATITUDE:   36 46 N
                                          LONGITUDE:  90 19 W

[TEMPERATURE DATA]      [PRECIPITATION DATA]       SYMBOLS USED IN COLUMN 16

AVERAGE MONTHLY: 45.3   TOTAL FOR MONTH:   1.51    1 = FOG OR MIST
DPTR FM NORMAL:   6.6   DPTR FM NORMAL:   -0.76    2 = FOG REDUCING VISIBILITY
HIGHEST:    78 ON  7    GRTST 24HR  0.58 ON 14-14      TO 1/4 MILE OR LESS
LOWEST:     19 ON  4                               3 = THUNDER
                        SNOW, ICE PELLETS, HAIL    4 = ICE PELLETS
                        TOTAL MONTH:   0.0 INCH    5 = HAIL
                        GRTST 24HR     0.0         6 = FREEZING RAIN OR DRIZZLE
                        GRTST DEPTH:   0           7 = DUSTSTORM OR SANDSTORM:
                                                       VSBY 1/2 MILE OR LESS
                                                   8 = SMOKE OR HAZE
[NO. OF DAYS WITH]      [WEATHER - DAYS WITH]      9 = BLOWING SNOW
                                                   X = TORNADO
MAX 32 OR BELOW:   0    0.01 INCH OR MORE:   4
MAX 90 OR ABOVE:   0    0.10 INCH OR MORE:   3
MIN 32 OR BELOW:   9    0.50 INCH OR MORE:   1
MIN  0 OR BELOW:   0    1.00 INCH OR MORE:   0

[HDD (BASE 65) ]
TOTAL THIS MO.   370    CLEAR  (SCALE 0-3)   9
DPTR FM NORMAL  -130    PTCLDY (SCALE 4-7)   6
TOTAL FM JUL 1  2303    CLOUDY (SCALE 8-10)  4
DPTR FM NORMAL  -760

[CDD (BASE 65) ]
TOTAL THIS MO.     0
DPTR FM NORMAL     0    [PRESSURE DATA]
TOTAL FM JAN 1     0    HIGHEST SLP M ON M
DPTR FM NORMAL     0    LOWEST  SLP 29.51 ON  7

[REMARKS]
